{"id":108921,"date":"2025-04-01T16:26:21","date_gmt":"2025-04-01T13:26:21","guid":{"rendered":"https:\/\/web-support.eu\/web2print\/product\/thc-bern-polo-maneca-lunga-barbati\/"},"modified":"2026-05-06T16:57:02","modified_gmt":"2026-05-06T13:57:02","slug":"thc-bern-polo-maneca-lunga-barbati","status":"publish","type":"product","link":"https:\/\/web2print.ro\/shop\/thc-bern-polo-maneca-lunga-barbati\/","title":{"rendered":"THC BERN. Polo m\u00e2nec\u0103 lung\u0103 b\u0103rba\u021bi personalizat"},"content":{"rendered":"<p>Polo pentru b\u0103rba\u021bi cu maneca lunga din 100% bumbac pique (210 g\/m\u00b2). Culoarea 183: 85% bumbac\/15% viscoz\u0103. Guler \u0219i man\u0219ete striate, fenta cu 3 nasturi. Slituri laterale la terminatie. Nasture suplimentar pe cus\u0103tura interioar\u0103. Etichet\u0103 vizibil\u0103 deta\u0219abil\u0103. Marimi: S, M, L, XL, XXL<\/p>\n<table>\n<tr>\n<td><strong>Exterior cutie (m):<\/strong><\/td>\n<td>0.550X0.320X0.400<\/td>\n<\/tr>\n<tr>\n<td><strong>Greutate cutie (Kg.):<\/strong><\/td>\n<td>18<\/td>\n<\/tr>\n<tr>\n<td><strong>Exterior cutie (Pc.):<\/strong><\/td>\n<td>50<\/td>\n<\/tr>\n<tr>\n<td><strong>Interior cutie (Pc.):<\/strong><\/td>\n<td>5<\/td>\n<\/tr>\n<tr>\n<td><strong>Taric:<\/strong><\/td>\n<td>6110209100<\/td>\n<\/tr>\n<tr>\n<td><strong>\u021aara de origine:<\/strong><\/td>\n<td>Bangladesh<\/td>\n<\/tr>\n<tr>\n<td><strong>Ambalare individual\u0103:<\/strong><\/td>\n<td>Polybag<\/td>\n<\/tr>\n<tr>\n<td><strong>Ambalarea dup\u0103 imprimare:<\/strong><\/td>\n<td>Fara polybag<\/td>\n<\/tr>\n<tr>\n<td><strong>Certificate:<\/strong><\/td>\n<td>REACH, OEKO-TEX<\/td>\n<\/tr>\n<\/table>\n","protected":false},"excerpt":{"rendered":"<p>Polo pentru b\u0103rba\u021bi cu maneca lunga din 100% bumbac pique (210 g\/m\u00b2). Culoarea 183: 85% bumbac\/15% viscoz\u0103. Guler \u0219i man\u0219ete striate, fenta cu 3 nasturi. Slituri laterale la terminatie. Nasture suplimentar pe cus\u0103tura interioar\u0103. Etichet\u0103 vizibil\u0103 deta\u0219abil\u0103<\/p>\n","protected":false},"featured_media":466815,"comment_status":"closed","ping_status":"closed","template":"","meta":{"_joinchat":[]},"product_brand":[2753],"product_cat":[2650],"product_tag":[],"class_list":{"0":"post-108921","1":"product","2":"type-product","3":"status-publish","4":"has-post-thumbnail","6":"product_brand-hidea-ro","7":"product_cat-textile","8":"pa_culoare-albastru","9":"pa_culoare-albastru-royal","10":"pa_culoare-burgundia","11":"pa_culoare-eclipse-albastru","12":"pa_culoare-gri","13":"pa_culoare-gri-melange-deschis","14":"pa_culoare-maro-deschis","15":"pa_culoare-negru","16":"pa_culoare-portocaliu","17":"pa_culoare-rosu","18":"pa_culoare-verde-deschis","19":"pa_marime-l","20":"pa_marime-m","21":"pa_marime-s","22":"pa_marime-xl","23":"pa_marime-xxl","24":"pa_size-l-2","25":"pa_size-m-2","26":"pa_size-s-2","27":"pa_size-xl-2","28":"pa_size-xxl-2","30":"first","31":"instock","32":"purchasable","33":"product-type-variable"},"_links":{"self":[{"href":"https:\/\/web2print.ro\/shop\/wp-json\/wp\/v2\/product\/108921","targetHints":{"allow":["GET"]}}],"collection":[{"href":"https:\/\/web2print.ro\/shop\/wp-json\/wp\/v2\/product"}],"about":[{"href":"https:\/\/web2print.ro\/shop\/wp-json\/wp\/v2\/types\/product"}],"replies":[{"embeddable":true,"href":"https:\/\/web2print.ro\/shop\/wp-json\/wp\/v2\/comments?post=108921"}],"wp:featuredmedia":[{"embeddable":true,"href":"https:\/\/web2print.ro\/shop\/wp-json\/wp\/v2\/media\/466815"}],"wp:attachment":[{"href":"https:\/\/web2print.ro\/shop\/wp-json\/wp\/v2\/media?parent=108921"}],"wp:term":[{"taxonomy":"product_brand","embeddable":true,"href":"https:\/\/web2print.ro\/shop\/wp-json\/wp\/v2\/product_brand?post=108921"},{"taxonomy":"product_cat","embeddable":true,"href":"https:\/\/web2print.ro\/shop\/wp-json\/wp\/v2\/product_cat?post=108921"},{"taxonomy":"product_tag","embeddable":true,"href":"https:\/\/web2print.ro\/shop\/wp-json\/wp\/v2\/product_tag?post=108921"}],"curies":[{"name":"wp","href":"https:\/\/api.w.org\/{rel}","templated":true}]}}