{"id":110856,"date":"2025-04-01T16:33:48","date_gmt":"2025-04-01T13:33:48","guid":{"rendered":"https:\/\/web-support.eu\/web2print\/product\/thc-helsinki-women-wh-jacheta-polara-pentru-dame\/"},"modified":"2025-12-10T10:23:43","modified_gmt":"2025-12-10T08:23:43","slug":"thc-helsinki-women-wh-jacheta-polara-pentru-dame","status":"publish","type":"product","link":"https:\/\/web2print.ro\/shop\/thc-helsinki-women-wh-jacheta-polara-pentru-dame\/","title":{"rendered":"THC HELSINKI WOMEN WH. Jacheta polara pentru dame personalizat\u0103"},"content":{"rendered":"<p>Jacheta de fleece pentru dame cu fermoar. 100% poliester (260 g\/m\u00b2). Fermoar colorat. Buzunare laterale. Band\u0103 elastic\u0103 pe m\u00e2neci. Marimi: S, M, L, XL, XXL<\/p>\n<table>\n<tr>\n<td><strong>Exterior cutie (m):<\/strong><\/td>\n<td>0.560X0.390X0.370<\/td>\n<\/tr>\n<tr>\n<td><strong>Greutate cutie (Kg.):<\/strong><\/td>\n<td>9<\/td>\n<\/tr>\n<tr>\n<td><strong>Exterior cutie (Pc.):<\/strong><\/td>\n<td>20<\/td>\n<\/tr>\n<tr>\n<td><strong>Interior cutie (Pc.):<\/strong><\/td>\n<td>1<\/td>\n<\/tr>\n<tr>\n<td><strong>Taric:<\/strong><\/td>\n<td>6104330000<\/td>\n<\/tr>\n<tr>\n<td><strong>\u021aara de origine:<\/strong><\/td>\n<td>Honduras<\/td>\n<\/tr>\n<\/table>\n","protected":false},"excerpt":{"rendered":"<p>Jacheta de fleece pentru dame cu fermoar. 100% poliester (260 g\/m\u00b2). Fermoar colorat. Buzunare laterale. Band\u0103 elastic\u0103 pe m\u00e2neci<\/p>\n","protected":false},"featured_media":466222,"comment_status":"closed","ping_status":"closed","template":"","meta":{"_joinchat":[]},"product_brand":[2753],"product_cat":[2650],"product_tag":[],"class_list":{"0":"post-110856","1":"product","2":"type-product","3":"status-publish","4":"has-post-thumbnail","6":"product_brand-hidea-ro","7":"product_cat-textile","8":"pa_culoare-alb","9":"pa_marime-s","10":"pa_marime-xl","11":"pa_size-s-2","12":"pa_size-xl-2","14":"first","15":"instock","16":"purchasable","17":"product-type-variable"},"_links":{"self":[{"href":"https:\/\/web2print.ro\/shop\/wp-json\/wp\/v2\/product\/110856","targetHints":{"allow":["GET"]}}],"collection":[{"href":"https:\/\/web2print.ro\/shop\/wp-json\/wp\/v2\/product"}],"about":[{"href":"https:\/\/web2print.ro\/shop\/wp-json\/wp\/v2\/types\/product"}],"replies":[{"embeddable":true,"href":"https:\/\/web2print.ro\/shop\/wp-json\/wp\/v2\/comments?post=110856"}],"wp:featuredmedia":[{"embeddable":true,"href":"https:\/\/web2print.ro\/shop\/wp-json\/wp\/v2\/media\/466222"}],"wp:attachment":[{"href":"https:\/\/web2print.ro\/shop\/wp-json\/wp\/v2\/media?parent=110856"}],"wp:term":[{"taxonomy":"product_brand","embeddable":true,"href":"https:\/\/web2print.ro\/shop\/wp-json\/wp\/v2\/product_brand?post=110856"},{"taxonomy":"product_cat","embeddable":true,"href":"https:\/\/web2print.ro\/shop\/wp-json\/wp\/v2\/product_cat?post=110856"},{"taxonomy":"product_tag","embeddable":true,"href":"https:\/\/web2print.ro\/shop\/wp-json\/wp\/v2\/product_tag?post=110856"}],"curies":[{"name":"wp","href":"https:\/\/api.w.org\/{rel}","templated":true}]}}