{"id":111049,"date":"2025-06-10T15:22:30","date_gmt":"2025-06-10T12:22:30","guid":{"rendered":"https:\/\/web-support.eu\/web2print\/product\/thc-amsterdam-wh-hanorac-cu-gluga-pentru-barbati\/"},"modified":"2026-05-06T17:57:02","modified_gmt":"2026-05-06T14:57:02","slug":"thc-amsterdam-wh-hanorac-cu-gluga-pentru-barbati","status":"publish","type":"product","link":"https:\/\/web2print.ro\/shop\/thc-amsterdam-wh-hanorac-cu-gluga-pentru-barbati\/","title":{"rendered":"THC AMSTERDAM WH. Hanorac cu glug\u0103 pentru b\u0103rba\u021bi personalizat"},"content":{"rendered":"<p>Hanorac b\u0103rb\u0103tesc<br \/>\nAcest hanorac pentru b\u0103rba\u021bi este confec\u021bionat dintr-un amestec de 50% bumbac \u0219i 50% poliester, av\u00e2nd o greutate de 320 g\/m\u00b2, \u0219i este piept\u0103nat la interior pentru un plus de confort.<\/p>\n<p>Gluga este c\u0103ptu\u0219it\u0103 \u0219i are un \u0219nur de \u00eenchidere asortat cromatic. \u00cen partea frontal\u0103, hanoracul dispune de dou\u0103 buzunare marsupiale cu \u00eenchidere acoperit\u0103 din plastic. Man\u0219etele \u0219i talia sunt prev\u0103zute cu band\u0103 elastic\u0103 tip rib.<\/p>\n<p>Disponibil \u00een m\u0103rimile: S, M, L, XL, XXL.<\/p>\n<table>\n<tr>\n<td><strong>Exterior box (m):<\/strong><\/td>\n<td>0.590X0.430X0.370<\/td>\n<\/tr>\n<tr>\n<td><strong>Box weight (Kg.):<\/strong><\/td>\n<td>15<\/td>\n<\/tr>\n<tr>\n<td><strong>Exterior box (Pc.):<\/strong><\/td>\n<td>20<\/td>\n<\/tr>\n<tr>\n<td><strong>Interior box (Pc.):<\/strong><\/td>\n<td>1<\/td>\n<\/tr>\n<tr>\n<td><strong>Taric:<\/strong><\/td>\n<td>6110199090<\/td>\n<\/tr>\n<tr>\n<td><strong>Country of Origin:<\/strong><\/td>\n<td>Bangladesh<\/td>\n<\/tr>\n<tr>\n<td><strong>Certificates:<\/strong><\/td>\n<td>REACH, OEKO-TEX<\/td>\n<\/tr>\n<\/table>\n","protected":false},"excerpt":{"rendered":"<p>Hanorac pentru b\u0103rba\u021bi 50% bumbac \u0219i 50% poliester (320 g\/m\u00b2) cu interior cardat. Gluga este c\u0103ptu\u0219it\u0103 \u0219i con\u021bine \u00eenchidere cu cordon de culoare. Zona frontal\u0103 are dou\u0103 buzunare marsupiale cu capac de \u00eenchidere din plastic. Man\u0219ete \u0219i talie cu tiv<\/p>\n","protected":false},"featured_media":34268,"comment_status":"closed","ping_status":"open","template":"","meta":{"_joinchat":[]},"product_brand":[2753],"product_cat":[2650],"product_tag":[],"class_list":{"0":"post-111049","1":"product","2":"type-product","3":"status-publish","4":"has-post-thumbnail","6":"product_brand-hidea-ro","7":"product_cat-textile","8":"pa_size-l-2","9":"pa_size-m-2","10":"pa_size-s-2","11":"pa_size-xl-2","12":"pa_size-xxl-2","14":"first","15":"instock","16":"taxable","17":"shipping-taxable","18":"product-type-variable"},"_links":{"self":[{"href":"https:\/\/web2print.ro\/shop\/wp-json\/wp\/v2\/product\/111049","targetHints":{"allow":["GET"]}}],"collection":[{"href":"https:\/\/web2print.ro\/shop\/wp-json\/wp\/v2\/product"}],"about":[{"href":"https:\/\/web2print.ro\/shop\/wp-json\/wp\/v2\/types\/product"}],"replies":[{"embeddable":true,"href":"https:\/\/web2print.ro\/shop\/wp-json\/wp\/v2\/comments?post=111049"}],"wp:featuredmedia":[{"embeddable":true,"href":"https:\/\/web2print.ro\/shop\/wp-json\/wp\/v2\/media\/34268"}],"wp:attachment":[{"href":"https:\/\/web2print.ro\/shop\/wp-json\/wp\/v2\/media?parent=111049"}],"wp:term":[{"taxonomy":"product_brand","embeddable":true,"href":"https:\/\/web2print.ro\/shop\/wp-json\/wp\/v2\/product_brand?post=111049"},{"taxonomy":"product_cat","embeddable":true,"href":"https:\/\/web2print.ro\/shop\/wp-json\/wp\/v2\/product_cat?post=111049"},{"taxonomy":"product_tag","embeddable":true,"href":"https:\/\/web2print.ro\/shop\/wp-json\/wp\/v2\/product_tag?post=111049"}],"curies":[{"name":"wp","href":"https:\/\/api.w.org\/{rel}","templated":true}]}}