{"id":112095,"date":"2025-06-10T15:21:25","date_gmt":"2025-06-10T12:21:25","guid":{"rendered":"https:\/\/web-support.eu\/web2print\/product\/thc-sofia-regular-wh-tricoul-cu-croiala-normala-pentru-femei\/"},"modified":"2026-05-06T19:31:02","modified_gmt":"2026-05-06T16:31:02","slug":"thc-sofia-regular-wh-tricoul-cu-croiala-normala-pentru-femei","status":"publish","type":"product","link":"https:\/\/web2print.ro\/shop\/thc-sofia-regular-wh-tricoul-cu-croiala-normala-pentru-femei\/","title":{"rendered":"THC SOFIA REGULAR WH. Tricoul cu croial\u0103 normal\u0103 pentru femei personalizat"},"content":{"rendered":"<p>Tricou de dam\u0103 cu croial\u0103 regular\u0103 (150 g\/m\u00b2), cu tratament enzimatic, din \u021bes\u0103tur\u0103 jersey (100% bumbac ob\u021binut prin practici agricole sustenabile).<\/p>\n<p>Acesta are un guler sub\u021bire dublu din jersey, cu o band\u0103 de \u00eent\u0103rire din satin. Este croit \u0219i cusut cu cus\u0103turi duble la m\u00e2neci \u0219i la baza articolului.<\/p>\n<p>M\u0103rimi disponibile: XS, S, M, L, XL, XXL.<\/p>\n<table>\n<tbody>\n<tr>\n<td><strong>Exterior box (m):<\/strong><\/td>\n<td>0.510X0.320X0.300<\/td>\n<\/tr>\n<tr>\n<td><strong>Box weight (Kg.):<\/strong><\/td>\n<td>11.7<\/td>\n<\/tr>\n<tr>\n<td><strong>Exterior box (Pc.):<\/strong><\/td>\n<td>100<\/td>\n<\/tr>\n<tr>\n<td><strong>Interior box (Pc.):<\/strong><\/td>\n<td>10<\/td>\n<\/tr>\n<tr>\n<td><strong>Taric:<\/strong><\/td>\n<td>6109100010<\/td>\n<\/tr>\n<tr>\n<td><strong>Country of Origin:<\/strong><\/td>\n<td>Bangladesh<\/td>\n<\/tr>\n<tr>\n<td><strong>Certificates:<\/strong><\/td>\n<td>OEKO-TEX<\/td>\n<\/tr>\n<\/tbody>\n<\/table>\n","protected":false},"excerpt":{"rendered":"<p>Tricou pentru femei cu croial\u0103 regulat\u0103 (150 g\/m\u00b2) cu tratament enzimatic \u00een \u021bes\u0103tur\u0103 jersey (100% bumbac provenit din practici agricole durabile). Are un guler dublu sub\u021bire din jerseu cu o panglic\u0103 de \u00eent\u0103rire din satin. T\u0103iat \u0219i cusut cu cus\u0103turi duble pe m\u00e2neci \u0219i \u00een partea de jos<\/p>\n","protected":false},"featured_media":461827,"comment_status":"closed","ping_status":"closed","template":"","meta":{"_joinchat":[]},"product_brand":[2753],"product_cat":[2650],"product_tag":[],"class_list":{"0":"post-112095","1":"product","2":"type-product","3":"status-publish","4":"has-post-thumbnail","6":"product_brand-hidea-ro","7":"product_cat-textile","8":"pa_size-l-2","9":"pa_size-m-2","10":"pa_size-s-2","11":"pa_size-xl-2","12":"pa_size-xs-2","13":"pa_size-xxl-2","15":"first","16":"instock","17":"taxable","18":"shipping-taxable","19":"purchasable","20":"product-type-variable"},"_links":{"self":[{"href":"https:\/\/web2print.ro\/shop\/wp-json\/wp\/v2\/product\/112095","targetHints":{"allow":["GET"]}}],"collection":[{"href":"https:\/\/web2print.ro\/shop\/wp-json\/wp\/v2\/product"}],"about":[{"href":"https:\/\/web2print.ro\/shop\/wp-json\/wp\/v2\/types\/product"}],"replies":[{"embeddable":true,"href":"https:\/\/web2print.ro\/shop\/wp-json\/wp\/v2\/comments?post=112095"}],"wp:featuredmedia":[{"embeddable":true,"href":"https:\/\/web2print.ro\/shop\/wp-json\/wp\/v2\/media\/461827"}],"wp:attachment":[{"href":"https:\/\/web2print.ro\/shop\/wp-json\/wp\/v2\/media?parent=112095"}],"wp:term":[{"taxonomy":"product_brand","embeddable":true,"href":"https:\/\/web2print.ro\/shop\/wp-json\/wp\/v2\/product_brand?post=112095"},{"taxonomy":"product_cat","embeddable":true,"href":"https:\/\/web2print.ro\/shop\/wp-json\/wp\/v2\/product_cat?post=112095"},{"taxonomy":"product_tag","embeddable":true,"href":"https:\/\/web2print.ro\/shop\/wp-json\/wp\/v2\/product_tag?post=112095"}],"curies":[{"name":"wp","href":"https:\/\/api.w.org\/{rel}","templated":true}]}}