{"id":112157,"date":"2025-06-10T15:21:07","date_gmt":"2025-06-10T12:21:07","guid":{"rendered":"https:\/\/web-support.eu\/web2print\/product\/bistro-bread-s-cutie-pentru-paine\/"},"modified":"2025-12-10T10:39:27","modified_gmt":"2025-12-10T08:39:27","slug":"bistro-bread-s-cutie-pentru-paine","status":"publish","type":"product","link":"https:\/\/web2print.ro\/shop\/bistro-bread-s-cutie-pentru-paine\/","title":{"rendered":"BISTRO BREAD S. Cutie pentru p\u00e2ine personalizat\u0103"},"content":{"rendered":"<p>Cutie de p\u00e2ine cu capac din bambus. Capacul are caneluri pentru a prinde firimiturile \u0219i poate servi, de asemenea, ca toc\u0103tor sau tav\u0103 de servire pentru p\u00e2ine. Cutia de p\u00e2ine Bistro este o pies\u0103 versatil\u0103 \u0219i elegant\u0103, care ofer\u0103 o solu\u021bie practic\u0103 pentru depozitarea p\u00e2inii \u0219i a altor alimente. Doar cutia este sigur\u0103 pentru ma\u0219ina de sp\u0103lat vase. M\u0103rimea S. Livrat\u0103 \u00eentr-un ambalaj tip m\u00e2nec\u0103 din carton de cadou. Dimensiuni: 294 x 107 x 194 mm.<\/p>\n<table>\n<tr>\n<td><strong>Exterior box (m):<\/strong><\/td>\n<td>0.305X0.228X0.408<\/td>\n<\/tr>\n<tr>\n<td><strong>Box weight (Kg.):<\/strong><\/td>\n<td>4.26<\/td>\n<\/tr>\n<tr>\n<td><strong>Exterior box (Pc.):<\/strong><\/td>\n<td>4<\/td>\n<\/tr>\n<tr>\n<td><strong>Interior box (Pc.):<\/strong><\/td>\n<td>1<\/td>\n<\/tr>\n<tr>\n<td><strong>Taric:<\/strong><\/td>\n<td>3924100090<\/td>\n<\/tr>\n<tr>\n<td><strong>Country of Origin:<\/strong><\/td>\n<td>Portugal<\/td>\n<\/tr>\n<tr>\n<td><strong>Certificates:<\/strong><\/td>\n<td>DOC<\/td>\n<\/tr>\n<\/table>\n","protected":false},"excerpt":{"rendered":"<p>Cutie de p\u00e2ine realizat\u0103, cu capac din bambus. Capacul are caneluri pentru a prinde firimiturile \u0219i poate servi \u0219i ca plac\u0103 de t\u0103iat sau tav\u0103 de servire pentru p\u00e2ine. Cutia de p\u00e2ine Bistro este o pies\u0103 versatil\u0103 \u0219i elegant\u0103, care ofer\u0103 o solu\u021bie practic\u0103 pentru depozitarea p\u00e2inii \u0219i a altor alimente. Doar cutia poate fi sp\u0103lat\u0103 \u00een ma\u0219ina de sp\u0103lat vase. M\u0103rimea S. Se livreaz\u0103 \u00eentr-o hus\u0103 de carton cadou<\/p>\n","protected":false},"featured_media":37122,"comment_status":"closed","ping_status":"open","template":"","meta":{"_joinchat":[]},"product_brand":[2757],"product_cat":[670],"product_tag":[],"class_list":{"0":"post-112157","1":"product","2":"type-product","3":"status-publish","4":"has-post-thumbnail","6":"product_brand-bodum-ro","7":"product_cat-sticle-de-sport","9":"first","10":"instock","11":"taxable","12":"shipping-taxable","13":"purchasable","14":"product-type-variable"},"_links":{"self":[{"href":"https:\/\/web2print.ro\/shop\/wp-json\/wp\/v2\/product\/112157","targetHints":{"allow":["GET"]}}],"collection":[{"href":"https:\/\/web2print.ro\/shop\/wp-json\/wp\/v2\/product"}],"about":[{"href":"https:\/\/web2print.ro\/shop\/wp-json\/wp\/v2\/types\/product"}],"replies":[{"embeddable":true,"href":"https:\/\/web2print.ro\/shop\/wp-json\/wp\/v2\/comments?post=112157"}],"wp:featuredmedia":[{"embeddable":true,"href":"https:\/\/web2print.ro\/shop\/wp-json\/wp\/v2\/media\/37122"}],"wp:attachment":[{"href":"https:\/\/web2print.ro\/shop\/wp-json\/wp\/v2\/media?parent=112157"}],"wp:term":[{"taxonomy":"product_brand","embeddable":true,"href":"https:\/\/web2print.ro\/shop\/wp-json\/wp\/v2\/product_brand?post=112157"},{"taxonomy":"product_cat","embeddable":true,"href":"https:\/\/web2print.ro\/shop\/wp-json\/wp\/v2\/product_cat?post=112157"},{"taxonomy":"product_tag","embeddable":true,"href":"https:\/\/web2print.ro\/shop\/wp-json\/wp\/v2\/product_tag?post=112157"}],"curies":[{"name":"wp","href":"https:\/\/api.w.org\/{rel}","templated":true}]}}