{"id":112164,"date":"2025-06-10T15:21:10","date_gmt":"2025-06-10T12:21:10","guid":{"rendered":"https:\/\/web-support.eu\/web2print\/product\/melior-steel-sticla-de-apa-cu-perete-dublu-500ml\/"},"modified":"2025-12-10T10:40:38","modified_gmt":"2025-12-10T08:40:38","slug":"melior-steel-sticla-de-apa-cu-perete-dublu-500ml","status":"publish","type":"product","link":"https:\/\/web2print.ro\/shop\/melior-steel-sticla-de-apa-cu-perete-dublu-500ml\/","title":{"rendered":"MELIOR STEEL. Sticl\u0103 de ap\u0103 cu perete dublu 500ml personalizat\u0103"},"content":{"rendered":"<p>Sticl\u0103 de ap\u0103 cu perete dublu. Corpul este fabricat din o\u021bel inoxidabil, care nu se va p\u0103ta \u0219i nu va l\u0103sa gust. Capacul cu filet este etan\u0219 \u0219i este ranforsat cu fibr\u0103 de sticl\u0103 \u0219i o garnitur\u0103 de silicon.<\/p>\n<p>Dispune de o curea de silicon ata\u0219at\u0103 la capac pentru un transport facil. Melior este o modalitate excelent\u0103 de a elimina de\u0219eurile asociate cu sticlele de unic\u0103 folosin\u021b\u0103, iar dac\u0103 va fi vreodat\u0103 necesar\u0103 \u00eenlocuirea, este complet reciclabil\u0103.<\/p>\n<p>Este potrivit\u0103 pentru ma\u0219ina de sp\u0103lat vase. Are o capacitate de p\u00e2n\u0103 la 500 ml.<\/p>\n<p>Dimensiuni: 70 x 270 x 70 mm.<\/p>\n<table>\n<tr>\n<td><strong>Exterior box (m):<\/strong><\/td>\n<td>0.160X0.305X0.235<\/td>\n<\/tr>\n<tr>\n<td><strong>Box weight (Kg.):<\/strong><\/td>\n<td>3.216<\/td>\n<\/tr>\n<tr>\n<td><strong>Exterior box (Pc.):<\/strong><\/td>\n<td>8<\/td>\n<\/tr>\n<tr>\n<td><strong>Interior box (Pc.):<\/strong><\/td>\n<td>1<\/td>\n<\/tr>\n<tr>\n<td><strong>Taric:<\/strong><\/td>\n<td>9617000000<\/td>\n<\/tr>\n<tr>\n<td><strong>Country of Origin:<\/strong><\/td>\n<td>China<\/td>\n<\/tr>\n<tr>\n<td><strong>Certificates:<\/strong><\/td>\n<td>DOC<\/td>\n<\/tr>\n<\/table>\n","protected":false},"excerpt":{"rendered":"<p>Sticl\u0103 de ap\u0103 cu perete dublu. Corpul este fabricat din o\u021bel inoxidabil care nu p\u0103teaz\u0103 \u0219i nu las\u0103 niciun gust. Capacul cu \u0219urub este rezistent la scurgeri \u0219i este \u00eent\u0103rit cu fibr\u0103 de sticl\u0103 \u0219i garnitur\u0103 de silicon. Are o curea din silicon ata\u0219at\u0103 la capac pentru a fi transportat\u0103 cu u\u0219urin\u021b\u0103. Melior este o modalitate excelent\u0103 de a elimina de\u0219eurile asociate cu sticlele de unic\u0103 folosin\u021b\u0103, iar dac\u0103 va trebui vreodat\u0103 \u00eenlocuit, este complet reciclabil. Poate fi folosit \u00een ma\u0219ina de sp\u0103lat vase. Are o capacitate de p\u00e2n\u0103 la 500 ml<\/p>\n","protected":false},"featured_media":37222,"comment_status":"closed","ping_status":"open","template":"","meta":{"_joinchat":[]},"product_brand":[2757],"product_cat":[670],"product_tag":[],"class_list":{"0":"post-112164","1":"product","2":"type-product","3":"status-publish","4":"has-post-thumbnail","6":"product_brand-bodum-ro","7":"product_cat-sticle-de-sport","9":"first","10":"instock","11":"taxable","12":"shipping-taxable","13":"purchasable","14":"product-type-variable"},"_links":{"self":[{"href":"https:\/\/web2print.ro\/shop\/wp-json\/wp\/v2\/product\/112164","targetHints":{"allow":["GET"]}}],"collection":[{"href":"https:\/\/web2print.ro\/shop\/wp-json\/wp\/v2\/product"}],"about":[{"href":"https:\/\/web2print.ro\/shop\/wp-json\/wp\/v2\/types\/product"}],"replies":[{"embeddable":true,"href":"https:\/\/web2print.ro\/shop\/wp-json\/wp\/v2\/comments?post=112164"}],"wp:featuredmedia":[{"embeddable":true,"href":"https:\/\/web2print.ro\/shop\/wp-json\/wp\/v2\/media\/37222"}],"wp:attachment":[{"href":"https:\/\/web2print.ro\/shop\/wp-json\/wp\/v2\/media?parent=112164"}],"wp:term":[{"taxonomy":"product_brand","embeddable":true,"href":"https:\/\/web2print.ro\/shop\/wp-json\/wp\/v2\/product_brand?post=112164"},{"taxonomy":"product_cat","embeddable":true,"href":"https:\/\/web2print.ro\/shop\/wp-json\/wp\/v2\/product_cat?post=112164"},{"taxonomy":"product_tag","embeddable":true,"href":"https:\/\/web2print.ro\/shop\/wp-json\/wp\/v2\/product_tag?post=112164"}],"curies":[{"name":"wp","href":"https:\/\/api.w.org\/{rel}","templated":true}]}}