{"id":112170,"date":"2025-06-10T15:21:12","date_gmt":"2025-06-10T12:21:12","guid":{"rendered":"https:\/\/web-support.eu\/web2print\/product\/melior-12l-ulcior-din-plastic-de-12l\/"},"modified":"2025-12-10T10:40:33","modified_gmt":"2025-12-10T08:40:33","slug":"melior-12l-ulcior-din-plastic-de-12l","status":"publish","type":"product","link":"https:\/\/web2print.ro\/shop\/melior-12l-ulcior-din-plastic-de-12l\/","title":{"rendered":"MELIOR 1\u20192L. Ulcior din plastic de 1\u20192L personalizat"},"content":{"rendered":"<p>Large capacity, transparent cylindrical pitcher with protective lid. The expertly designed jug spout and convenient handle make serving drinks easy, while the lid protects against splashes and spills. Ideal for serving refreshing drinks but can also be used for serving hot drinks. Very versatile and with a considerable size, the Melior is the perfect pitcher for social events. It has a capacity of up to 1&#8217;2 L. Supplied in gift box. 100 x 237 x 147 mm in romana<\/p>\n<p>Carafa cilindric\u0103 transparent\u0103, de mare capacitate, cu capac de protec\u021bie. Gura de scurgere a carafei \u0219i m\u00e2nerul ergonomic, concepute cu m\u0103iestrie, fac servirea b\u0103uturilor u\u0219oar\u0103, \u00een timp ce capacul protejeaz\u0103 \u00eempotriva stropilor \u0219i a v\u0103rs\u0103rilor accidentale.<\/p>\n<p>Ideal\u0103 pentru servirea b\u0103uturilor r\u0103coritoare, poate fi utilizat\u0103 \u0219i pentru servirea b\u0103uturilor calde. Foarte versatil\u0103 \u0219i de o dimensiune considerabil\u0103, carafa Melior este perfect\u0103 pentru evenimente sociale.<\/p>\n<p>Are o capacitate de p\u00e2n\u0103 la 1,2 L. Livrat\u0103 \u00een cutie de cadou.<\/p>\n<p>Dimensiuni: 100 x 237 x 147 mm.<\/p>\n<table>\n<tr>\n<td><strong>Exterior box (m):<\/strong><\/td>\n<td>0.258X0.273X0.383<\/td>\n<\/tr>\n<tr>\n<td><strong>Box weight (Kg.):<\/strong><\/td>\n<td>3.324<\/td>\n<\/tr>\n<tr>\n<td><strong>Exterior box (Pc.):<\/strong><\/td>\n<td>6<\/td>\n<\/tr>\n<tr>\n<td><strong>Interior box (Pc.):<\/strong><\/td>\n<td>1<\/td>\n<\/tr>\n<tr>\n<td><strong>Taric:<\/strong><\/td>\n<td>3924100090<\/td>\n<\/tr>\n<tr>\n<td><strong>Country of Origin:<\/strong><\/td>\n<td>Portugal<\/td>\n<\/tr>\n<tr>\n<td><strong>Certificates:<\/strong><\/td>\n<td>DOC<\/td>\n<\/tr>\n<\/table>\n","protected":false},"excerpt":{"rendered":"<p>Caraf\u0103 cilindric\u0103 transparent\u0103, de capacitate mare, cu capac de protec\u021bie. Gura de scurgere a ulciorului, proiectat\u0103 cu pricepere, \u0219i m\u00e2nerul convenabil faciliteaz\u0103 turnarea b\u0103uturilor, \u00een timp ce capacul protejeaz\u0103 \u00eempotriva stropilor \u0219i v\u0103rs\u0103rii. Ideal pentru servirea b\u0103uturilor r\u0103coritoare, dar poate fi folosit \u0219i pentru servirea b\u0103uturilor calde. Foarte versatil \u0219i cu o dimensiune considerabil\u0103, Melior este carafa perfect\u0103 pentru evenimente sociale. Are o capacitate de p\u00e2n\u0103 la 1,2 l. Livrat \u00een cutie de cadou<\/p>\n","protected":false},"featured_media":37246,"comment_status":"closed","ping_status":"open","template":"","meta":{"_joinchat":[]},"product_brand":[2757],"product_cat":[670],"product_tag":[],"class_list":{"0":"post-112170","1":"product","2":"type-product","3":"status-publish","4":"has-post-thumbnail","6":"product_brand-bodum-ro","7":"product_cat-sticle-de-sport","9":"first","10":"instock","11":"taxable","12":"shipping-taxable","13":"purchasable","14":"product-type-variable"},"_links":{"self":[{"href":"https:\/\/web2print.ro\/shop\/wp-json\/wp\/v2\/product\/112170","targetHints":{"allow":["GET"]}}],"collection":[{"href":"https:\/\/web2print.ro\/shop\/wp-json\/wp\/v2\/product"}],"about":[{"href":"https:\/\/web2print.ro\/shop\/wp-json\/wp\/v2\/types\/product"}],"replies":[{"embeddable":true,"href":"https:\/\/web2print.ro\/shop\/wp-json\/wp\/v2\/comments?post=112170"}],"wp:featuredmedia":[{"embeddable":true,"href":"https:\/\/web2print.ro\/shop\/wp-json\/wp\/v2\/media\/37246"}],"wp:attachment":[{"href":"https:\/\/web2print.ro\/shop\/wp-json\/wp\/v2\/media?parent=112170"}],"wp:term":[{"taxonomy":"product_brand","embeddable":true,"href":"https:\/\/web2print.ro\/shop\/wp-json\/wp\/v2\/product_brand?post=112170"},{"taxonomy":"product_cat","embeddable":true,"href":"https:\/\/web2print.ro\/shop\/wp-json\/wp\/v2\/product_cat?post=112170"},{"taxonomy":"product_tag","embeddable":true,"href":"https:\/\/web2print.ro\/shop\/wp-json\/wp\/v2\/product_tag?post=112170"}],"curies":[{"name":"wp","href":"https:\/\/api.w.org\/{rel}","templated":true}]}}