{"id":112189,"date":"2025-06-10T15:21:00","date_gmt":"2025-06-10T12:21:00","guid":{"rendered":"https:\/\/web-support.eu\/web2print\/product\/frutados-ii-sapun-pe-baza-de-sapun-vegetal-si-imbogatit-cu-ulei-de-nuca-de-cocos-160g\/"},"modified":"2025-12-10T10:40:08","modified_gmt":"2025-12-10T08:40:08","slug":"frutados-ii-sapun-pe-baza-de-sapun-vegetal-si-imbogatit-cu-ulei-de-nuca-de-cocos-160g","status":"publish","type":"product","link":"https:\/\/web2print.ro\/shop\/frutados-ii-sapun-pe-baza-de-sapun-vegetal-si-imbogatit-cu-ulei-de-nuca-de-cocos-160g\/","title":{"rendered":"FRUTADOS II. S\u0103pun pe baz\u0103 de s\u0103pun vegetal \u0219i \u00eembog\u0103\u021bit cu ulei de nuc\u0103 de cocos (160g) personalizat"},"content":{"rendered":"<p>Soap based on vegetable soap and enriched with coconut oil. When used this soap provides a creamy lather leaving the skin clean, soft and moisturized. Capacity up to 160 g. Environmentally friendly soap traditionally produced in Portugal. A collection that aims to highlight vibrant fruity aromas: Colour 108: Lemon-scented soapColour 115: Plum-scented soap 90 x 60 x 30 mm in romana<\/p>\n<p>S\u0103pun pe baz\u0103 de s\u0103pun vegetal, \u00eembog\u0103\u021bit cu ulei de cocos. La utilizare, acest s\u0103pun produce o spum\u0103 cremoas\u0103, l\u0103s\u00e2nd pielea curat\u0103, catifelat\u0103 \u0219i hidratat\u0103.<\/p>\n<p>Are o capacitate de p\u00e2n\u0103 la 160 g \u0219i este un s\u0103pun ecologic, produs \u00een mod tradi\u021bional \u00een Portugalia. Aceast\u0103 colec\u021bie \u00ee\u0219i propune s\u0103 eviden\u021bieze arome fructate vibrante:<\/p>\n<p>Culoare 108: S\u0103pun cu arom\u0103 de l\u0103m\u00e2ie<\/p>\n<p>Culoare 115: S\u0103pun cu arom\u0103 de prun\u0103<\/p>\n<p>Dimensiuni: 90 x 60 x 30 mm.<\/p>\n<table>\n<tr>\n<td><strong>Exterior box (m):<\/strong><\/td>\n<td>0.183X0.090X0.122<\/td>\n<\/tr>\n<tr>\n<td><strong>Box weight (Kg.):<\/strong><\/td>\n<td>1.94<\/td>\n<\/tr>\n<tr>\n<td><strong>Exterior box (Pc.):<\/strong><\/td>\n<td>12<\/td>\n<\/tr>\n<tr>\n<td><strong>Interior box (Pc.):<\/strong><\/td>\n<td>1<\/td>\n<\/tr>\n<tr>\n<td><strong>Taric:<\/strong><\/td>\n<td>3401110000<\/td>\n<\/tr>\n<tr>\n<td><strong>Country of Origin:<\/strong><\/td>\n<td>Portugal<\/td>\n<\/tr>\n<tr>\n<td><strong>Individual packing:<\/strong><\/td>\n<td>Paper packaging<\/td>\n<\/tr>\n<tr>\n<td><strong>Packing after Printing:<\/strong><\/td>\n<td>Paper packaging<\/td>\n<\/tr>\n<\/table>\n","protected":false},"excerpt":{"rendered":"<p>S\u0103pun pe baz\u0103 de s\u0103pun vegetal \u0219i \u00eembog\u0103\u021bit cu ulei de nuc\u0103 de cocos. Atunci c\u00e2nd este folosit, acest s\u0103pun ofer\u0103 o spum\u0103 cremoas\u0103, l\u0103s\u00e2nd pielea curat\u0103, moale \u0219i hidratat\u0103. Capacitate de p\u00e2n\u0103 la 160 g. S\u0103pun ecologic produs \u00een mod tradi\u021bional \u00een Portugalia. O colec\u021bie care \u00ee\u0219i propune s\u0103 eviden\u021bieze aromele vibrante de fructe: Culoarea 108: S\u0103pun cu arom\u0103 de l\u0103m\u00e2ieCuloarea 115: S\u0103pun cu arom\u0103 de prune<\/p>\n","protected":false},"featured_media":37347,"comment_status":"closed","ping_status":"open","template":"","meta":{"_joinchat":[]},"product_brand":[2758],"product_cat":[312],"product_tag":[],"class_list":{"0":"post-112189","1":"product","2":"type-product","3":"status-publish","4":"has-post-thumbnail","6":"product_brand-ach-brito-ro","7":"product_cat-personal-si-calatorii","9":"first","10":"instock","11":"taxable","12":"shipping-taxable","13":"purchasable","14":"product-type-variable"},"_links":{"self":[{"href":"https:\/\/web2print.ro\/shop\/wp-json\/wp\/v2\/product\/112189","targetHints":{"allow":["GET"]}}],"collection":[{"href":"https:\/\/web2print.ro\/shop\/wp-json\/wp\/v2\/product"}],"about":[{"href":"https:\/\/web2print.ro\/shop\/wp-json\/wp\/v2\/types\/product"}],"replies":[{"embeddable":true,"href":"https:\/\/web2print.ro\/shop\/wp-json\/wp\/v2\/comments?post=112189"}],"wp:featuredmedia":[{"embeddable":true,"href":"https:\/\/web2print.ro\/shop\/wp-json\/wp\/v2\/media\/37347"}],"wp:attachment":[{"href":"https:\/\/web2print.ro\/shop\/wp-json\/wp\/v2\/media?parent=112189"}],"wp:term":[{"taxonomy":"product_brand","embeddable":true,"href":"https:\/\/web2print.ro\/shop\/wp-json\/wp\/v2\/product_brand?post=112189"},{"taxonomy":"product_cat","embeddable":true,"href":"https:\/\/web2print.ro\/shop\/wp-json\/wp\/v2\/product_cat?post=112189"},{"taxonomy":"product_tag","embeddable":true,"href":"https:\/\/web2print.ro\/shop\/wp-json\/wp\/v2\/product_tag?post=112189"}],"curies":[{"name":"wp","href":"https:\/\/api.w.org\/{rel}","templated":true}]}}