{"id":112192,"date":"2025-06-10T15:21:01","date_gmt":"2025-06-10T12:21:01","guid":{"rendered":"https:\/\/web-support.eu\/web2print\/product\/cuidados-essenciais-sapunuri-pentru-ingrijirea-pielii-90g\/"},"modified":"2025-12-10T10:40:06","modified_gmt":"2025-12-10T08:40:06","slug":"cuidados-essenciais-sapunuri-pentru-ingrijirea-pielii-90g","status":"publish","type":"product","link":"https:\/\/web2print.ro\/shop\/cuidados-essenciais-sapunuri-pentru-ingrijirea-pielii-90g\/","title":{"rendered":"\u00cengrijiri esen\u021biale. S\u0103punuri pentru \u00eengrijirea pielii (90g) personalizate"},"content":{"rendered":"<p>S\u0103punurile din gama Essential Care sunt bazate pe s\u0103pun vegetal, create pentru a-\u021bi \u00eengriji pielea, fiecare av\u00e2nd un scop diferit. Sunt produse \u00een mod tradi\u021bional \u00een Portugalia \u0219i sunt potrivite pentru toate tipurile de piele.<\/p>\n<p>Fiecare s\u0103pun are o capacitate de p\u00e2n\u0103 la 90g \u0219i este un produs ecologic.<\/p>\n<p>Descoper\u0103 varietatea:<\/p>\n<p>Culoare 102: S\u0103pun pentru re\u021binerea apei \u00een piele &#8211; Migdale \u0219i Fulgi de Ov\u0103z<\/p>\n<p>Culoare 109: S\u0103pun hidratant &#8211; Aloe Vera \u0219i Ment\u0103 s\u0103lbatic\u0103<\/p>\n<p>Culoare 113: S\u0103pun hidratant &#8211; Lapte de Capr\u0103<\/p>\n<p>Culoare 115: S\u0103pun exfoliant &#8211; Pulbere de Piatr\u0103 Ponis<\/p>\n<p>Dimensiuni: 57 x 83 x 24 mm.<\/p>\n<table>\n<tbody>\n<tr>\n<td><strong>Exterior box (m):<\/strong><\/td>\n<td>0.115X0.070X0.165<\/td>\n<\/tr>\n<tr>\n<td><strong>Box weight (Kg.):<\/strong><\/td>\n<td>1.28<\/td>\n<\/tr>\n<tr>\n<td><strong>Exterior box (Pc.):<\/strong><\/td>\n<td>12<\/td>\n<\/tr>\n<tr>\n<td><strong>Interior box (Pc.):<\/strong><\/td>\n<td>1<\/td>\n<\/tr>\n<tr>\n<td><strong>Taric:<\/strong><\/td>\n<td>3401110000<\/td>\n<\/tr>\n<tr>\n<td><strong>Country of Origin:<\/strong><\/td>\n<td>Portugal<\/td>\n<\/tr>\n<tr>\n<td><strong>Individual packing:<\/strong><\/td>\n<td>Paper packaging<\/td>\n<\/tr>\n<tr>\n<td><strong>Packing after Printing:<\/strong><\/td>\n<td>Paper packaging<\/td>\n<\/tr>\n<\/tbody>\n<\/table>\n","protected":false},"excerpt":{"rendered":"<p>S\u0103punuri apar\u021bin\u00e2nd liniei de \u00eengrijire esen\u021bial\u0103, pe baz\u0103 de s\u0103pun vegetal pentru \u00eengrijirea pielii, fiecare fiind conceput pentru un scop diferit. Produs \u00een mod tradi\u021bional \u00een Portugalia \u0219i potrivit pentru toate tipurile de piele. Capacitate de p\u00e2n\u0103 la 90 g. Produs prietenos cu mediul \u00eenconjur\u0103tor.Culoare 102: S\u0103pun pentru re\u021binerea apei \u00een piele &#8211; Migdale \u0219i fulgi de ov\u0103zCuloarea 109: S\u0103pun hidratant &#8211; Aloe Vera \u0219i ment\u0103 s\u0103lbatic\u0103 Culoarea 113: S\u0103pun hidratant &#8211; Lapte de capr\u0103Culoarea 115: S\u0103pun exfoliant &#8211; Pudr\u0103 de piatr\u0103 ponce<\/p>\n","protected":false},"featured_media":461992,"comment_status":"closed","ping_status":"closed","template":"","meta":{"_joinchat":[]},"product_brand":[2758],"product_cat":[312],"product_tag":[],"class_list":{"0":"post-112192","1":"product","2":"type-product","3":"status-publish","4":"has-post-thumbnail","6":"product_brand-ach-brito-ro","7":"product_cat-personal-si-calatorii","9":"first","10":"instock","11":"taxable","12":"shipping-taxable","13":"purchasable","14":"product-type-variable"},"_links":{"self":[{"href":"https:\/\/web2print.ro\/shop\/wp-json\/wp\/v2\/product\/112192","targetHints":{"allow":["GET"]}}],"collection":[{"href":"https:\/\/web2print.ro\/shop\/wp-json\/wp\/v2\/product"}],"about":[{"href":"https:\/\/web2print.ro\/shop\/wp-json\/wp\/v2\/types\/product"}],"replies":[{"embeddable":true,"href":"https:\/\/web2print.ro\/shop\/wp-json\/wp\/v2\/comments?post=112192"}],"wp:featuredmedia":[{"embeddable":true,"href":"https:\/\/web2print.ro\/shop\/wp-json\/wp\/v2\/media\/461992"}],"wp:attachment":[{"href":"https:\/\/web2print.ro\/shop\/wp-json\/wp\/v2\/media?parent=112192"}],"wp:term":[{"taxonomy":"product_brand","embeddable":true,"href":"https:\/\/web2print.ro\/shop\/wp-json\/wp\/v2\/product_brand?post=112192"},{"taxonomy":"product_cat","embeddable":true,"href":"https:\/\/web2print.ro\/shop\/wp-json\/wp\/v2\/product_cat?post=112192"},{"taxonomy":"product_tag","embeddable":true,"href":"https:\/\/web2print.ro\/shop\/wp-json\/wp\/v2\/product_tag?post=112192"}],"curies":[{"name":"wp","href":"https:\/\/api.w.org\/{rel}","templated":true}]}}