{"id":112209,"date":"2025-06-10T15:21:05","date_gmt":"2025-06-10T12:21:05","guid":{"rendered":"https:\/\/web-support.eu\/web2print\/product\/lavanda-20g-sapun-parfumat-cu-lavanda-20g\/"},"modified":"2025-12-10T10:39:54","modified_gmt":"2025-12-10T08:39:54","slug":"lavanda-20g-sapun-parfumat-cu-lavanda-20g","status":"publish","type":"product","link":"https:\/\/web2print.ro\/shop\/lavanda-20g-sapun-parfumat-cu-lavanda-20g\/","title":{"rendered":"LAVANDA 20g. S\u0103pun parfumat cu lavand\u0103 (20g) personalizat"},"content":{"rendered":"<p>Soap made with a vegetable soap base and Lavender fragrance, with a soft texture that leaves the skin perfumed. Its small size is ideal for carrying in your gym bag or for travelling. Traditionally produced in Portugal. Capacity 20 g. Classic packaging that retains the original design, with its green background decorated with small graphics representing lavender flowers. 59 x 34 x 10 mm in romana<\/p>\n<p>S\u0103pun realizat cu o baz\u0103 de s\u0103pun vegetal \u0219i parfum de lavand\u0103, cu o textur\u0103 moale care las\u0103 pielea parfumat\u0103. Dimensiunea sa redus\u0103 este ideal\u0103 pentru a fi transportat \u00een geanta de sal\u0103 sau pentru c\u0103l\u0103torii.<\/p>\n<p>Produs \u00een mod tradi\u021bional \u00een Portugalia. Are o capacitate de 20 g. Ambalajul clasic p\u0103streaz\u0103 designul original, cu fundalul s\u0103u verde decorat cu mici grafice reprezent\u00e2nd flori de lavand\u0103.<\/p>\n<p>Dimensiuni: 59 x 34 x 10 mm.<\/p>\n<table>\n<tr>\n<td><strong>Exterior box (m):<\/strong><\/td>\n<td>0.125X0.068X0.155<\/td>\n<\/tr>\n<tr>\n<td><strong>Box weight (Kg.):<\/strong><\/td>\n<td>1.02<\/td>\n<\/tr>\n<tr>\n<td><strong>Exterior box (Pc.):<\/strong><\/td>\n<td>40<\/td>\n<\/tr>\n<tr>\n<td><strong>Interior box (Pc.):<\/strong><\/td>\n<td>1<\/td>\n<\/tr>\n<tr>\n<td><strong>Taric:<\/strong><\/td>\n<td>3401110000<\/td>\n<\/tr>\n<tr>\n<td><strong>Country of Origin:<\/strong><\/td>\n<td>Portugal<\/td>\n<\/tr>\n<tr>\n<td><strong>Individual packing:<\/strong><\/td>\n<td>Paper packaging<\/td>\n<\/tr>\n<tr>\n<td><strong>Packing after Printing:<\/strong><\/td>\n<td>Paper packaging<\/td>\n<\/tr>\n<\/table>\n","protected":false},"excerpt":{"rendered":"<p>S\u0103pun realizat pe baz\u0103 de s\u0103pun vegetal \u0219i parfum de lavand\u0103, cu o textur\u0103 moale care las\u0103 pielea parfumat\u0103. Formatul s\u0103u mic este ideal pentru a fi transportat \u00een geanta de sport sau pentru c\u0103l\u0103torii. Produs \u00een mod tradi\u021bional \u00een Portugalia. Capacitate 20 g. Ambalaj clasic care p\u0103streaz\u0103 designul original, cu fundalul s\u0103u verde decorat cu mici grafice reprezent\u00e2nd flori de lavand\u0103<\/p>\n","protected":false},"featured_media":37418,"comment_status":"closed","ping_status":"open","template":"","meta":{"_joinchat":[]},"product_brand":[2758],"product_cat":[312],"product_tag":[],"class_list":{"0":"post-112209","1":"product","2":"type-product","3":"status-publish","4":"has-post-thumbnail","6":"product_brand-ach-brito-ro","7":"product_cat-personal-si-calatorii","9":"first","10":"instock","11":"taxable","12":"shipping-taxable","13":"purchasable","14":"product-type-variable"},"_links":{"self":[{"href":"https:\/\/web2print.ro\/shop\/wp-json\/wp\/v2\/product\/112209","targetHints":{"allow":["GET"]}}],"collection":[{"href":"https:\/\/web2print.ro\/shop\/wp-json\/wp\/v2\/product"}],"about":[{"href":"https:\/\/web2print.ro\/shop\/wp-json\/wp\/v2\/types\/product"}],"replies":[{"embeddable":true,"href":"https:\/\/web2print.ro\/shop\/wp-json\/wp\/v2\/comments?post=112209"}],"wp:featuredmedia":[{"embeddable":true,"href":"https:\/\/web2print.ro\/shop\/wp-json\/wp\/v2\/media\/37418"}],"wp:attachment":[{"href":"https:\/\/web2print.ro\/shop\/wp-json\/wp\/v2\/media?parent=112209"}],"wp:term":[{"taxonomy":"product_brand","embeddable":true,"href":"https:\/\/web2print.ro\/shop\/wp-json\/wp\/v2\/product_brand?post=112209"},{"taxonomy":"product_cat","embeddable":true,"href":"https:\/\/web2print.ro\/shop\/wp-json\/wp\/v2\/product_cat?post=112209"},{"taxonomy":"product_tag","embeddable":true,"href":"https:\/\/web2print.ro\/shop\/wp-json\/wp\/v2\/product_tag?post=112209"}],"curies":[{"name":"wp","href":"https:\/\/api.w.org\/{rel}","templated":true}]}}