{"id":112224,"date":"2025-06-10T15:20:53","date_gmt":"2025-06-10T12:20:53","guid":{"rendered":"https:\/\/web-support.eu\/web2print\/product\/modeling-dough-factory-kit-ii-joc-educational-furnizat-cu-o-punga-de-cadou-pliabila-190t\/"},"modified":"2025-12-10T10:39:26","modified_gmt":"2025-12-10T08:39:26","slug":"modeling-dough-factory-kit-ii-joc-educational-furnizat-cu-o-punga-de-cadou-pliabila-190t","status":"publish","type":"product","link":"https:\/\/web2print.ro\/shop\/modeling-dough-factory-kit-ii-joc-educational-furnizat-cu-o-punga-de-cadou-pliabila-190t\/","title":{"rendered":"Kit de Fabric\u0103 pentru Aluat de Modelare II. Joc educa\u021bional furnizat cu o pung\u0103 de cadou pliabil\u0103 190T personalizat"},"content":{"rendered":"<p>This educational game explores the creativity of youngsters and teaches skills such as dexterity and coordination. The Modelling Dough Factory is the world&#8217;s first kit where you can make your own modelling clay from scratch, making it a fun and colourful experience. A Modelling Dough kit with secret formula for making soft, dry dough &#8211; contains all the ingredients you need to customise the hardness of the dough to your preference. The Modelling Dough is scented with natural ingredients and unlike most dough, yours can have an incredible peach fragrance. Recommended age: 4 + years old. Supplied with a 190T folding gift bag. 298 x 305 x 59 mm in romana<\/p>\n<p>Acest joc educativ exploreaz\u0103 creativitatea celor mici \u0219i le dezvolt\u0103 abilit\u0103\u021bi precum dexteritatea \u0219i coordonarea. Fabrica de Plastilin\u0103 este primul kit din lume cu ajutorul c\u0103ruia \u00ee\u021bi po\u021bi crea propria plastilin\u0103 de la zero, transform\u00e2nd experien\u021ba \u00eentr-una distractiv\u0103 \u0219i plin\u0103 de culoare.<\/p>\n<p>Kitul de plastilin\u0103 include o formul\u0103 secret\u0103 pentru a ob\u021bine o plastilin\u0103 moale, care nu se usuc\u0103 rapid, \u0219i con\u021bine toate ingredientele necesare pentru a personaliza duritatea acesteia dup\u0103 preferin\u021ba ta. Plastilina este parfumat\u0103 cu ingrediente naturale \u0219i, spre deosebire de majoritatea tipurilor de plastilin\u0103, a ta poate avea un incredibil parfum de piersic\u0103.<\/p>\n<p>V\u00e2rsta recomandat\u0103: 4 + ani. Este livrat \u00eempreun\u0103 cu o pung\u0103 cadou pliabil\u0103 din 190T.<\/p>\n<p>Dimensiuni: 298 x 305 x 59 mm.<\/p>\n<table>\n<tr>\n<td><strong>Exterior box (m):<\/strong><\/td>\n<td>0.395&#215;0.315&#215;0.314<\/td>\n<\/tr>\n<tr>\n<td><strong>Box weight (Kg.):<\/strong><\/td>\n<td>5.4<\/td>\n<\/tr>\n<tr>\n<td><strong>Exterior box (Pc.):<\/strong><\/td>\n<td>6<\/td>\n<\/tr>\n<tr>\n<td><strong>Taric:<\/strong><\/td>\n<td>9503009990<\/td>\n<\/tr>\n<tr>\n<td><strong>Country of Origin:<\/strong><\/td>\n<td>Portugal<\/td>\n<\/tr>\n<tr>\n<td><strong>Certificates:<\/strong><\/td>\n<td>DOC, SOC<\/td>\n<\/tr>\n<\/table>\n","protected":false},"excerpt":{"rendered":"<p>Acest joc educa\u021bional exploreaz\u0103 creativitatea celor mici \u0219i \u00eenva\u021b\u0103 abilit\u0103\u021bi precum dexteritatea \u0219i coordonarea. Fabrica de past\u0103 de modelat este primul kit din lume \u00een care po\u021bi s\u0103 \u00ee\u021bi faci propria past\u0103 de modelat de la zero, ceea ce face ca experien\u021ba s\u0103 fie distractiv\u0103 \u0219i plin\u0103 de culoare. Un kit de aluat de modelare cu o formul\u0103 secret\u0103 pentru ob\u021binerea unui aluat moale \u0219i uscat &#8211; con\u021bine toate ingredientele de care ai nevoie pentru a personaliza duritatea aluatului \u00een func\u021bie de preferin\u021bele tale. Aluatul de modelare este parfumat cu ingrediente naturale \u0219i, spre deosebire de majoritatea aluaturilor, al t\u0103u poate avea un parfum incredibil de piersic\u0103. V\u00e2rsta recomandat\u0103: 4 + ani. Furnizat cu o pung\u0103 de cadou pliabil\u0103 190T<\/p>\n","protected":false},"featured_media":37522,"comment_status":"closed","ping_status":"open","template":"","meta":{"_joinchat":[]},"product_brand":[2759],"product_cat":[534],"product_tag":[],"class_list":{"0":"post-112224","1":"product","2":"type-product","3":"status-publish","4":"has-post-thumbnail","6":"product_brand-science4you-ro","7":"product_cat-jucarii-antistres","9":"first","10":"instock","11":"taxable","12":"shipping-taxable","13":"purchasable","14":"product-type-variable"},"_links":{"self":[{"href":"https:\/\/web2print.ro\/shop\/wp-json\/wp\/v2\/product\/112224","targetHints":{"allow":["GET"]}}],"collection":[{"href":"https:\/\/web2print.ro\/shop\/wp-json\/wp\/v2\/product"}],"about":[{"href":"https:\/\/web2print.ro\/shop\/wp-json\/wp\/v2\/types\/product"}],"replies":[{"embeddable":true,"href":"https:\/\/web2print.ro\/shop\/wp-json\/wp\/v2\/comments?post=112224"}],"wp:featuredmedia":[{"embeddable":true,"href":"https:\/\/web2print.ro\/shop\/wp-json\/wp\/v2\/media\/37522"}],"wp:attachment":[{"href":"https:\/\/web2print.ro\/shop\/wp-json\/wp\/v2\/media?parent=112224"}],"wp:term":[{"taxonomy":"product_brand","embeddable":true,"href":"https:\/\/web2print.ro\/shop\/wp-json\/wp\/v2\/product_brand?post=112224"},{"taxonomy":"product_cat","embeddable":true,"href":"https:\/\/web2print.ro\/shop\/wp-json\/wp\/v2\/product_cat?post=112224"},{"taxonomy":"product_tag","embeddable":true,"href":"https:\/\/web2print.ro\/shop\/wp-json\/wp\/v2\/product_tag?post=112224"}],"curies":[{"name":"wp","href":"https:\/\/api.w.org\/{rel}","templated":true}]}}