{"id":112275,"date":"2025-06-10T15:20:36","date_gmt":"2025-06-10T12:20:36","guid":{"rendered":"https:\/\/web-support.eu\/web2print\/product\/my-first-science-kit-ii-joc-educational-furnizat-cu-o-punga-cadou-din-hartie-kraft-100-g-m%c2%b2\/"},"modified":"2025-12-10T10:38:33","modified_gmt":"2025-12-10T08:38:33","slug":"my-first-science-kit-ii-joc-educational-furnizat-cu-o-punga-cadou-din-hartie-kraft-100-g-m%c2%b2","status":"publish","type":"product","link":"https:\/\/web2print.ro\/shop\/my-first-science-kit-ii-joc-educational-furnizat-cu-o-punga-cadou-din-hartie-kraft-100-g-m%c2%b2\/","title":{"rendered":"Primul meu kit \u0219tiin\u021bific II. Joc educa\u021bional furnizat cu o pung\u0103 cadou din h\u00e2rtie kraft (100 g\/m\u00b2) personalizat"},"content":{"rendered":"<p>Juc\u0103ria educa\u021bional\u0103 ideal\u0103 pentru tinerii oameni de \u0219tiin\u021b\u0103. Trusa My First Science include 38 de con\u021binuturi \u0219i 26 de experimente, cum ar fi crearea de bule de s\u0103pun uria\u0219e, aluat nebun, mesaje de cristal \u0219i alte activit\u0103\u021bi. V\u00e2rsta recomandat\u0103: 4 + ani. Furnizat cu o pung\u0103 cadou din h\u00e2rtie kraft (100 g\/m\u00b2). 381 x 294 x 80 mm<\/p>\n<table>\n<tr>\n<td><strong>Exterior cutie (m):<\/strong><\/td>\n<td>0.512&#215;0.392&#215;0.313<\/td>\n<\/tr>\n<tr>\n<td><strong>Greutate cutie (Kg.):<\/strong><\/td>\n<td>4.3<\/td>\n<\/tr>\n<tr>\n<td><strong>Exterior cutie (Pc.):<\/strong><\/td>\n<td>6<\/td>\n<\/tr>\n<tr>\n<td><strong>Taric:<\/strong><\/td>\n<td>9503009990<\/td>\n<\/tr>\n<tr>\n<td><strong>\u021aara de origine:<\/strong><\/td>\n<td>Portugalia<\/td>\n<\/tr>\n<tr>\n<td><strong>Certificate:<\/strong><\/td>\n<td>DOC, SOC<\/td>\n<\/tr>\n<\/table>\n","protected":false},"excerpt":{"rendered":"<p>Juc\u0103ria educa\u021bional\u0103 ideal\u0103 pentru tinerii oameni de \u0219tiin\u021b\u0103. Trusa My First Science include 38 de con\u021binuturi \u0219i 26 de experimente, cum ar fi crearea de bule de s\u0103pun uria\u0219e, aluat nebun, mesaje de cristal \u0219i alte activit\u0103\u021bi. V\u00e2rsta recomandat\u0103: 4 + ani. Furnizat cu o pung\u0103 cadou din h\u00e2rtie kraft (100 g\/m\u00b2)<\/p>\n","protected":false},"featured_media":37754,"comment_status":"closed","ping_status":"open","template":"","meta":{"_joinchat":[]},"product_brand":[2759],"product_cat":[534],"product_tag":[],"class_list":{"0":"post-112275","1":"product","2":"type-product","3":"status-publish","4":"has-post-thumbnail","6":"product_brand-science4you-ro","7":"product_cat-jucarii-antistres","8":"pa_culoare-alb","10":"first","11":"instock","12":"taxable","13":"shipping-taxable","14":"purchasable","15":"product-type-variable"},"_links":{"self":[{"href":"https:\/\/web2print.ro\/shop\/wp-json\/wp\/v2\/product\/112275","targetHints":{"allow":["GET"]}}],"collection":[{"href":"https:\/\/web2print.ro\/shop\/wp-json\/wp\/v2\/product"}],"about":[{"href":"https:\/\/web2print.ro\/shop\/wp-json\/wp\/v2\/types\/product"}],"replies":[{"embeddable":true,"href":"https:\/\/web2print.ro\/shop\/wp-json\/wp\/v2\/comments?post=112275"}],"wp:featuredmedia":[{"embeddable":true,"href":"https:\/\/web2print.ro\/shop\/wp-json\/wp\/v2\/media\/37754"}],"wp:attachment":[{"href":"https:\/\/web2print.ro\/shop\/wp-json\/wp\/v2\/media?parent=112275"}],"wp:term":[{"taxonomy":"product_brand","embeddable":true,"href":"https:\/\/web2print.ro\/shop\/wp-json\/wp\/v2\/product_brand?post=112275"},{"taxonomy":"product_cat","embeddable":true,"href":"https:\/\/web2print.ro\/shop\/wp-json\/wp\/v2\/product_cat?post=112275"},{"taxonomy":"product_tag","embeddable":true,"href":"https:\/\/web2print.ro\/shop\/wp-json\/wp\/v2\/product_tag?post=112275"}],"curies":[{"name":"wp","href":"https:\/\/api.w.org\/{rel}","templated":true}]}}