{"id":112319,"date":"2025-06-10T15:20:23","date_gmt":"2025-06-10T12:20:23","guid":{"rendered":"https:\/\/web-support.eu\/web2print\/product\/2-in-1-fossil-excavation-kit-iv-joc-educational-furnizat-cu-o-punga-cadou-netesuta-80-g-m%c2%b2\/"},"modified":"2025-12-10T10:38:32","modified_gmt":"2025-12-10T08:38:32","slug":"2-in-1-fossil-excavation-kit-iv-joc-educational-furnizat-cu-o-punga-cadou-netesuta-80-g-m%c2%b2","status":"publish","type":"product","link":"https:\/\/web2print.ro\/shop\/2-in-1-fossil-excavation-kit-iv-joc-educational-furnizat-cu-o-punga-cadou-netesuta-80-g-m%c2%b2\/","title":{"rendered":"Set de excavare a fosilelor IV. Joc educa\u021bional furnizat cu o pung\u0103 cadou ne\u021besut\u0103 (80 g\/m\u00b2) personalizat"},"content":{"rendered":"<p>Kitul educativ 2 \u00een 1, Excav\u0103ri Fosile Dinozauri, include un manual despre dinozauri \u0219i \u00ee\u021bi permite s\u0103 dezgropi \u0219i s\u0103 asamblezi dou\u0103 fosile ale dinozaurilor t\u0103i prefera\u021bi \u2013 T-Rex \u0219i Triceratops \u2013 care lumineaz\u0103 \u00een \u00eentuneric. Distreaz\u0103-te \u00een timp ce \u00eenve\u021bi cele mai bune tehnici de excavare \u0219i ce a cauzat extinc\u021bia dinozaurilor.<\/p>\n<p>V\u00e2rsta recomandat\u0103: 6+ ani. Este livrat \u00eempreun\u0103 cu o pung\u0103 cadou din material ne\u021besut (non-woven) de 80 g\/m\u00b2.<\/p>\n<p>Dimensiuni: 263 x 220 x 62 mm.<\/p>\n<table>\n<tbody>\n<tr>\n<td><strong>Exterior box (m):<\/strong><\/td>\n<td>0.427&#215;0.246&#215;0.246<\/td>\n<\/tr>\n<tr>\n<td><strong>Box weight (Kg.):<\/strong><\/td>\n<td>3.4<\/td>\n<\/tr>\n<tr>\n<td><strong>Exterior box (Pc.):<\/strong><\/td>\n<td>6<\/td>\n<\/tr>\n<tr>\n<td><strong>Taric:<\/strong><\/td>\n<td>9503009990<\/td>\n<\/tr>\n<tr>\n<td><strong>Country of Origin:<\/strong><\/td>\n<td>Portugal<\/td>\n<\/tr>\n<tr>\n<td><strong>Certificates:<\/strong><\/td>\n<td>DOC, SOC<\/td>\n<\/tr>\n<\/tbody>\n<\/table>\n","protected":false},"excerpt":{"rendered":"<p>Kit educa\u021bional 2 \u00een 1 pentru excavarea fosilelor de dinozaur cu manual de dinozaur. Acest kit de excavare 2 \u00een 1 \u00ee\u021bi permite s\u0103 dezgropi \u0219i s\u0103 asamblezi dou\u0103 fosile ale dinozaurilor t\u0103i favori\u021bi &#8211; T-rex \u0219i Triceratops &#8211; care str\u0103lucesc \u00een \u00eentuneric. Distreaz\u0103-te \u00een timp ce \u00eenve\u021bi cele mai bune tehnici de excavare \u0219i ce a cauzat dispari\u021bia dinozaurilor. V\u00e2rsta recomandat\u0103: 6 + ani. Furnizat cu o pung\u0103 cadou ne\u021besut\u0103 (80 g\/m\u00b2)<\/p>\n","protected":false},"featured_media":460936,"comment_status":"closed","ping_status":"closed","template":"","meta":{"_joinchat":[]},"product_brand":[2759],"product_cat":[534],"product_tag":[],"class_list":{"0":"post-112319","1":"product","2":"type-product","3":"status-publish","4":"has-post-thumbnail","6":"product_brand-science4you-ro","7":"product_cat-jucarii-antistres","9":"first","10":"instock","11":"taxable","12":"shipping-taxable","13":"purchasable","14":"product-type-variable"},"_links":{"self":[{"href":"https:\/\/web2print.ro\/shop\/wp-json\/wp\/v2\/product\/112319","targetHints":{"allow":["GET"]}}],"collection":[{"href":"https:\/\/web2print.ro\/shop\/wp-json\/wp\/v2\/product"}],"about":[{"href":"https:\/\/web2print.ro\/shop\/wp-json\/wp\/v2\/types\/product"}],"replies":[{"embeddable":true,"href":"https:\/\/web2print.ro\/shop\/wp-json\/wp\/v2\/comments?post=112319"}],"wp:featuredmedia":[{"embeddable":true,"href":"https:\/\/web2print.ro\/shop\/wp-json\/wp\/v2\/media\/460936"}],"wp:attachment":[{"href":"https:\/\/web2print.ro\/shop\/wp-json\/wp\/v2\/media?parent=112319"}],"wp:term":[{"taxonomy":"product_brand","embeddable":true,"href":"https:\/\/web2print.ro\/shop\/wp-json\/wp\/v2\/product_brand?post=112319"},{"taxonomy":"product_cat","embeddable":true,"href":"https:\/\/web2print.ro\/shop\/wp-json\/wp\/v2\/product_cat?post=112319"},{"taxonomy":"product_tag","embeddable":true,"href":"https:\/\/web2print.ro\/shop\/wp-json\/wp\/v2\/product_tag?post=112319"}],"curies":[{"name":"wp","href":"https:\/\/api.w.org\/{rel}","templated":true}]}}