{"id":114192,"date":"2025-06-10T15:19:10","date_gmt":"2025-06-10T12:19:10","guid":{"rendered":"https:\/\/web-support.eu\/web2print\/product\/vl-sedna-costum-de-ploaie-225g-m%c2%b2-din-doua-piese-din-poliester-100-cu-invelis-din-pvc\/"},"modified":"2026-05-06T22:53:01","modified_gmt":"2026-05-06T19:53:01","slug":"vl-sedna-costum-de-ploaie-225g-m%c2%b2-din-doua-piese-din-poliester-100-cu-invelis-din-pvc","status":"publish","type":"product","link":"https:\/\/web2print.ro\/shop\/vl-sedna-costum-de-ploaie-225g-m%c2%b2-din-doua-piese-din-poliester-100-cu-invelis-din-pvc\/","title":{"rendered":"VL SEDNA. Costum de ploaie (225g\/m\u00b2), din dou\u0103 piese, din poliester (100%) cu \u00eenveli\u0219 din PVC personalizat"},"content":{"rendered":"<p>Costum de ploaie (225g\/m\u00b2) din dou\u0103 piese, confec\u021bionat din poliester (100%) cu strat de acoperire din PVC.<\/p>\n<p>Jacheta:<\/p>\n<p>Fermoar central<\/p>\n<p>Glug\u0103 ascuns\u0103 \u00een guler<\/p>\n<p>Man\u0219ete interioare elastice<\/p>\n<p>Plas\u0103 interioar\u0103 la spate \u0219i orificii metalice la subra\u021b pentru a favoriza respirabilitatea<\/p>\n<p>Dou\u0103 buzunare inferioare, ascunse cu clap\u0103<\/p>\n<p>Pantalonii:<\/p>\n<p>Fermoar central cu nasturi<\/p>\n<p>Talie elastic\u0103<\/p>\n<p>Nasturi ajustabili \u00een partea de jos<\/p>\n<p>Deschideri laterale cu clap\u0103 pentru acces la buzunare<\/p>\n<p>Setul este livrat \u00eentr-o geant\u0103.<\/p>\n<p>M\u0103rimi disponibile: M, L, XL, 2XL, 3XL.<\/p>\n<p>Tools<\/p>\n<table>\n<tr>\n<td><strong>Exterior box (m):<\/strong><\/td>\n<td>0.280&#215;0.300&#215;0.470<\/td>\n<\/tr>\n<tr>\n<td><strong>Box weight (Kg.):<\/strong><\/td>\n<td>18.92<\/td>\n<\/tr>\n<tr>\n<td><strong>Exterior box (Pc.):<\/strong><\/td>\n<td>20<\/td>\n<\/tr>\n<tr>\n<td><strong>Interior box (Pc.):<\/strong><\/td>\n<td>1<\/td>\n<\/tr>\n<tr>\n<td><strong>Taric:<\/strong><\/td>\n<td>6203231000<\/td>\n<\/tr>\n<tr>\n<td><strong>Country of Origin:<\/strong><\/td>\n<td>China<\/td>\n<\/tr>\n<tr>\n<td><strong>Individual packing:<\/strong><\/td>\n<td>Transport Bag<\/td>\n<\/tr>\n<tr>\n<td><strong>Packing after Printing:<\/strong><\/td>\n<td>Transport Bag<\/td>\n<\/tr>\n<tr>\n<td><strong>Certificates:<\/strong><\/td>\n<td>SOC<\/td>\n<\/tr>\n<tr>\n<td><strong>Material weight:<\/strong><\/td>\n<td>225 g\/m\u00b2<\/td>\n<\/tr>\n<\/table>\n","protected":false},"excerpt":{"rendered":"<p>Vest\u0103 cu carcas\u0103 moale (280 g\/m\u00b2), cu c\u0103ptu\u0219eal\u0103 din fleece, din poliester (94%) \u0219i elastan (6%). Cu fermoar central inversat. Con\u021bine 3 buzunare, cu fermoar inversat<\/p>\n","protected":false},"featured_media":42826,"comment_status":"closed","ping_status":"open","template":"","meta":{"_joinchat":[]},"product_brand":[2760],"product_cat":[2650],"product_tag":[],"class_list":{"0":"post-114192","1":"product","2":"type-product","3":"status-publish","4":"has-post-thumbnail","6":"product_brand-velilla-ro","7":"product_cat-textile","8":"pa_size-2xl-2","9":"pa_size-3xl-2","10":"pa_size-l-2","11":"pa_size-m-2","12":"pa_size-xl-2","14":"first","15":"instock","16":"taxable","17":"shipping-taxable","18":"purchasable","19":"product-type-variable"},"_links":{"self":[{"href":"https:\/\/web2print.ro\/shop\/wp-json\/wp\/v2\/product\/114192","targetHints":{"allow":["GET"]}}],"collection":[{"href":"https:\/\/web2print.ro\/shop\/wp-json\/wp\/v2\/product"}],"about":[{"href":"https:\/\/web2print.ro\/shop\/wp-json\/wp\/v2\/types\/product"}],"replies":[{"embeddable":true,"href":"https:\/\/web2print.ro\/shop\/wp-json\/wp\/v2\/comments?post=114192"}],"wp:featuredmedia":[{"embeddable":true,"href":"https:\/\/web2print.ro\/shop\/wp-json\/wp\/v2\/media\/42826"}],"wp:attachment":[{"href":"https:\/\/web2print.ro\/shop\/wp-json\/wp\/v2\/media?parent=114192"}],"wp:term":[{"taxonomy":"product_brand","embeddable":true,"href":"https:\/\/web2print.ro\/shop\/wp-json\/wp\/v2\/product_brand?post=114192"},{"taxonomy":"product_cat","embeddable":true,"href":"https:\/\/web2print.ro\/shop\/wp-json\/wp\/v2\/product_cat?post=114192"},{"taxonomy":"product_tag","embeddable":true,"href":"https:\/\/web2print.ro\/shop\/wp-json\/wp\/v2\/product_tag?post=114192"}],"curies":[{"name":"wp","href":"https:\/\/api.w.org\/{rel}","templated":true}]}}