{"id":114208,"date":"2025-06-10T15:19:08","date_gmt":"2025-06-10T12:19:08","guid":{"rendered":"https:\/\/web-support.eu\/web2print\/product\/vl-geras-jacheta-fleece-bicolora-220g-m%c2%b2-din-poliester-100\/"},"modified":"2026-05-06T23:16:47","modified_gmt":"2026-05-06T20:16:47","slug":"vl-geras-jacheta-fleece-bicolora-220g-m%c2%b2-din-poliester-100","status":"publish","type":"product","link":"https:\/\/web2print.ro\/shop\/vl-geras-jacheta-fleece-bicolora-220g-m%c2%b2-din-poliester-100\/","title":{"rendered":"VL GERAS. Jachet\u0103 fleece bicolor\u0103 (220g\/m\u00b2) din poliester (100%) personalizat\u0103"},"content":{"rendered":"<p>Jachet\u0103 fleece bicolore (220g\/m\u00b2) din poliester (100%), cu \u021bes\u0103tur\u0103 din microfibr\u0103. Dispune de fermoar central \u0219i culori contrastante pe laterale, \u00een interiorul gulerului \u0219i la fermoare.<\/p>\n<p>Are cinci buzunare: 3 buzunare exterioare cu fermoar \u0219i 2 buzunare interioare.<\/p>\n<p>M\u0103rimi disponibile: XS, S, M, L, XL, 2XL, 3XL.<\/p>\n<table>\n<tr>\n<td><strong>Exterior box (m):<\/strong><\/td>\n<td>0.600&#215;0.400&#215;0.240<\/td>\n<\/tr>\n<tr>\n<td><strong>Box weight (Kg.):<\/strong><\/td>\n<td>4.5<\/td>\n<\/tr>\n<tr>\n<td><strong>Exterior box (Pc.):<\/strong><\/td>\n<td>20<\/td>\n<\/tr>\n<tr>\n<td><strong>Interior box (Pc.):<\/strong><\/td>\n<td>1<\/td>\n<\/tr>\n<tr>\n<td><strong>Taric:<\/strong><\/td>\n<td>6211331000<\/td>\n<\/tr>\n<tr>\n<td><strong>Country of Origin:<\/strong><\/td>\n<td>Bangladesh<\/td>\n<\/tr>\n<tr>\n<td><strong>Individual packing:<\/strong><\/td>\n<td>Polybag<\/td>\n<\/tr>\n<tr>\n<td><strong>Packing after Printing:<\/strong><\/td>\n<td>Polybag<\/td>\n<\/tr>\n<tr>\n<td><strong>Certificates:<\/strong><\/td>\n<td>SOC<\/td>\n<\/tr>\n<tr>\n<td><strong>Material weight:<\/strong><\/td>\n<td>220 g\/m\u00b2<\/td>\n<\/tr>\n<\/table>\n","protected":false},"excerpt":{"rendered":"<p>Bermude elastice cu mai multe buzunare \u00een dou\u0103 culori (240 g\/m\u00b2), din bumbac (46%), EME (38%) \u0219i poliester (16%). Cu talie elastic\u0103, culoare contrastant\u0103 pe gulere, tr\u0103gaci \u0219i cus\u0103turi \u0219i \u00eent\u0103ritur\u0103 textil\u0103 la spate. Con\u021bine \u0219ase buzunare (2 buzunare fran\u021buze\u0219ti, 2 buzunare laterale cu burduf \u0219i 2 buzunare cu burduf \u00een spate)<\/p>\n","protected":false},"featured_media":42982,"comment_status":"closed","ping_status":"open","template":"","meta":{"_joinchat":[]},"product_brand":[2760],"product_cat":[2650],"product_tag":[],"class_list":{"0":"post-114208","1":"product","2":"type-product","3":"status-publish","4":"has-post-thumbnail","6":"product_brand-velilla-ro","7":"product_cat-textile","8":"pa_size-2xl-2","9":"pa_size-3xl-2","10":"pa_size-l-2","11":"pa_size-m-2","12":"pa_size-s-2","13":"pa_size-xl-2","14":"pa_size-xs-2","16":"first","17":"instock","18":"taxable","19":"shipping-taxable","20":"purchasable","21":"product-type-variable"},"_links":{"self":[{"href":"https:\/\/web2print.ro\/shop\/wp-json\/wp\/v2\/product\/114208","targetHints":{"allow":["GET"]}}],"collection":[{"href":"https:\/\/web2print.ro\/shop\/wp-json\/wp\/v2\/product"}],"about":[{"href":"https:\/\/web2print.ro\/shop\/wp-json\/wp\/v2\/types\/product"}],"replies":[{"embeddable":true,"href":"https:\/\/web2print.ro\/shop\/wp-json\/wp\/v2\/comments?post=114208"}],"wp:featuredmedia":[{"embeddable":true,"href":"https:\/\/web2print.ro\/shop\/wp-json\/wp\/v2\/media\/42982"}],"wp:attachment":[{"href":"https:\/\/web2print.ro\/shop\/wp-json\/wp\/v2\/media?parent=114208"}],"wp:term":[{"taxonomy":"product_brand","embeddable":true,"href":"https:\/\/web2print.ro\/shop\/wp-json\/wp\/v2\/product_brand?post=114208"},{"taxonomy":"product_cat","embeddable":true,"href":"https:\/\/web2print.ro\/shop\/wp-json\/wp\/v2\/product_cat?post=114208"},{"taxonomy":"product_tag","embeddable":true,"href":"https:\/\/web2print.ro\/shop\/wp-json\/wp\/v2\/product_tag?post=114208"}],"curies":[{"name":"wp","href":"https:\/\/api.w.org\/{rel}","templated":true}]}}