{"id":114405,"date":"2025-06-10T15:19:05","date_gmt":"2025-06-10T12:19:05","guid":{"rendered":"https:\/\/web-support.eu\/web2print\/product\/vl-raijin-jacheta-captusita-265g-m%c2%b2-din-poliester-100\/"},"modified":"2026-05-06T23:19:03","modified_gmt":"2026-05-06T20:19:03","slug":"vl-raijin-jacheta-captusita-265g-m%c2%b2-din-poliester-100","status":"publish","type":"product","link":"https:\/\/web2print.ro\/shop\/vl-raijin-jacheta-captusita-265g-m%c2%b2-din-poliester-100\/","title":{"rendered":"VL RAIJIN. Jachet\u0103 c\u0103ptu\u0219it\u0103 (265g\/m\u00b2), din poliester (100%) personalizat\u0103"},"content":{"rendered":"<p>Jachet\u0103 matlasat\u0103 (265g\/m\u00b2) din poliester (100%). Dispune de fermoar central inversat \u0219i material elastic contrastant pe piept, la subra\u021b \u0219i pe laterale, pentru o personalizare u\u0219oar\u0103.<\/p>\n<p>Con\u021bine trei buzunare cu fermoar.<\/p>\n<p>M\u0103rimi disponibile: XS, S, M, L, XL, 2XL, 3XL.<\/p>\n<table>\n<tr>\n<td><strong>Exterior box (m):<\/strong><\/td>\n<td>0.340&#215;0.400&#215;0.500<\/td>\n<\/tr>\n<tr>\n<td><strong>Box weight (Kg.):<\/strong><\/td>\n<td>3<\/td>\n<\/tr>\n<tr>\n<td><strong>Exterior box (Pc.):<\/strong><\/td>\n<td>10<\/td>\n<\/tr>\n<tr>\n<td><strong>Interior box (Pc.):<\/strong><\/td>\n<td>1<\/td>\n<\/tr>\n<tr>\n<td><strong>Taric:<\/strong><\/td>\n<td>6201401019<\/td>\n<\/tr>\n<tr>\n<td><strong>Country of Origin:<\/strong><\/td>\n<td>China<\/td>\n<\/tr>\n<tr>\n<td><strong>Individual packing:<\/strong><\/td>\n<td>Polybag<\/td>\n<\/tr>\n<tr>\n<td><strong>Packing after Printing:<\/strong><\/td>\n<td>Polybag<\/td>\n<\/tr>\n<tr>\n<td><strong>Certificates:<\/strong><\/td>\n<td>SOC<\/td>\n<\/tr>\n<tr>\n<td><strong>Material weight:<\/strong><\/td>\n<td>265 g\/m\u00b2<\/td>\n<\/tr>\n<\/table>\n","protected":false},"excerpt":{"rendered":"<p>Jachet\u0103 fleece bicolor\u0103 (220 g\/m\u00b2) din poliester (100%). \u021aes\u0103tur\u0103 din microfibr\u0103. Cu fermoar central, culoare contrastant\u0103 pe p\u0103r\u021bile laterale, \u00een interiorul gulerului \u0219i fermoarelor. Cu cinci buzunare (3 buzunare exterioare, cu fermoar \u0219i dou\u0103 buzunare interioare)<\/p>\n","protected":false},"featured_media":43329,"comment_status":"closed","ping_status":"open","template":"","meta":{"_joinchat":[]},"product_brand":[2760],"product_cat":[2650],"product_tag":[],"class_list":{"0":"post-114405","1":"product","2":"type-product","3":"status-publish","4":"has-post-thumbnail","6":"product_brand-velilla-ro","7":"product_cat-textile","8":"pa_size-2xl-2","9":"pa_size-3xl-2","10":"pa_size-l-2","11":"pa_size-m-2","12":"pa_size-s-2","13":"pa_size-xl-2","14":"pa_size-xs-2","16":"first","17":"instock","18":"taxable","19":"shipping-taxable","20":"purchasable","21":"product-type-variable"},"_links":{"self":[{"href":"https:\/\/web2print.ro\/shop\/wp-json\/wp\/v2\/product\/114405","targetHints":{"allow":["GET"]}}],"collection":[{"href":"https:\/\/web2print.ro\/shop\/wp-json\/wp\/v2\/product"}],"about":[{"href":"https:\/\/web2print.ro\/shop\/wp-json\/wp\/v2\/types\/product"}],"replies":[{"embeddable":true,"href":"https:\/\/web2print.ro\/shop\/wp-json\/wp\/v2\/comments?post=114405"}],"wp:featuredmedia":[{"embeddable":true,"href":"https:\/\/web2print.ro\/shop\/wp-json\/wp\/v2\/media\/43329"}],"wp:attachment":[{"href":"https:\/\/web2print.ro\/shop\/wp-json\/wp\/v2\/media?parent=114405"}],"wp:term":[{"taxonomy":"product_brand","embeddable":true,"href":"https:\/\/web2print.ro\/shop\/wp-json\/wp\/v2\/product_brand?post=114405"},{"taxonomy":"product_cat","embeddable":true,"href":"https:\/\/web2print.ro\/shop\/wp-json\/wp\/v2\/product_cat?post=114405"},{"taxonomy":"product_tag","embeddable":true,"href":"https:\/\/web2print.ro\/shop\/wp-json\/wp\/v2\/product_tag?post=114405"}],"curies":[{"name":"wp","href":"https:\/\/api.w.org\/{rel}","templated":true}]}}