{"id":114575,"date":"2025-06-10T15:19:02","date_gmt":"2025-06-10T12:19:02","guid":{"rendered":"https:\/\/web-support.eu\/web2print\/product\/vl-hades-bermude-cu-buzunare-multiple-in-doua-culori-210-g-m%c2%b2-din-bumbac-20-si-poliester-80\/"},"modified":"2026-05-06T23:37:06","modified_gmt":"2026-05-06T20:37:06","slug":"vl-hades-bermude-cu-buzunare-multiple-in-doua-culori-210-g-m%c2%b2-din-bumbac-20-si-poliester-80","status":"publish","type":"product","link":"https:\/\/web2print.ro\/shop\/vl-hades-bermude-cu-buzunare-multiple-in-doua-culori-210-g-m%c2%b2-din-bumbac-20-si-poliester-80\/","title":{"rendered":"VL HADES. Bermude cu buzunare multiple \u00een dou\u0103 culori (210 g\/m\u00b2), din bumbac (20%) \u0219i poliester (80%) personalizate"},"content":{"rendered":"<p>Pantaloni scur\u021bi tip bermude, bicolori, cu multiple buzunare (210g\/m\u00b2), confec\u021biona\u021bi din bumbac (20%) \u0219i poliester (80%). Au talie elastic\u0103, iar burdufurile, clapele, chei\u021bele de fermoar \u0219i tivul sunt \u00eentr-o culoare contrastant\u0103. Prezint\u0103 benzi reflectorizante.<\/p>\n<p>Con\u021bin \u0219ase buzunare: 2 buzunare franceze, 2 buzunare laterale cu burduf \u0219i 2 buzunare la spate.<\/p>\n<p>Produsul este \u00een conformitate cu Regulamentul UE 2016\/425, certificat EN20471 \u0219i clasa N\u00ba 1.<\/p>\n<p>M\u0103rimi disponibile: S, M, L, XL, 2XL, 3XL.<\/p>\n<table>\n<tr>\n<td><strong>Exterior box (m):<\/strong><\/td>\n<td>0.200&#215;0.377&#215;0.580<\/td>\n<\/tr>\n<tr>\n<td><strong>Box weight (Kg.):<\/strong><\/td>\n<td>7.875<\/td>\n<\/tr>\n<tr>\n<td><strong>Exterior box (Pc.):<\/strong><\/td>\n<td>25<\/td>\n<\/tr>\n<tr>\n<td><strong>Interior box (Pc.):<\/strong><\/td>\n<td>1<\/td>\n<\/tr>\n<tr>\n<td><strong>Taric:<\/strong><\/td>\n<td>6203431100<\/td>\n<\/tr>\n<tr>\n<td><strong>Country of Origin:<\/strong><\/td>\n<td>China<\/td>\n<\/tr>\n<tr>\n<td><strong>Individual packing:<\/strong><\/td>\n<td>Polybag, Flyer<\/td>\n<\/tr>\n<tr>\n<td><strong>Packing after Printing:<\/strong><\/td>\n<td>Polybag, Flyer<\/td>\n<\/tr>\n<tr>\n<td><strong>Certificates:<\/strong><\/td>\n<td>DOC<\/td>\n<\/tr>\n<tr>\n<td><strong>Material weight:<\/strong><\/td>\n<td>210 g\/m\u00b2<\/td>\n<\/tr>\n<\/table>\n","protected":false},"excerpt":{"rendered":"<p>Pantaloni scur\u021bi bicolori, cu buzunare multiple (210 g\/m\u00b2) din bumbac (20%) \u0219i poliester (80%), cu talie elastic\u0103 contrastant\u0103, buzunare, revere, cordon \u0219i fund. Cu dungi reflectorizante. Include \u0219ase buzunare (2 buzunare franceze, 2 buzunare laterale \u0219i 2 buzunare spate). \u00cen conformitate cu Regulamentul UE 2016\/425, certificat EN20471 \u0219i clasificat \u00een clasa 1<\/p>\n","protected":false},"featured_media":43666,"comment_status":"closed","ping_status":"open","template":"","meta":{"_joinchat":[]},"product_brand":[2760],"product_cat":[2650],"product_tag":[],"class_list":{"0":"post-114575","1":"product","2":"type-product","3":"status-publish","4":"has-post-thumbnail","6":"product_brand-velilla-ro","7":"product_cat-textile","8":"pa_size-2xl-2","9":"pa_size-3xl-2","10":"pa_size-l-2","11":"pa_size-m-2","12":"pa_size-s-2","13":"pa_size-xl-2","15":"first","16":"instock","17":"taxable","18":"shipping-taxable","19":"purchasable","20":"product-type-variable"},"_links":{"self":[{"href":"https:\/\/web2print.ro\/shop\/wp-json\/wp\/v2\/product\/114575","targetHints":{"allow":["GET"]}}],"collection":[{"href":"https:\/\/web2print.ro\/shop\/wp-json\/wp\/v2\/product"}],"about":[{"href":"https:\/\/web2print.ro\/shop\/wp-json\/wp\/v2\/types\/product"}],"replies":[{"embeddable":true,"href":"https:\/\/web2print.ro\/shop\/wp-json\/wp\/v2\/comments?post=114575"}],"wp:featuredmedia":[{"embeddable":true,"href":"https:\/\/web2print.ro\/shop\/wp-json\/wp\/v2\/media\/43666"}],"wp:attachment":[{"href":"https:\/\/web2print.ro\/shop\/wp-json\/wp\/v2\/media?parent=114575"}],"wp:term":[{"taxonomy":"product_brand","embeddable":true,"href":"https:\/\/web2print.ro\/shop\/wp-json\/wp\/v2\/product_brand?post=114575"},{"taxonomy":"product_cat","embeddable":true,"href":"https:\/\/web2print.ro\/shop\/wp-json\/wp\/v2\/product_cat?post=114575"},{"taxonomy":"product_tag","embeddable":true,"href":"https:\/\/web2print.ro\/shop\/wp-json\/wp\/v2\/product_tag?post=114575"}],"curies":[{"name":"wp","href":"https:\/\/api.w.org\/{rel}","templated":true}]}}