{"id":115335,"date":"2025-06-10T14:20:30","date_gmt":"2025-06-10T11:20:30","guid":{"rendered":"https:\/\/web-support.eu\/web2print\/product\/vl-enlil-sapca-sanitara-din-twill-190g-m%c2%b2-din-bumbac-35-si-poliester-65\/"},"modified":"2026-05-07T00:35:03","modified_gmt":"2026-05-06T21:35:03","slug":"vl-enlil-sapca-sanitara-din-twill-190g-m%c2%b2-din-bumbac-35-si-poliester-65","status":"publish","type":"product","link":"https:\/\/web2print.ro\/shop\/vl-enlil-sapca-sanitara-din-twill-190g-m%c2%b2-din-bumbac-35-si-poliester-65\/","title":{"rendered":"VL ENLIL. \u0218apc\u0103 sanitar\u0103 din twill (190g\/m\u00b2), din bumbac (35%) \u0219i poliester (65%) personalizat\u0103"},"content":{"rendered":"<p>Bonet\u0103 sanitar\u0103 din twill (190g\/m\u00b2), confec\u021bionat\u0103 din bumbac (35%) \u0219i poliester (65%). Prezint\u0103 elastic la spate \u0219i este ajustabil\u0103 cu \u0219nururi.<\/p>\n<p>M\u0103rime unic\u0103: \u00f8630 x 100 mm.<\/p>\n<table>\n<tr>\n<td><strong>Exterior box (m):<\/strong><\/td>\n<td>0.190&#215;0.350&#215;0.470<\/td>\n<\/tr>\n<tr>\n<td><strong>Box weight (Kg.):<\/strong><\/td>\n<td>5.625<\/td>\n<\/tr>\n<tr>\n<td><strong>Exterior box (Pc.):<\/strong><\/td>\n<td>75<\/td>\n<\/tr>\n<tr>\n<td><strong>Interior box (Pc.):<\/strong><\/td>\n<td>1<\/td>\n<\/tr>\n<tr>\n<td><strong>Taric:<\/strong><\/td>\n<td>6505009000<\/td>\n<\/tr>\n<tr>\n<td><strong>Country of Origin:<\/strong><\/td>\n<td>Spain<\/td>\n<\/tr>\n<tr>\n<td><strong>Individual packing:<\/strong><\/td>\n<td>Polybag<\/td>\n<\/tr>\n<tr>\n<td><strong>Packing after Printing:<\/strong><\/td>\n<td>Polybag<\/td>\n<\/tr>\n<tr>\n<td><strong>Certificates:<\/strong><\/td>\n<td>SOC<\/td>\n<\/tr>\n<tr>\n<td><strong>Material weight:<\/strong><\/td>\n<td>190 g\/m\u00b2<\/td>\n<\/tr>\n<\/table>\n","protected":false},"excerpt":{"rendered":"<p>\u0218apc\u0103 sanitar\u0103 din twill (190g\/m\u00b2), din bumbac (35%) \u0219i poliester (65%). Cu elastic la spate \u0219i reglabil\u0103 cu panglici<\/p>\n","protected":false},"featured_media":45253,"comment_status":"closed","ping_status":"open","template":"","meta":{"_joinchat":[]},"product_brand":[2760],"product_cat":[2650],"product_tag":[],"class_list":{"0":"post-115335","1":"product","2":"type-product","3":"status-publish","4":"has-post-thumbnail","6":"product_brand-velilla-ro","7":"product_cat-textile","9":"first","10":"instock","11":"taxable","12":"shipping-taxable","13":"purchasable","14":"product-type-variable"},"_links":{"self":[{"href":"https:\/\/web2print.ro\/shop\/wp-json\/wp\/v2\/product\/115335","targetHints":{"allow":["GET"]}}],"collection":[{"href":"https:\/\/web2print.ro\/shop\/wp-json\/wp\/v2\/product"}],"about":[{"href":"https:\/\/web2print.ro\/shop\/wp-json\/wp\/v2\/types\/product"}],"replies":[{"embeddable":true,"href":"https:\/\/web2print.ro\/shop\/wp-json\/wp\/v2\/comments?post=115335"}],"wp:featuredmedia":[{"embeddable":true,"href":"https:\/\/web2print.ro\/shop\/wp-json\/wp\/v2\/media\/45253"}],"wp:attachment":[{"href":"https:\/\/web2print.ro\/shop\/wp-json\/wp\/v2\/media?parent=115335"}],"wp:term":[{"taxonomy":"product_brand","embeddable":true,"href":"https:\/\/web2print.ro\/shop\/wp-json\/wp\/v2\/product_brand?post=115335"},{"taxonomy":"product_cat","embeddable":true,"href":"https:\/\/web2print.ro\/shop\/wp-json\/wp\/v2\/product_cat?post=115335"},{"taxonomy":"product_tag","embeddable":true,"href":"https:\/\/web2print.ro\/shop\/wp-json\/wp\/v2\/product_tag?post=115335"}],"curies":[{"name":"wp","href":"https:\/\/api.w.org\/{rel}","templated":true}]}}