{"id":115754,"date":"2025-06-10T14:20:23","date_gmt":"2025-06-10T11:20:23","guid":{"rendered":"https:\/\/web-support.eu\/web2print\/product\/vl-veles-camasa-polo-pique-stretch-bicolor-200-g-m%c2%b2-cu-maneci-scurte-din-poliester-96-si-elastan-4\/"},"modified":"2026-05-07T01:21:03","modified_gmt":"2026-05-06T22:21:03","slug":"vl-veles-camasa-polo-pique-stretch-bicolor-200-g-m%c2%b2-cu-maneci-scurte-din-poliester-96-si-elastan-4","status":"publish","type":"product","link":"https:\/\/web2print.ro\/shop\/vl-veles-camasa-polo-pique-stretch-bicolor-200-g-m%c2%b2-cu-maneci-scurte-din-poliester-96-si-elastan-4\/","title":{"rendered":"VL VELES. C\u0103ma\u0219\u0103 polo piqu\u00e9 stretch bicolor (200 g\/m\u00b2), cu m\u00e2neci scurte, din poliester (96%) \u0219i elastan (4%) personalizat\u0103"},"content":{"rendered":"<p>Bluz\u0103 polo Two-tone piqu\u00e9 elastic\u0103 (200g\/m\u00b2) cu m\u00e2nec\u0103 scurt\u0103, din poliester (96%) \u0219i elastan (4%). Sistem de \u00eenchidere cu nasturi. Nasturi \u00een culoare contrastant\u0103, guler striat, fent\u0103 \u0219i tiv striat la m\u00e2neci. M\u0103rimi: XS, S, M, L, XL, 2XL, 3XL.<\/p>\n<table>\n<tr>\n<td><strong>Exterior box (m):<\/strong><\/td>\n<td>0.260&#215;0.360&#215;0.540<\/td>\n<\/tr>\n<tr>\n<td><strong>Box weight (Kg.):<\/strong><\/td>\n<td>6.125<\/td>\n<\/tr>\n<tr>\n<td><strong>Exterior box (Pc.):<\/strong><\/td>\n<td>25<\/td>\n<\/tr>\n<tr>\n<td><strong>Interior box (Pc.):<\/strong><\/td>\n<td>1<\/td>\n<\/tr>\n<tr>\n<td><strong>Taric:<\/strong><\/td>\n<td>6105100000<\/td>\n<\/tr>\n<tr>\n<td><strong>Country of Origin:<\/strong><\/td>\n<td>Bangladesh<\/td>\n<\/tr>\n<tr>\n<td><strong>Individual packing:<\/strong><\/td>\n<td>Polybag<\/td>\n<\/tr>\n<tr>\n<td><strong>Packing after Printing:<\/strong><\/td>\n<td>Polybag<\/td>\n<\/tr>\n<tr>\n<td><strong>Certificates:<\/strong><\/td>\n<td>SOC<\/td>\n<\/tr>\n<tr>\n<td><strong>Material weight:<\/strong><\/td>\n<td>200 g\/m\u00b2<\/td>\n<\/tr>\n<\/table>\n","protected":false},"excerpt":{"rendered":"<p>Tricou polo bicolor din piqu\u00e9 stretch (200g\/m\u00b2) cu m\u00e2neci scurte, din poliester (96%) \u0219i elastan (4%). Cu sistem de \u00eenchidere cu nasturi. Nasturi de culoare contrastant\u0103, guler canelat, croial\u0103 \u0219i ornamente canelate pe m\u00e2neci<\/p>\n","protected":false},"featured_media":46113,"comment_status":"closed","ping_status":"open","template":"","meta":{"_joinchat":[]},"product_brand":[2760],"product_cat":[2650],"product_tag":[],"class_list":{"0":"post-115754","1":"product","2":"type-product","3":"status-publish","4":"has-post-thumbnail","6":"product_brand-velilla-ro","7":"product_cat-textile","8":"pa_size-2xl-2","9":"pa_size-3xl-2","10":"pa_size-l-2","11":"pa_size-m-2","12":"pa_size-s-2","13":"pa_size-xl-2","14":"pa_size-xs-2","16":"first","17":"instock","18":"taxable","19":"shipping-taxable","20":"purchasable","21":"product-type-variable"},"_links":{"self":[{"href":"https:\/\/web2print.ro\/shop\/wp-json\/wp\/v2\/product\/115754","targetHints":{"allow":["GET"]}}],"collection":[{"href":"https:\/\/web2print.ro\/shop\/wp-json\/wp\/v2\/product"}],"about":[{"href":"https:\/\/web2print.ro\/shop\/wp-json\/wp\/v2\/types\/product"}],"replies":[{"embeddable":true,"href":"https:\/\/web2print.ro\/shop\/wp-json\/wp\/v2\/comments?post=115754"}],"wp:featuredmedia":[{"embeddable":true,"href":"https:\/\/web2print.ro\/shop\/wp-json\/wp\/v2\/media\/46113"}],"wp:attachment":[{"href":"https:\/\/web2print.ro\/shop\/wp-json\/wp\/v2\/media?parent=115754"}],"wp:term":[{"taxonomy":"product_brand","embeddable":true,"href":"https:\/\/web2print.ro\/shop\/wp-json\/wp\/v2\/product_brand?post=115754"},{"taxonomy":"product_cat","embeddable":true,"href":"https:\/\/web2print.ro\/shop\/wp-json\/wp\/v2\/product_cat?post=115754"},{"taxonomy":"product_tag","embeddable":true,"href":"https:\/\/web2print.ro\/shop\/wp-json\/wp\/v2\/product_tag?post=115754"}],"curies":[{"name":"wp","href":"https:\/\/api.w.org\/{rel}","templated":true}]}}