{"id":115804,"date":"2025-06-10T14:20:22","date_gmt":"2025-06-10T11:20:22","guid":{"rendered":"https:\/\/web-support.eu\/web2print\/product\/yeats-ecuson-extensibil\/"},"modified":"2026-05-07T01:23:03","modified_gmt":"2026-05-06T22:23:03","slug":"yeats-ecuson-extensibil","status":"publish","type":"product","link":"https:\/\/web2print.ro\/shop\/yeats-ecuson-extensibil\/","title":{"rendered":"YEATS. Ecuson extensibil personalizat"},"content":{"rendered":"<p>Suport extensibil pentru ecuson. P\u00e2n\u0103 la 900 mm. Clem\u0103 transparent\u0103 \u0219i buton pentru ad\u0103ugarea cardului sau a permisului. Mecanism retractabil care permite prezentarea \u00een siguran\u021b\u0103 \u0219i confort a cardului sau a legitima\u021biei. \u00f832 x 9 mm.<\/p>\n<table>\n<tr>\n<td><strong>Exterior box (m):<\/strong><\/td>\n<td>0.490X0.270X0.340<\/td>\n<\/tr>\n<tr>\n<td><strong>Box weight (Kg.):<\/strong><\/td>\n<td>12.4<\/td>\n<\/tr>\n<tr>\n<td><strong>Exterior box (Pc.):<\/strong><\/td>\n<td>1000<\/td>\n<\/tr>\n<tr>\n<td><strong>Interior box (Pc.):<\/strong><\/td>\n<td>50<\/td>\n<\/tr>\n<tr>\n<td><strong>Taric:<\/strong><\/td>\n<td>3926100000<\/td>\n<\/tr>\n<tr>\n<td><strong>Country of Origin:<\/strong><\/td>\n<td>China<\/td>\n<\/tr>\n<tr>\n<td><strong>Individual packing:<\/strong><\/td>\n<td>Polybag<\/td>\n<\/tr>\n<tr>\n<td><strong>Packing after Printing:<\/strong><\/td>\n<td>Without individual polybag<\/td>\n<\/tr>\n<tr>\n<td><strong>Certificates:<\/strong><\/td>\n<td>REACH<\/td>\n<\/tr>\n<\/table>\n","protected":false},"excerpt":{"rendered":"<p>Suport pentru ecuson cu clip metalic extensibil p\u00e2n\u0103 la 900 mm. Cu un clip transparent \u0219i buton pentru a ad\u0103uga un sac de suport pentru card. Mecanismul retractabil permite ca cardul sau acreditarea s\u0103 fie prezentate \u00een siguran\u021b\u0103 \u0219i confortabil<\/p>\n","protected":false},"featured_media":46251,"comment_status":"closed","ping_status":"open","template":"","meta":{"_joinchat":[]},"product_brand":[2753],"product_cat":[453],"product_tag":[],"class_list":{"0":"post-115804","1":"product","2":"type-product","3":"status-publish","4":"has-post-thumbnail","6":"product_brand-hidea-ro","7":"product_cat-brelocuri","9":"first","10":"instock","11":"taxable","12":"shipping-taxable","13":"purchasable","14":"product-type-variable"},"_links":{"self":[{"href":"https:\/\/web2print.ro\/shop\/wp-json\/wp\/v2\/product\/115804","targetHints":{"allow":["GET"]}}],"collection":[{"href":"https:\/\/web2print.ro\/shop\/wp-json\/wp\/v2\/product"}],"about":[{"href":"https:\/\/web2print.ro\/shop\/wp-json\/wp\/v2\/types\/product"}],"replies":[{"embeddable":true,"href":"https:\/\/web2print.ro\/shop\/wp-json\/wp\/v2\/comments?post=115804"}],"wp:featuredmedia":[{"embeddable":true,"href":"https:\/\/web2print.ro\/shop\/wp-json\/wp\/v2\/media\/46251"}],"wp:attachment":[{"href":"https:\/\/web2print.ro\/shop\/wp-json\/wp\/v2\/media?parent=115804"}],"wp:term":[{"taxonomy":"product_brand","embeddable":true,"href":"https:\/\/web2print.ro\/shop\/wp-json\/wp\/v2\/product_brand?post=115804"},{"taxonomy":"product_cat","embeddable":true,"href":"https:\/\/web2print.ro\/shop\/wp-json\/wp\/v2\/product_cat?post=115804"},{"taxonomy":"product_tag","embeddable":true,"href":"https:\/\/web2print.ro\/shop\/wp-json\/wp\/v2\/product_tag?post=115804"}],"curies":[{"name":"wp","href":"https:\/\/api.w.org\/{rel}","templated":true}]}}