{"id":115818,"date":"2025-06-10T14:20:21","date_gmt":"2025-06-10T11:20:21","guid":{"rendered":"https:\/\/web-support.eu\/web2print\/product\/grace-pahar-de-calatorie-din-otel-inoxidabil-de-540-ml\/"},"modified":"2026-05-07T01:23:08","modified_gmt":"2026-05-06T22:23:08","slug":"grace-pahar-de-calatorie-din-otel-inoxidabil-de-540-ml","status":"publish","type":"product","link":"https:\/\/web2print.ro\/shop\/grace-pahar-de-calatorie-din-otel-inoxidabil-de-540-ml\/","title":{"rendered":"GRACE. Pahar de c\u0103l\u0103torie din o\u021bel inoxidabil de 540 ml personalizat"},"content":{"rendered":"<p>Cana termic\u0103 de c\u0103l\u0103torie din o\u021bel inoxidabil, cu \u00eenveli\u0219 pulbere \u0219i perete dublu izolat \u00een vid. Ideal\u0103 pentru a-\u021bi men\u021bine b\u0103uturile calde sau reci. Capacitate de p\u00e2n\u0103 la 540 ml. Furnizat\u0103 \u00eentr-o cutie cadou din kraft. \u00f885 x 154 mm.<\/p>\n<table>\n<tr>\n<td><strong>Exterior box (m):<\/strong><\/td>\n<td>0.470X0.470X0.340<\/td>\n<\/tr>\n<tr>\n<td><strong>Box weight (Kg.):<\/strong><\/td>\n<td>13<\/td>\n<\/tr>\n<tr>\n<td><strong>Exterior box (Pc.):<\/strong><\/td>\n<td>50<\/td>\n<\/tr>\n<tr>\n<td><strong>Interior box (Pc.):<\/strong><\/td>\n<td>1<\/td>\n<\/tr>\n<tr>\n<td><strong>Taric:<\/strong><\/td>\n<td>7323930090<\/td>\n<\/tr>\n<tr>\n<td><strong>Country of Origin:<\/strong><\/td>\n<td>China<\/td>\n<\/tr>\n<tr>\n<td><strong>Individual packing:<\/strong><\/td>\n<td>Polybag, Box<\/td>\n<\/tr>\n<tr>\n<td><strong>Packing after Printing:<\/strong><\/td>\n<td>Polybag, Box<\/td>\n<\/tr>\n<\/table>\n","protected":false},"excerpt":{"rendered":"<p>Cana termic\u0103 de c\u0103l\u0103torie din o\u021bel inoxidabil, cu acoperire cu pulbere \u0219i perete dublu izolat \u00een vid. Ideal pentru a v\u0103 p\u0103stra b\u0103uturile calde sau reci. Capacitate de p\u00e2n\u0103 la 540 ml. Furnizat \u00eentr-o cutie cadou kraft<\/p>\n","protected":false},"featured_media":46321,"comment_status":"closed","ping_status":"open","template":"","meta":{"_joinchat":[]},"product_brand":[2753],"product_cat":[2859],"product_tag":[],"class_list":{"0":"post-115818","1":"product","2":"type-product","3":"status-publish","4":"has-post-thumbnail","6":"product_brand-hidea-ro","7":"product_cat-cani-si-pahare","9":"first","10":"instock","11":"taxable","12":"shipping-taxable","13":"purchasable","14":"product-type-variable"},"_links":{"self":[{"href":"https:\/\/web2print.ro\/shop\/wp-json\/wp\/v2\/product\/115818","targetHints":{"allow":["GET"]}}],"collection":[{"href":"https:\/\/web2print.ro\/shop\/wp-json\/wp\/v2\/product"}],"about":[{"href":"https:\/\/web2print.ro\/shop\/wp-json\/wp\/v2\/types\/product"}],"replies":[{"embeddable":true,"href":"https:\/\/web2print.ro\/shop\/wp-json\/wp\/v2\/comments?post=115818"}],"wp:featuredmedia":[{"embeddable":true,"href":"https:\/\/web2print.ro\/shop\/wp-json\/wp\/v2\/media\/46321"}],"wp:attachment":[{"href":"https:\/\/web2print.ro\/shop\/wp-json\/wp\/v2\/media?parent=115818"}],"wp:term":[{"taxonomy":"product_brand","embeddable":true,"href":"https:\/\/web2print.ro\/shop\/wp-json\/wp\/v2\/product_brand?post=115818"},{"taxonomy":"product_cat","embeddable":true,"href":"https:\/\/web2print.ro\/shop\/wp-json\/wp\/v2\/product_cat?post=115818"},{"taxonomy":"product_tag","embeddable":true,"href":"https:\/\/web2print.ro\/shop\/wp-json\/wp\/v2\/product_tag?post=115818"}],"curies":[{"name":"wp","href":"https:\/\/api.w.org\/{rel}","templated":true}]}}