{"id":116205,"date":"2025-06-09T15:29:15","date_gmt":"2025-06-09T12:29:15","guid":{"rendered":"https:\/\/web-support.eu\/web2print\/product\/lesley-metallic-pix-din-aluminiu-cu-clip-si-mecanism-de-rasucire\/"},"modified":"2026-05-07T01:55:03","modified_gmt":"2026-05-06T22:55:03","slug":"lesley-metallic-pix-din-aluminiu-cu-clip-si-mecanism-de-rasucire","status":"publish","type":"product","link":"https:\/\/web2print.ro\/shop\/lesley-metallic-pix-din-aluminiu-cu-clip-si-mecanism-de-rasucire\/","title":{"rendered":"Lantern\u0103 LED, din aluminiu personalizat\u0103"},"content":{"rendered":"<p>Lantern\u0103 LED, din aluminiu cu 3 func\u0163ii diferite de iluminare: continuu, SOS \u0219i intermitent. Putere de 10W, are \u0219i curea de m\u00e2n\u0103.<\/p>\n<p>Dimensiune: \u00f8 3,6 \u00d7 13,6 cm<\/p>\n<p>Greutate:\u00a00.243<\/p>\n<p>Origine: CN<\/p>\n<p>Tariff:\u00a085131000<\/p>\n","protected":false},"excerpt":{"rendered":"<p>Pix din aluminiu cu clip si mecanism de r\u0103sucire. Cerneal\u0103 albastr\u0103<\/p>\n","protected":false},"featured_media":419764,"comment_status":"closed","ping_status":"closed","template":"","meta":{"_joinchat":[]},"product_brand":[2753],"product_cat":[3063],"product_tag":[],"class_list":{"0":"post-116205","1":"product","2":"type-product","3":"status-publish","4":"has-post-thumbnail","6":"product_brand-hidea-ro","7":"product_cat-writing-tools","9":"first","10":"instock","11":"taxable","12":"shipping-taxable","13":"purchasable","14":"product-type-variable"},"_links":{"self":[{"href":"https:\/\/web2print.ro\/shop\/wp-json\/wp\/v2\/product\/116205","targetHints":{"allow":["GET"]}}],"collection":[{"href":"https:\/\/web2print.ro\/shop\/wp-json\/wp\/v2\/product"}],"about":[{"href":"https:\/\/web2print.ro\/shop\/wp-json\/wp\/v2\/types\/product"}],"replies":[{"embeddable":true,"href":"https:\/\/web2print.ro\/shop\/wp-json\/wp\/v2\/comments?post=116205"}],"wp:featuredmedia":[{"embeddable":true,"href":"https:\/\/web2print.ro\/shop\/wp-json\/wp\/v2\/media\/419764"}],"wp:attachment":[{"href":"https:\/\/web2print.ro\/shop\/wp-json\/wp\/v2\/media?parent=116205"}],"wp:term":[{"taxonomy":"product_brand","embeddable":true,"href":"https:\/\/web2print.ro\/shop\/wp-json\/wp\/v2\/product_brand?post=116205"},{"taxonomy":"product_cat","embeddable":true,"href":"https:\/\/web2print.ro\/shop\/wp-json\/wp\/v2\/product_cat?post=116205"},{"taxonomy":"product_tag","embeddable":true,"href":"https:\/\/web2print.ro\/shop\/wp-json\/wp\/v2\/product_tag?post=116205"}],"curies":[{"name":"wp","href":"https:\/\/api.w.org\/{rel}","templated":true}]}}