{"id":116234,"date":"2025-06-10T14:20:09","date_gmt":"2025-06-10T11:20:09","guid":{"rendered":"https:\/\/web-support.eu\/web2print\/product\/imperio-set-roler-si-pix-in-metal\/"},"modified":"2026-05-07T01:55:05","modified_gmt":"2026-05-06T22:55:05","slug":"imperio-set-roler-si-pix-in-metal","status":"publish","type":"product","link":"https:\/\/web2print.ro\/shop\/imperio-set-roler-si-pix-in-metal\/","title":{"rendered":"IMPERIO. Set roler si pix \u00een metal personalizat"},"content":{"rendered":"<p>Set de pixuri cu mecanism rotativ \u0219i roller metalic, ambele cu clips. Cerneal\u0103 albastr\u0103. Livrat \u00eentr-o cutie de cadou c\u0103ptu\u0219it\u0103. Pix: \u00f813 x 137 mm | Roller: \u00f813 x 137 mm | Cutie: 180 x 30 x 56 mm<\/p>\n<table>\n<tr>\n<td><strong>Exterior cutie (m):<\/strong><\/td>\n<td>0.400X0.380X0.310<\/td>\n<\/tr>\n<tr>\n<td><strong>Greutate cutie (Kg.):<\/strong><\/td>\n<td>17<\/td>\n<\/tr>\n<tr>\n<td><strong>Exterior cutie (Pc.):<\/strong><\/td>\n<td>100<\/td>\n<\/tr>\n<tr>\n<td><strong>Interior cutie (Pc.):<\/strong><\/td>\n<td>25<\/td>\n<\/tr>\n<tr>\n<td><strong>Taric:<\/strong><\/td>\n<td>9608109900<\/td>\n<\/tr>\n<tr>\n<td><strong>\u021aara de origine:<\/strong><\/td>\n<td>China<\/td>\n<\/tr>\n<tr>\n<td><strong>Ambalare individual\u0103:<\/strong><\/td>\n<td>Polybag, Coperta neagra, Cutie cadou<\/td>\n<\/tr>\n<tr>\n<td><strong>Ambalarea dup\u0103 imprimare:<\/strong><\/td>\n<td>Fara polybag, Cutie cadou, Coperta neagra<\/td>\n<\/tr>\n<tr>\n<td><strong>Certificate:<\/strong><\/td>\n<td>MSDS<\/td>\n<\/tr>\n<\/table>\n","protected":false},"excerpt":{"rendered":"<p>Set de pixuri cu mecanism rotativ \u0219i roller metalic, ambele cu clips. Cerneal\u0103 albastr\u0103. Livrat \u00eentr-o cutie de cadou c\u0103ptu\u0219it\u0103<\/p>\n","protected":false},"featured_media":48008,"comment_status":"closed","ping_status":"open","template":"","meta":{"_joinchat":[]},"product_brand":[2753],"product_cat":[3063],"product_tag":[],"class_list":{"0":"post-116234","1":"product","2":"type-product","3":"status-publish","4":"has-post-thumbnail","6":"product_brand-hidea-ro","7":"product_cat-writing-tools","8":"pa_culoare-negru","10":"first","11":"outofstock","12":"product-type-variable"},"_links":{"self":[{"href":"https:\/\/web2print.ro\/shop\/wp-json\/wp\/v2\/product\/116234","targetHints":{"allow":["GET"]}}],"collection":[{"href":"https:\/\/web2print.ro\/shop\/wp-json\/wp\/v2\/product"}],"about":[{"href":"https:\/\/web2print.ro\/shop\/wp-json\/wp\/v2\/types\/product"}],"replies":[{"embeddable":true,"href":"https:\/\/web2print.ro\/shop\/wp-json\/wp\/v2\/comments?post=116234"}],"wp:featuredmedia":[{"embeddable":true,"href":"https:\/\/web2print.ro\/shop\/wp-json\/wp\/v2\/media\/48008"}],"wp:attachment":[{"href":"https:\/\/web2print.ro\/shop\/wp-json\/wp\/v2\/media?parent=116234"}],"wp:term":[{"taxonomy":"product_brand","embeddable":true,"href":"https:\/\/web2print.ro\/shop\/wp-json\/wp\/v2\/product_brand?post=116234"},{"taxonomy":"product_cat","embeddable":true,"href":"https:\/\/web2print.ro\/shop\/wp-json\/wp\/v2\/product_cat?post=116234"},{"taxonomy":"product_tag","embeddable":true,"href":"https:\/\/web2print.ro\/shop\/wp-json\/wp\/v2\/product_tag?post=116234"}],"curies":[{"name":"wp","href":"https:\/\/api.w.org\/{rel}","templated":true}]}}