{"id":116251,"date":"2025-06-10T14:20:10","date_gmt":"2025-06-10T11:20:10","guid":{"rendered":"https:\/\/web-support.eu\/web2print\/product\/stain-roller-metalic-si-clip-din-otel-inoxidabil\/"},"modified":"2025-12-10T10:35:45","modified_gmt":"2025-12-10T08:35:45","slug":"stain-roller-metalic-si-clip-din-otel-inoxidabil","status":"publish","type":"product","link":"https:\/\/web2print.ro\/shop\/stain-roller-metalic-si-clip-din-otel-inoxidabil\/","title":{"rendered":"STAIN. rol\u0103 metalic\u0103 \u0219i clip din o\u021bel inoxidabil personalizate"},"content":{"rendered":"<p>Roller metalic cu clem\u0103 din o\u021bel inoxidabil. Min\u0103 cu cerneal\u0103 Dokumental\u00ae \u0219i cerneal\u0103 neagr\u0103. Livrat \u00eentr-o cutie cadou. \u00f810 x 135 mm | Cutie: 55 x 30 x 190 mm.<\/p>\n<table>\n<tr>\n<td><strong>Exterior box (m):<\/strong><\/td>\n<td>0.330X0.400X0.420<\/td>\n<\/tr>\n<tr>\n<td><strong>Box weight (Kg.):<\/strong><\/td>\n<td>15<\/td>\n<\/tr>\n<tr>\n<td><strong>Exterior box (Pc.):<\/strong><\/td>\n<td>100<\/td>\n<\/tr>\n<tr>\n<td><strong>Interior box (Pc.):<\/strong><\/td>\n<td>50<\/td>\n<\/tr>\n<tr>\n<td><strong>Taric:<\/strong><\/td>\n<td>9608101000<\/td>\n<\/tr>\n<tr>\n<td><strong>Country of Origin:<\/strong><\/td>\n<td>China<\/td>\n<\/tr>\n<tr>\n<td><strong>Individual packing:<\/strong><\/td>\n<td>Polybag, Gift box<\/td>\n<\/tr>\n<tr>\n<td><strong>Packing after Printing:<\/strong><\/td>\n<td>Without individual polybag, Gift box<\/td>\n<\/tr>\n<tr>\n<td><strong>Certificates:<\/strong><\/td>\n<td>MSDS<\/td>\n<\/tr>\n<\/table>\n","protected":false},"excerpt":{"rendered":"<p>Roller metalic \u0219i clip din o\u021bel inoxidabil. Refill Dokumental Ink\u00ae \u0219i cerneal\u0103 neagr\u0103. Livrat \u00eentr-o cutie cadou<\/p>\n","protected":false},"featured_media":48139,"comment_status":"closed","ping_status":"open","template":"","meta":{"_joinchat":[]},"product_brand":[2761],"product_cat":[3063],"product_tag":[],"class_list":{"0":"post-116251","1":"product","2":"type-product","3":"status-publish","4":"has-post-thumbnail","6":"product_brand-branve-ro","7":"product_cat-writing-tools","9":"first","10":"instock","11":"taxable","12":"shipping-taxable","13":"purchasable","14":"product-type-variable"},"_links":{"self":[{"href":"https:\/\/web2print.ro\/shop\/wp-json\/wp\/v2\/product\/116251","targetHints":{"allow":["GET"]}}],"collection":[{"href":"https:\/\/web2print.ro\/shop\/wp-json\/wp\/v2\/product"}],"about":[{"href":"https:\/\/web2print.ro\/shop\/wp-json\/wp\/v2\/types\/product"}],"replies":[{"embeddable":true,"href":"https:\/\/web2print.ro\/shop\/wp-json\/wp\/v2\/comments?post=116251"}],"wp:featuredmedia":[{"embeddable":true,"href":"https:\/\/web2print.ro\/shop\/wp-json\/wp\/v2\/media\/48139"}],"wp:attachment":[{"href":"https:\/\/web2print.ro\/shop\/wp-json\/wp\/v2\/media?parent=116251"}],"wp:term":[{"taxonomy":"product_brand","embeddable":true,"href":"https:\/\/web2print.ro\/shop\/wp-json\/wp\/v2\/product_brand?post=116251"},{"taxonomy":"product_cat","embeddable":true,"href":"https:\/\/web2print.ro\/shop\/wp-json\/wp\/v2\/product_cat?post=116251"},{"taxonomy":"product_tag","embeddable":true,"href":"https:\/\/web2print.ro\/shop\/wp-json\/wp\/v2\/product_tag?post=116251"}],"curies":[{"name":"wp","href":"https:\/\/api.w.org\/{rel}","templated":true}]}}