{"id":259147,"date":"2025-06-06T13:00:16","date_gmt":"2025-06-06T10:00:16","guid":{"rendered":"https:\/\/localhost\/web2print\/product\/set-de-6-pahare-pentru-bauturi\/"},"modified":"2025-12-10T10:31:20","modified_gmt":"2025-12-10T08:31:20","slug":"set-de-6-pahare-pentru-bauturi","status":"publish","type":"product","link":"https:\/\/web2print.ro\/shop\/set-de-6-pahare-pentru-bauturi\/","title":{"rendered":"Set de 6 pahare pentru b\u0103uturi personalizat"},"content":{"rendered":"<p>Set de 6 pahare lungi din cristal, suflate manual. Logo-ul dumneavoastr\u0103 va fi imprimat pe o etichet\u0103 \u0219i lipit pe cutie.<\/p>\n","protected":false},"excerpt":{"rendered":"<p>Set compus din 6 pahare lungi de cristal. Produs artizanal. Pot fi sp\u0103late \u015fi \u00een ma\u015fina de sp\u0103lat vase.<\/p>\n","protected":false},"featured_media":130736,"comment_status":"closed","ping_status":"open","template":"","meta":{"_joinchat":[]},"product_brand":[],"product_cat":[2789],"product_tag":[],"class_list":{"0":"post-259147","1":"product","2":"type-product","3":"status-publish","4":"has-post-thumbnail","6":"product_cat-fara-categorie","8":"first","9":"instock","10":"taxable","11":"shipping-taxable","12":"purchasable","13":"product-type-simple"},"_links":{"self":[{"href":"https:\/\/web2print.ro\/shop\/wp-json\/wp\/v2\/product\/259147","targetHints":{"allow":["GET"]}}],"collection":[{"href":"https:\/\/web2print.ro\/shop\/wp-json\/wp\/v2\/product"}],"about":[{"href":"https:\/\/web2print.ro\/shop\/wp-json\/wp\/v2\/types\/product"}],"replies":[{"embeddable":true,"href":"https:\/\/web2print.ro\/shop\/wp-json\/wp\/v2\/comments?post=259147"}],"wp:featuredmedia":[{"embeddable":true,"href":"https:\/\/web2print.ro\/shop\/wp-json\/wp\/v2\/media\/130736"}],"wp:attachment":[{"href":"https:\/\/web2print.ro\/shop\/wp-json\/wp\/v2\/media?parent=259147"}],"wp:term":[{"taxonomy":"product_brand","embeddable":true,"href":"https:\/\/web2print.ro\/shop\/wp-json\/wp\/v2\/product_brand?post=259147"},{"taxonomy":"product_cat","embeddable":true,"href":"https:\/\/web2print.ro\/shop\/wp-json\/wp\/v2\/product_cat?post=259147"},{"taxonomy":"product_tag","embeddable":true,"href":"https:\/\/web2print.ro\/shop\/wp-json\/wp\/v2\/product_tag?post=259147"}],"curies":[{"name":"wp","href":"https:\/\/api.w.org\/{rel}","templated":true}]}}