{"id":264697,"date":"2025-06-09T18:37:27","date_gmt":"2025-06-09T15:37:27","guid":{"rendered":"https:\/\/localhost\/web2print\/product\/sport-jacket-tournament-kid\/"},"modified":"2025-12-10T10:34:55","modified_gmt":"2025-12-10T08:34:55","slug":"sport-jacket-tournament-kid","status":"publish","type":"product","link":"https:\/\/web2print.ro\/shop\/sport-jacket-tournament-kid\/","title":{"rendered":"Jacheta sport turneu pentru copii personalizata"},"content":{"rendered":"<p>100% poliester. Material dublu din acetat de 250 grs\/m2. Interior periat. 2 buzunare cu fermoar. Fermoar frontal complet. Benzi laterale cu paspoal. Partea din spate: o singur\u0103 culoare. Jacheta \u0219i pantalonii se pot vinde separat. 20 de unit\u0103\u021bi per cutie: 1 m\u0103rime, 1 culoare. Pung\u0103 individual\u0103.<\/p>\n","protected":false},"excerpt":{"rendered":"<p>100% polyester. 250 grs\/m2 acetate dual- ock fabric. Brushed inside. 2 zip pockets. Total front zip. Lateralbands with pipings. Backside: only one color. Jacket and trousers can be sold separately. 20 units per box: 1 size,1 color. Individual bag.<\/p>\n","protected":false},"featured_media":463214,"comment_status":"closed","ping_status":"closed","template":"","meta":{"_joinchat":[]},"product_brand":[],"product_cat":[2789],"product_tag":[],"class_list":{"0":"post-264697","1":"product","2":"type-product","3":"status-publish","4":"has-post-thumbnail","6":"product_cat-fara-categorie","8":"first","9":"instock","10":"taxable","11":"shipping-taxable","12":"purchasable","13":"product-type-variable"},"_links":{"self":[{"href":"https:\/\/web2print.ro\/shop\/wp-json\/wp\/v2\/product\/264697","targetHints":{"allow":["GET"]}}],"collection":[{"href":"https:\/\/web2print.ro\/shop\/wp-json\/wp\/v2\/product"}],"about":[{"href":"https:\/\/web2print.ro\/shop\/wp-json\/wp\/v2\/types\/product"}],"replies":[{"embeddable":true,"href":"https:\/\/web2print.ro\/shop\/wp-json\/wp\/v2\/comments?post=264697"}],"wp:featuredmedia":[{"embeddable":true,"href":"https:\/\/web2print.ro\/shop\/wp-json\/wp\/v2\/media\/463214"}],"wp:attachment":[{"href":"https:\/\/web2print.ro\/shop\/wp-json\/wp\/v2\/media?parent=264697"}],"wp:term":[{"taxonomy":"product_brand","embeddable":true,"href":"https:\/\/web2print.ro\/shop\/wp-json\/wp\/v2\/product_brand?post=264697"},{"taxonomy":"product_cat","embeddable":true,"href":"https:\/\/web2print.ro\/shop\/wp-json\/wp\/v2\/product_cat?post=264697"},{"taxonomy":"product_tag","embeddable":true,"href":"https:\/\/web2print.ro\/shop\/wp-json\/wp\/v2\/product_tag?post=264697"}],"curies":[{"name":"wp","href":"https:\/\/api.w.org\/{rel}","templated":true}]}}