{"id":264721,"date":"2025-06-09T18:37:25","date_gmt":"2025-06-09T15:37:25","guid":{"rendered":"https:\/\/localhost\/web2print\/product\/smock-charanga-kid\/"},"modified":"2025-12-10T10:34:59","modified_gmt":"2025-12-10T08:34:59","slug":"smock-charanga-kid","status":"publish","type":"product","link":"https:\/\/web2print.ro\/shop\/smock-charanga-kid\/","title":{"rendered":"Smock Charanga pentru copii personalizat"},"content":{"rendered":"<p>65% poliester, 35% bumbac. Material poplin 120 grs\/m2. Guler rotund. \u00cenchidere frontal\u0103 cu nasturi. M\u00e2nec\u0103 lung\u0103 cu man\u0219ete cu nasturi. 40 de unit\u0103\u021bi per cutie: 1 m\u0103rime, 1 culoare. Pung\u0103 individual\u0103.<\/p>\n","protected":false},"excerpt":{"rendered":"<p>65% polyester, 35% cotton. 120 grs\/m2 poplin fabric. Round neckband. Front closure with buttons. Long sleeve with button cuffs. 40 units per box: 1 size, 1 color. Individual bag.<\/p>\n","protected":false},"featured_media":463194,"comment_status":"closed","ping_status":"closed","template":"","meta":{"_joinchat":[]},"product_brand":[],"product_cat":[2789],"product_tag":[],"class_list":{"0":"post-264721","1":"product","2":"type-product","3":"status-publish","4":"has-post-thumbnail","6":"product_cat-fara-categorie","8":"first","9":"instock","10":"taxable","11":"shipping-taxable","12":"purchasable","13":"product-type-variable"},"_links":{"self":[{"href":"https:\/\/web2print.ro\/shop\/wp-json\/wp\/v2\/product\/264721","targetHints":{"allow":["GET"]}}],"collection":[{"href":"https:\/\/web2print.ro\/shop\/wp-json\/wp\/v2\/product"}],"about":[{"href":"https:\/\/web2print.ro\/shop\/wp-json\/wp\/v2\/types\/product"}],"replies":[{"embeddable":true,"href":"https:\/\/web2print.ro\/shop\/wp-json\/wp\/v2\/comments?post=264721"}],"wp:featuredmedia":[{"embeddable":true,"href":"https:\/\/web2print.ro\/shop\/wp-json\/wp\/v2\/media\/463194"}],"wp:attachment":[{"href":"https:\/\/web2print.ro\/shop\/wp-json\/wp\/v2\/media?parent=264721"}],"wp:term":[{"taxonomy":"product_brand","embeddable":true,"href":"https:\/\/web2print.ro\/shop\/wp-json\/wp\/v2\/product_brand?post=264721"},{"taxonomy":"product_cat","embeddable":true,"href":"https:\/\/web2print.ro\/shop\/wp-json\/wp\/v2\/product_cat?post=264721"},{"taxonomy":"product_tag","embeddable":true,"href":"https:\/\/web2print.ro\/shop\/wp-json\/wp\/v2\/product_tag?post=264721"}],"curies":[{"name":"wp","href":"https:\/\/api.w.org\/{rel}","templated":true}]}}