{"id":264730,"date":"2025-06-09T18:37:23","date_gmt":"2025-06-09T15:37:23","guid":{"rendered":"https:\/\/localhost\/web2print\/product\/polar-fleece-jacket-dakota-kid\/"},"modified":"2025-12-10T10:35:02","modified_gmt":"2025-12-10T08:35:02","slug":"polar-fleece-jacket-dakota-kid","status":"publish","type":"product","link":"https:\/\/web2print.ro\/shop\/polar-fleece-jacket-dakota-kid\/","title":{"rendered":"Geac\u0103 din polar Dakota Kid personalizat\u0103"},"content":{"rendered":"<p>100% poliester. Material micropolar fleece anti-sc\u0103runchiare 300 grs\/m2. Cus\u0103turi \u00eent\u0103rite pe umeri \u0219i m\u00e2neci. Guler \u00eenalt cu strat dublu. \u00cent\u0103ritur\u0103 interioar\u0103 a gulerului. 2 buzunare frontale cu fermoar. Talie cu \u0219nur de str\u00e2ngere \u0219i opritoare. Man\u0219ete interioare din cauciuc. 20 de unit\u0103\u021bi\u2026<\/p>\n","protected":false},"excerpt":{"rendered":"<p>100% polyester. 300 grs\/m2 anti-pilling micropolar fleece fabric. Reinforced stitching on shoulders and sleeves. Double layer high collar. Inside collar reinforcement. 2 zip front pockets. Drawstring waist with stoppers. Inside rubber cuffs. 20 unit\u2026<\/p>\n","protected":false},"featured_media":282537,"comment_status":"closed","ping_status":"closed","template":"","meta":{"_joinchat":[]},"product_brand":[],"product_cat":[2789],"product_tag":[],"class_list":{"0":"post-264730","1":"product","2":"type-product","3":"status-publish","4":"has-post-thumbnail","6":"product_cat-fara-categorie","8":"first","9":"instock","10":"taxable","11":"shipping-taxable","12":"purchasable","13":"product-type-variable"},"_links":{"self":[{"href":"https:\/\/web2print.ro\/shop\/wp-json\/wp\/v2\/product\/264730","targetHints":{"allow":["GET"]}}],"collection":[{"href":"https:\/\/web2print.ro\/shop\/wp-json\/wp\/v2\/product"}],"about":[{"href":"https:\/\/web2print.ro\/shop\/wp-json\/wp\/v2\/types\/product"}],"replies":[{"embeddable":true,"href":"https:\/\/web2print.ro\/shop\/wp-json\/wp\/v2\/comments?post=264730"}],"wp:featuredmedia":[{"embeddable":true,"href":"https:\/\/web2print.ro\/shop\/wp-json\/wp\/v2\/media\/282537"}],"wp:attachment":[{"href":"https:\/\/web2print.ro\/shop\/wp-json\/wp\/v2\/media?parent=264730"}],"wp:term":[{"taxonomy":"product_brand","embeddable":true,"href":"https:\/\/web2print.ro\/shop\/wp-json\/wp\/v2\/product_brand?post=264730"},{"taxonomy":"product_cat","embeddable":true,"href":"https:\/\/web2print.ro\/shop\/wp-json\/wp\/v2\/product_cat?post=264730"},{"taxonomy":"product_tag","embeddable":true,"href":"https:\/\/web2print.ro\/shop\/wp-json\/wp\/v2\/product_tag?post=264730"}],"curies":[{"name":"wp","href":"https:\/\/api.w.org\/{rel}","templated":true}]}}