{"id":266120,"date":"2025-06-11T11:01:54","date_gmt":"2025-06-11T08:01:54","guid":{"rendered":"https:\/\/localhost\/web2print\/product\/reversible-vest-aspen\/"},"modified":"2025-12-10T10:42:25","modified_gmt":"2025-12-10T08:42:25","slug":"reversible-vest-aspen","status":"publish","type":"product","link":"https:\/\/web2print.ro\/shop\/reversible-vest-aspen\/","title":{"rendered":"Vest\u0103 reversibil\u0103 Aspen personalizat\u0103"},"content":{"rendered":"<p>Material exterior 100% poliester. Material interior fleece 100% poliester. 2 buzunare interioare. 2 buzunare exterioare. Fermoar frontal reversibil. 40 de unit\u0103\u021bi per cutie: 1 m\u0103rime, 1 culoare. Pung\u0103 individual\u0103.<\/p>\n","protected":false},"excerpt":{"rendered":"<p>Outside fabric 100% polyester. Inside fabric eece 100% polyester. 2 inside pockets.2 outside pockets. Reversible front zip. 40 units per box: 1 size, 1 color. Individual bag.<\/p>\n","protected":false},"featured_media":266127,"comment_status":"closed","ping_status":"closed","template":"","meta":{"_joinchat":[]},"product_brand":[],"product_cat":[2789],"product_tag":[],"class_list":{"0":"post-266120","1":"product","2":"type-product","3":"status-publish","4":"has-post-thumbnail","6":"product_cat-fara-categorie","8":"first","9":"instock","10":"taxable","11":"shipping-taxable","12":"purchasable","13":"product-type-variable"},"_links":{"self":[{"href":"https:\/\/web2print.ro\/shop\/wp-json\/wp\/v2\/product\/266120","targetHints":{"allow":["GET"]}}],"collection":[{"href":"https:\/\/web2print.ro\/shop\/wp-json\/wp\/v2\/product"}],"about":[{"href":"https:\/\/web2print.ro\/shop\/wp-json\/wp\/v2\/types\/product"}],"replies":[{"embeddable":true,"href":"https:\/\/web2print.ro\/shop\/wp-json\/wp\/v2\/comments?post=266120"}],"wp:featuredmedia":[{"embeddable":true,"href":"https:\/\/web2print.ro\/shop\/wp-json\/wp\/v2\/media\/266127"}],"wp:attachment":[{"href":"https:\/\/web2print.ro\/shop\/wp-json\/wp\/v2\/media?parent=266120"}],"wp:term":[{"taxonomy":"product_brand","embeddable":true,"href":"https:\/\/web2print.ro\/shop\/wp-json\/wp\/v2\/product_brand?post=266120"},{"taxonomy":"product_cat","embeddable":true,"href":"https:\/\/web2print.ro\/shop\/wp-json\/wp\/v2\/product_cat?post=266120"},{"taxonomy":"product_tag","embeddable":true,"href":"https:\/\/web2print.ro\/shop\/wp-json\/wp\/v2\/product_tag?post=266120"}],"curies":[{"name":"wp","href":"https:\/\/api.w.org\/{rel}","templated":true}]}}