{"id":266298,"date":"2025-06-11T11:01:46","date_gmt":"2025-06-11T08:01:46","guid":{"rendered":"https:\/\/localhost\/web2print\/product\/heraclio-vest\/"},"modified":"2025-12-10T10:42:32","modified_gmt":"2025-12-10T08:42:32","slug":"heraclio-vest","status":"publish","type":"product","link":"https:\/\/web2print.ro\/shop\/heraclio-vest\/","title":{"rendered":"Vest\u0103 Heraclio personalizat\u0103"},"content":{"rendered":"<p>Material exterior 100% poliester cu cus\u0103turi \u00een form\u0103 de diamant. Guler \u00eenalt. 1 buzunar cu compartiment pentru pixuri \u00een buzunarul st\u00e2ng de la piept. Elastic \u00een partea de jos. 20 de unit\u0103\u021bi per cutie. 1 unitate per pachet: 1 m\u0103rime, 1 culoare.<\/p>\n","protected":false},"excerpt":{"rendered":"<p>Outside tissue 100% polyester with diamond stitching. High collar. 1 pocket with pen department in left chest pocket. Elastic on bottom. 20 unites per box. 1 unit per package: 1 size, 1 color.<\/p>\n","protected":false},"featured_media":266307,"comment_status":"closed","ping_status":"closed","template":"","meta":{"_joinchat":[]},"product_brand":[],"product_cat":[2789],"product_tag":[],"class_list":{"0":"post-266298","1":"product","2":"type-product","3":"status-publish","4":"has-post-thumbnail","6":"product_cat-fara-categorie","8":"first","9":"instock","10":"taxable","11":"shipping-taxable","12":"purchasable","13":"product-type-variable"},"_links":{"self":[{"href":"https:\/\/web2print.ro\/shop\/wp-json\/wp\/v2\/product\/266298","targetHints":{"allow":["GET"]}}],"collection":[{"href":"https:\/\/web2print.ro\/shop\/wp-json\/wp\/v2\/product"}],"about":[{"href":"https:\/\/web2print.ro\/shop\/wp-json\/wp\/v2\/types\/product"}],"replies":[{"embeddable":true,"href":"https:\/\/web2print.ro\/shop\/wp-json\/wp\/v2\/comments?post=266298"}],"wp:featuredmedia":[{"embeddable":true,"href":"https:\/\/web2print.ro\/shop\/wp-json\/wp\/v2\/media\/266307"}],"wp:attachment":[{"href":"https:\/\/web2print.ro\/shop\/wp-json\/wp\/v2\/media?parent=266298"}],"wp:term":[{"taxonomy":"product_brand","embeddable":true,"href":"https:\/\/web2print.ro\/shop\/wp-json\/wp\/v2\/product_brand?post=266298"},{"taxonomy":"product_cat","embeddable":true,"href":"https:\/\/web2print.ro\/shop\/wp-json\/wp\/v2\/product_cat?post=266298"},{"taxonomy":"product_tag","embeddable":true,"href":"https:\/\/web2print.ro\/shop\/wp-json\/wp\/v2\/product_tag?post=266298"}],"curies":[{"name":"wp","href":"https:\/\/api.w.org\/{rel}","templated":true}]}}