{"id":266922,"date":"2025-06-11T11:01:03","date_gmt":"2025-06-11T08:01:03","guid":{"rendered":"https:\/\/localhost\/web2print\/product\/shirt-link\/"},"modified":"2025-12-10T10:41:56","modified_gmt":"2025-12-10T08:41:56","slug":"shirt-link","status":"publish","type":"product","link":"https:\/\/web2print.ro\/shop\/shirt-link\/","title":{"rendered":"Tricou Link personalizat"},"content":{"rendered":"<p>65% poliester, 35% bumbac. Material twill 190 grs\/m2. Buzunar st\u00e2ng la piept. 2 buzunare frontale. Se asorteaz\u0103 cu pantalonii POLYESTER UNITS x BAG PIXEL pag. 168. 50 de unit\u0103\u021bi per cutie: 1 m\u0103rime, 1 culoare. Pung\u0103 individual\u0103.<\/p>\n","protected":false},"excerpt":{"rendered":"<p>65% polyester, 35% cotton. 190 grs\/m2 twill fabric. Left chest pocket. 2 hip pockets. Match with PIXEL trousers pag. 168. 30 units per box: 1 size, 1 color. Individual bag.<\/p>\n","protected":false},"featured_media":284798,"comment_status":"closed","ping_status":"open","template":"","meta":{"_joinchat":[]},"product_brand":[],"product_cat":[507],"product_tag":[],"class_list":{"0":"post-266922","1":"product","2":"type-product","3":"status-publish","4":"has-post-thumbnail","6":"product_cat-sorturi-si-halate","8":"first","9":"instock","10":"taxable","11":"shipping-taxable","12":"purchasable","13":"product-type-variable"},"_links":{"self":[{"href":"https:\/\/web2print.ro\/shop\/wp-json\/wp\/v2\/product\/266922","targetHints":{"allow":["GET"]}}],"collection":[{"href":"https:\/\/web2print.ro\/shop\/wp-json\/wp\/v2\/product"}],"about":[{"href":"https:\/\/web2print.ro\/shop\/wp-json\/wp\/v2\/types\/product"}],"replies":[{"embeddable":true,"href":"https:\/\/web2print.ro\/shop\/wp-json\/wp\/v2\/comments?post=266922"}],"wp:featuredmedia":[{"embeddable":true,"href":"https:\/\/web2print.ro\/shop\/wp-json\/wp\/v2\/media\/284798"}],"wp:attachment":[{"href":"https:\/\/web2print.ro\/shop\/wp-json\/wp\/v2\/media?parent=266922"}],"wp:term":[{"taxonomy":"product_brand","embeddable":true,"href":"https:\/\/web2print.ro\/shop\/wp-json\/wp\/v2\/product_brand?post=266922"},{"taxonomy":"product_cat","embeddable":true,"href":"https:\/\/web2print.ro\/shop\/wp-json\/wp\/v2\/product_cat?post=266922"},{"taxonomy":"product_tag","embeddable":true,"href":"https:\/\/web2print.ro\/shop\/wp-json\/wp\/v2\/product_tag?post=266922"}],"curies":[{"name":"wp","href":"https:\/\/api.w.org\/{rel}","templated":true}]}}