{"id":267113,"date":"2025-06-11T11:00:50","date_gmt":"2025-06-11T08:00:50","guid":{"rendered":"https:\/\/localhost\/web2print\/product\/polar-fleece-jacket-siberian\/"},"modified":"2025-12-10T10:42:01","modified_gmt":"2025-12-10T08:42:01","slug":"polar-fleece-jacket-siberian","status":"publish","type":"product","link":"https:\/\/web2print.ro\/shop\/polar-fleece-jacket-siberian\/","title":{"rendered":"Jachet\u0103 Polar Fleece Siberian personalizat\u0103"},"content":{"rendered":"<p>100% poliester. Material exterior: micropolar eece anti-pilling 300 grs\/m2. Material interior: \u201eBear\u201d 300 grs\/m2. 2 buzunare frontale cu fermoar. Fermoar frontal complet. Man\u0219ete elastice la m\u00e2neci. 10 buc\u0103\u021bi per cutie: 1 m\u0103rime, 1 culoare. Pung\u0103 individual\u0103.<\/p>\n","protected":false},"excerpt":{"rendered":"<p>100% polyester. Outside fabric 300 grs\/m2 anti-pilling micropolar eece. Inside fabric\u201cBear\u201d 300 grs\/m2. 2 front zip pocket. Total front zip. Elastic cuffs on sleeves. 10 units per box:1 size, 1 color. Individual bag.<\/p>\n","protected":false},"featured_media":284878,"comment_status":"closed","ping_status":"open","template":"","meta":{"_joinchat":[]},"product_brand":[],"product_cat":[2789],"product_tag":[],"class_list":{"0":"post-267113","1":"product","2":"type-product","3":"status-publish","4":"has-post-thumbnail","6":"product_cat-fara-categorie","8":"first","9":"instock","10":"taxable","11":"shipping-taxable","12":"purchasable","13":"product-type-variable"},"_links":{"self":[{"href":"https:\/\/web2print.ro\/shop\/wp-json\/wp\/v2\/product\/267113","targetHints":{"allow":["GET"]}}],"collection":[{"href":"https:\/\/web2print.ro\/shop\/wp-json\/wp\/v2\/product"}],"about":[{"href":"https:\/\/web2print.ro\/shop\/wp-json\/wp\/v2\/types\/product"}],"replies":[{"embeddable":true,"href":"https:\/\/web2print.ro\/shop\/wp-json\/wp\/v2\/comments?post=267113"}],"wp:featuredmedia":[{"embeddable":true,"href":"https:\/\/web2print.ro\/shop\/wp-json\/wp\/v2\/media\/284878"}],"wp:attachment":[{"href":"https:\/\/web2print.ro\/shop\/wp-json\/wp\/v2\/media?parent=267113"}],"wp:term":[{"taxonomy":"product_brand","embeddable":true,"href":"https:\/\/web2print.ro\/shop\/wp-json\/wp\/v2\/product_brand?post=267113"},{"taxonomy":"product_cat","embeddable":true,"href":"https:\/\/web2print.ro\/shop\/wp-json\/wp\/v2\/product_cat?post=267113"},{"taxonomy":"product_tag","embeddable":true,"href":"https:\/\/web2print.ro\/shop\/wp-json\/wp\/v2\/product_tag?post=267113"}],"curies":[{"name":"wp","href":"https:\/\/api.w.org\/{rel}","templated":true}]}}