{"id":267202,"date":"2025-06-11T11:00:44","date_gmt":"2025-06-11T08:00:44","guid":{"rendered":"https:\/\/localhost\/web2print\/product\/wind-fleece-jacket\/"},"modified":"2025-12-10T10:42:06","modified_gmt":"2025-12-10T08:42:06","slug":"wind-fleece-jacket","status":"publish","type":"product","link":"https:\/\/web2print.ro\/shop\/wind-fleece-jacket\/","title":{"rendered":"Jachet\u0103 din fleece pentru v\u00e2nt personalizat\u0103"},"content":{"rendered":"<p>100% poliester, material dublu anti-sc\u0103rpaturi din micro-polar fleece 400 grs\/m2. Guler \u00eenalt, fermoar frontal complet. Man\u0219ete elastice, baz\u0103 reglabil\u0103 cu \u0219nur elastic. 2 buzunare laterale cu fermoar. 20 de unit\u0103\u021bi per cutie, 1 unitate per pachet.<\/p>\n","protected":false},"excerpt":{"rendered":"<p>100% polyester, 400 grs\/m2 micro-polar fleece anti-pilling double layer fabric. High collar, full front zip. Elastic cuffs, adjustable bottom with elastic drawstring. 2 lateral zip pockets. 20 units per box, 1 unit per package.<\/p>\n","protected":false},"featured_media":267223,"comment_status":"closed","ping_status":"closed","template":"","meta":{"_joinchat":[]},"product_brand":[],"product_cat":[2789],"product_tag":[],"class_list":{"0":"post-267202","1":"product","2":"type-product","3":"status-publish","4":"has-post-thumbnail","6":"product_cat-fara-categorie","8":"first","9":"instock","10":"taxable","11":"shipping-taxable","12":"purchasable","13":"product-type-variable"},"_links":{"self":[{"href":"https:\/\/web2print.ro\/shop\/wp-json\/wp\/v2\/product\/267202","targetHints":{"allow":["GET"]}}],"collection":[{"href":"https:\/\/web2print.ro\/shop\/wp-json\/wp\/v2\/product"}],"about":[{"href":"https:\/\/web2print.ro\/shop\/wp-json\/wp\/v2\/types\/product"}],"replies":[{"embeddable":true,"href":"https:\/\/web2print.ro\/shop\/wp-json\/wp\/v2\/comments?post=267202"}],"wp:featuredmedia":[{"embeddable":true,"href":"https:\/\/web2print.ro\/shop\/wp-json\/wp\/v2\/media\/267223"}],"wp:attachment":[{"href":"https:\/\/web2print.ro\/shop\/wp-json\/wp\/v2\/media?parent=267202"}],"wp:term":[{"taxonomy":"product_brand","embeddable":true,"href":"https:\/\/web2print.ro\/shop\/wp-json\/wp\/v2\/product_brand?post=267202"},{"taxonomy":"product_cat","embeddable":true,"href":"https:\/\/web2print.ro\/shop\/wp-json\/wp\/v2\/product_cat?post=267202"},{"taxonomy":"product_tag","embeddable":true,"href":"https:\/\/web2print.ro\/shop\/wp-json\/wp\/v2\/product_tag?post=267202"}],"curies":[{"name":"wp","href":"https:\/\/api.w.org\/{rel}","templated":true}]}}