{"id":267273,"date":"2025-06-11T11:00:31","date_gmt":"2025-06-11T08:00:31","guid":{"rendered":"https:\/\/localhost\/web2print\/product\/long-shirt-academy\/"},"modified":"2025-12-10T10:41:47","modified_gmt":"2025-12-10T08:41:47","slug":"long-shirt-academy","status":"publish","type":"product","link":"https:\/\/web2print.ro\/shop\/long-shirt-academy\/","title":{"rendered":"Academia C\u0103ma\u0219ii Lungi personalizat\u0103"},"content":{"rendered":"<p>65% poliester, 35% bumbac. Material poplin 120 grs\/m2. 2 buzunare cu clap\u0103 pe piept. M\u00e2neci lungi cu \u00eenchidere cu nasturi. Cus\u0103turi \u00eent\u0103rite la m\u00e2neci \u0219i pe laterale. \u00cenchidere frontal\u0103 cu nasturi de aceea\u0219i culoare. Buzunar st\u00e2ng cu clap\u0103 pentru pix. 40 de unit\u0103\u021bi per cutie: 1 si<\/p>\n","protected":false},"excerpt":{"rendered":"<p>65% polyester, 35% cotton. 120 grs\/m2 poplin fabric. 2 ap pockets on chest. Long sleeves withbutton closing. Reinforced seams in sleeves and sides. Front closure with matching color buttons. Left ap pocket with pen access. 40 units per boksz.<\/p>\n","protected":false},"featured_media":285175,"comment_status":"closed","ping_status":"open","template":"","meta":{"_joinchat":[]},"product_brand":[],"product_cat":[2789],"product_tag":[],"class_list":{"0":"post-267273","1":"product","2":"type-product","3":"status-publish","4":"has-post-thumbnail","6":"product_cat-fara-categorie","8":"first","9":"instock","10":"taxable","11":"shipping-taxable","12":"purchasable","13":"product-type-variable"},"_links":{"self":[{"href":"https:\/\/web2print.ro\/shop\/wp-json\/wp\/v2\/product\/267273","targetHints":{"allow":["GET"]}}],"collection":[{"href":"https:\/\/web2print.ro\/shop\/wp-json\/wp\/v2\/product"}],"about":[{"href":"https:\/\/web2print.ro\/shop\/wp-json\/wp\/v2\/types\/product"}],"replies":[{"embeddable":true,"href":"https:\/\/web2print.ro\/shop\/wp-json\/wp\/v2\/comments?post=267273"}],"wp:featuredmedia":[{"embeddable":true,"href":"https:\/\/web2print.ro\/shop\/wp-json\/wp\/v2\/media\/285175"}],"wp:attachment":[{"href":"https:\/\/web2print.ro\/shop\/wp-json\/wp\/v2\/media?parent=267273"}],"wp:term":[{"taxonomy":"product_brand","embeddable":true,"href":"https:\/\/web2print.ro\/shop\/wp-json\/wp\/v2\/product_brand?post=267273"},{"taxonomy":"product_cat","embeddable":true,"href":"https:\/\/web2print.ro\/shop\/wp-json\/wp\/v2\/product_cat?post=267273"},{"taxonomy":"product_tag","embeddable":true,"href":"https:\/\/web2print.ro\/shop\/wp-json\/wp\/v2\/product_tag?post=267273"}],"curies":[{"name":"wp","href":"https:\/\/api.w.org\/{rel}","templated":true}]}}