{"id":267319,"date":"2025-06-11T11:00:27","date_gmt":"2025-06-11T08:00:27","guid":{"rendered":"https:\/\/localhost\/web2print\/product\/long-shirt-congress\/"},"modified":"2025-12-10T10:41:48","modified_gmt":"2025-12-10T08:41:48","slug":"long-shirt-congress","status":"publish","type":"product","link":"https:\/\/web2print.ro\/shop\/long-shirt-congress\/","title":{"rendered":"Camasa lunga Congres personalizata"},"content":{"rendered":"<p>65% poliester, 35% bumbac. Material poplin 120 grs\/m2. 2 buzunare laterale cu plac\u0103. Buzunar plisat \u0219i spate. M\u00e2neci lungi cu \u00eenchidere cu nasturi. Cus\u0103turi \u00eent\u0103rite la m\u00e2neci \u0219i pe laterale. \u00cenchidere frontal\u0103 cu nasturi de aceea\u0219i culoare. Buzunar lateral st\u00e2ng cu acces pentru pix.<\/p>\n","protected":false},"excerpt":{"rendered":"<p>65% polyester, 35% cotton. 120 grs\/m2 poplin fabric. 2 ap pockets with plate.Pleat pocket and back. Long sleeves with button closure. Reinforced seams insleeves and sides. Front closure with matching color buttons. Left ap pocket withpen access.<\/p>\n","protected":false},"featured_media":267328,"comment_status":"closed","ping_status":"closed","template":"","meta":{"_joinchat":[]},"product_brand":[],"product_cat":[2789],"product_tag":[],"class_list":{"0":"post-267319","1":"product","2":"type-product","3":"status-publish","4":"has-post-thumbnail","6":"product_cat-fara-categorie","8":"first","9":"instock","10":"taxable","11":"shipping-taxable","12":"purchasable","13":"product-type-variable"},"_links":{"self":[{"href":"https:\/\/web2print.ro\/shop\/wp-json\/wp\/v2\/product\/267319","targetHints":{"allow":["GET"]}}],"collection":[{"href":"https:\/\/web2print.ro\/shop\/wp-json\/wp\/v2\/product"}],"about":[{"href":"https:\/\/web2print.ro\/shop\/wp-json\/wp\/v2\/types\/product"}],"replies":[{"embeddable":true,"href":"https:\/\/web2print.ro\/shop\/wp-json\/wp\/v2\/comments?post=267319"}],"wp:featuredmedia":[{"embeddable":true,"href":"https:\/\/web2print.ro\/shop\/wp-json\/wp\/v2\/media\/267328"}],"wp:attachment":[{"href":"https:\/\/web2print.ro\/shop\/wp-json\/wp\/v2\/media?parent=267319"}],"wp:term":[{"taxonomy":"product_brand","embeddable":true,"href":"https:\/\/web2print.ro\/shop\/wp-json\/wp\/v2\/product_brand?post=267319"},{"taxonomy":"product_cat","embeddable":true,"href":"https:\/\/web2print.ro\/shop\/wp-json\/wp\/v2\/product_cat?post=267319"},{"taxonomy":"product_tag","embeddable":true,"href":"https:\/\/web2print.ro\/shop\/wp-json\/wp\/v2\/product_tag?post=267319"}],"curies":[{"name":"wp","href":"https:\/\/api.w.org\/{rel}","templated":true}]}}