{"id":276079,"date":"2025-06-06T21:45:02","date_gmt":"2025-06-06T18:45:02","guid":{"rendered":"https:\/\/localhost\/web2print\/product\/mask-case\/"},"modified":"2025-12-10T10:34:45","modified_gmt":"2025-12-10T08:34:45","slug":"mask-case","status":"publish","type":"product","link":"https:\/\/web2print.ro\/shop\/mask-case\/","title":{"rendered":"Hus\u0103 pentru masc\u0103 personalizat\u0103"},"content":{"rendered":"<p>Dimensiune: <\/p>\n<p>Greutate:\u00a00.038<\/p>\n<p>Origine: ES<\/p>\n<p>Tariff:\u00a042023210<\/p>\n","protected":false},"excerpt":{"rendered":"<p>Dimensiune: Greutate:\u00a00.038 Origine: ES Tariff:\u00a042023210<\/p>\n","protected":false},"featured_media":207425,"comment_status":"closed","ping_status":"closed","template":"","meta":{"_joinchat":[]},"product_brand":[2768],"product_cat":[2540],"product_tag":[],"class_list":{"0":"post-276079","1":"product","2":"type-product","3":"status-publish","4":"has-post-thumbnail","6":"product_brand-other-brands-ro","7":"product_cat-casa-lifestyle","9":"first","10":"instock","11":"taxable","12":"shipping-taxable","13":"product-type-variable"},"_links":{"self":[{"href":"https:\/\/web2print.ro\/shop\/wp-json\/wp\/v2\/product\/276079","targetHints":{"allow":["GET"]}}],"collection":[{"href":"https:\/\/web2print.ro\/shop\/wp-json\/wp\/v2\/product"}],"about":[{"href":"https:\/\/web2print.ro\/shop\/wp-json\/wp\/v2\/types\/product"}],"replies":[{"embeddable":true,"href":"https:\/\/web2print.ro\/shop\/wp-json\/wp\/v2\/comments?post=276079"}],"wp:featuredmedia":[{"embeddable":true,"href":"https:\/\/web2print.ro\/shop\/wp-json\/wp\/v2\/media\/207425"}],"wp:attachment":[{"href":"https:\/\/web2print.ro\/shop\/wp-json\/wp\/v2\/media?parent=276079"}],"wp:term":[{"taxonomy":"product_brand","embeddable":true,"href":"https:\/\/web2print.ro\/shop\/wp-json\/wp\/v2\/product_brand?post=276079"},{"taxonomy":"product_cat","embeddable":true,"href":"https:\/\/web2print.ro\/shop\/wp-json\/wp\/v2\/product_cat?post=276079"},{"taxonomy":"product_tag","embeddable":true,"href":"https:\/\/web2print.ro\/shop\/wp-json\/wp\/v2\/product_tag?post=276079"}],"curies":[{"name":"wp","href":"https:\/\/api.w.org\/{rel}","templated":true}]}}