{"id":459742,"date":"2025-06-06T12:32:06","date_gmt":"2025-06-06T09:32:06","guid":{"rendered":"http:\/\/localhost:10014\/product\/geanta-pentru-bicicleta\/"},"modified":"2025-12-10T10:27:23","modified_gmt":"2025-12-10T08:27:23","slug":"geanta-pentru-bicicleta","status":"publish","type":"product","link":"https:\/\/web2print.ro\/shop\/geanta-pentru-bicicleta\/","title":{"rendered":"Geant\u0103 pentru biciclet\u0103 personalizat\u0103"},"content":{"rendered":"<p>Geant\u0103 pentru biciclet\u0103 din poliester rezistent 600D, cu benzi reflectorizante. Geanta poate fi u\u0219or ata\u0219at\u0103 la bara cadrului central cu ajutorul suporturilor \u0219i ofer\u0103 spa\u0163iu suficient  pentru toate obiectele importante.<\/p>\n<p>Dimensiune: 30 \u00d7 7,5 \u00d7 19 cm<\/p>\n<p>Greutate:\u00a00.12<\/p>\n<p>Origine: CN<\/p>\n<p>Tariff:\u00a042029298<\/p>\n","protected":false},"excerpt":{"rendered":"<p>Geant\u0103 pentru biciclet\u0103 din poliester rezistent 600D, cu benzi reflectorizante. Geanta poate fi u\u0219or ata\u0219at\u0103 la bara cadrului central cu ajutorul suporturilor \u0219i ofer\u0103 spa\u0163iu suficient  pentru toate obiectele importante.<\/p>\n","protected":false},"featured_media":424698,"comment_status":"closed","ping_status":"open","template":"","meta":{"_joinchat":[]},"product_brand":[2754],"product_cat":[2789],"product_tag":[],"class_list":{"0":"post-459742","1":"product","2":"type-product","3":"status-publish","4":"has-post-thumbnail","6":"product_brand-m-collection-ro","7":"product_cat-fara-categorie","9":"first","10":"instock","11":"taxable","12":"shipping-taxable","13":"purchasable","14":"product-type-variable"},"_links":{"self":[{"href":"https:\/\/web2print.ro\/shop\/wp-json\/wp\/v2\/product\/459742","targetHints":{"allow":["GET"]}}],"collection":[{"href":"https:\/\/web2print.ro\/shop\/wp-json\/wp\/v2\/product"}],"about":[{"href":"https:\/\/web2print.ro\/shop\/wp-json\/wp\/v2\/types\/product"}],"replies":[{"embeddable":true,"href":"https:\/\/web2print.ro\/shop\/wp-json\/wp\/v2\/comments?post=459742"}],"wp:featuredmedia":[{"embeddable":true,"href":"https:\/\/web2print.ro\/shop\/wp-json\/wp\/v2\/media\/424698"}],"wp:attachment":[{"href":"https:\/\/web2print.ro\/shop\/wp-json\/wp\/v2\/media?parent=459742"}],"wp:term":[{"taxonomy":"product_brand","embeddable":true,"href":"https:\/\/web2print.ro\/shop\/wp-json\/wp\/v2\/product_brand?post=459742"},{"taxonomy":"product_cat","embeddable":true,"href":"https:\/\/web2print.ro\/shop\/wp-json\/wp\/v2\/product_cat?post=459742"},{"taxonomy":"product_tag","embeddable":true,"href":"https:\/\/web2print.ro\/shop\/wp-json\/wp\/v2\/product_tag?post=459742"}],"curies":[{"name":"wp","href":"https:\/\/api.w.org\/{rel}","templated":true}]}}