{"id":521234,"date":"2025-08-04T10:09:19","date_gmt":"2025-08-04T07:09:19","guid":{"rendered":"https:\/\/web2print.ro\/shop\/product\/prince-umbrella\/"},"modified":"2025-12-09T18:53:49","modified_gmt":"2025-12-09T16:53:49","slug":"prince-umbrella","status":"publish","type":"product","link":"https:\/\/web2print.ro\/shop\/prince-umbrella\/","title":{"rendered":"Umbrel\u0103 de prin\u021b personalizat\u0103"},"content":{"rendered":"<h1>Umbrela Prince &#8211; Protec\u021bie Elegant\u0103 \u0219i Ecologic\u0103<\/h1>\n<p>Descoper\u0103 umbrel\u0103 Prince Umbrella, un accesoriu esen\u021bial pentru zilele ploioase. Cu un design modern \u0219i o construc\u021bie robust\u0103, aceast\u0103 umbrel\u0103 te va proteja de intemperii, oferindu-\u021bi confort \u0219i stil. Nu l\u0103sa ploaia s\u0103-\u021bi strice ziua \u0219i alege Prince Umbrella pentru protec\u021bie eficient\u0103 \u0219i elegant\u0103!<\/p>\n<h2>Caracteristici Principale<\/h2>\n<ul>\n<li><strong>Structur\u0103 Rezistent\u0103<\/strong>: Fabricat\u0103 din fibr\u0103 de sticl\u0103, aceast\u0103 umbrel\u0103 este proiectat\u0103 s\u0103 reziste la furtuni, asigur\u00e2ndu-\u021bi protec\u021bia necesar\u0103 \u00een cele mai dificile condi\u021bii meteo.<\/li>\n<li><strong>Deschidere Automat\u0103<\/strong>: Mecanismul de deschidere rapid\u0103 \u00ee\u021bi permite s\u0103 te ad\u0103poste\u0219ti imediat de ploaie, f\u0103r\u0103 b\u0103t\u0103i de cap.<\/li>\n<li><strong>M\u00e2ner Ergonomic<\/strong>: M\u00e2nerul vertical din rABS este confortabil \u0219i u\u0219or de utilizat, facilit\u00e2nd manevrarea umbrelor, chiar \u0219i \u00een condi\u021bii de v\u00e2nt puternic.<\/li>\n<li><strong>Ambalaj Ecologic<\/strong>: Umbrela este livrat\u0103 \u00eentr-o pung\u0103 individual\u0103 din rPET, demonstr\u00e2nd angajamentul fa\u021b\u0103 de protec\u021bia mediului.<\/li>\n<li><strong>Personalizare U\u0219oar\u0103<\/strong>: Po\u021bi ad\u0103uga sigla ta \u00een zona dedicat\u0103 de pe m\u00e2ner, transform\u00e2nd umbrela \u00eentr-un accesoriu personalizat.<\/li>\n<\/ul>\n<h3>Specifica\u021bii Complete<\/h3>\n<ul>\n<li><strong>Dimensiuni (CM)<\/strong>: \u00f8100&#215;84<\/li>\n<li><strong>Lungime (CM)<\/strong>: 84.0<\/li>\n<li><strong>Diametru (CM)<\/strong>: 100.0<\/li>\n<li><strong>Greutate (KG)<\/strong>: 0.436<\/li>\n<li><strong>Cantitate pachet<\/strong>: 1<\/li>\n<li><strong>\u00cempachetare individual\u0103<\/strong>: Da<\/li>\n<li><strong>Material Pachet<\/strong>: rPET Pouch<\/li>\n<li><strong>Pachet interior Cantitate<\/strong>: 10<\/li>\n<li><strong>Dimensiunea ambalajului exterior (CM)<\/strong>: 86x26x27<\/li>\n<li><strong>Lungime ambalajului exterior (CM)<\/strong>: 86.0<\/li>\n<li><strong>\u00cen\u0103l\u021bime ambalajului exterior (CM)<\/strong>: 26.0<\/li>\n<li><strong>Latime ambalajului exterior (CM)<\/strong>: 27.0<\/li>\n<li><strong>Cantitate ambalaj exterior<\/strong>: 30<\/li>\n<li><strong>Greutate ambalaj cu produs (KG)<\/strong>: 16.3<\/li>\n<li><strong>\u021aara de origine<\/strong>: PRC<\/li>\n<li><strong>Codul Taric<\/strong>: 6601992000<\/li>\n<li><strong>Codul EAN<\/strong>: 5600893109269<\/li>\n<li><strong>Material<\/strong>: Recycled Polyester (rPET)<\/li>\n<li><strong>% Materiale reciclate<\/strong>: 77.1<\/li>\n<li><strong>Amprenta de CO2<\/strong>: 2.32<\/li>\n<li><strong>Are certificare FSC<\/strong>: NU<\/li>\n<li><strong>Cod metoda implicit\u0103 de imprimare<\/strong>: TXP3<\/li>\n<li><strong>Nume metoda implicit\u0103 de imprimare<\/strong>: Textile Printing<\/li>\n<li><strong>Num\u0103r maxim de culori pentru metoda implicit\u0103 de imprimare<\/strong>: 2<\/li>\n<li><strong>Loca\u021bia implicit\u0103 a tehnicii de imprimare<\/strong>: Umbrella &#8211; Panel 1<\/li>\n<li><strong>Tehnica de imprimare L\u0103\u021bime maxim\u0103 implicit\u0103 (MM)<\/strong>: 220<\/li>\n<li><strong>Tehnica de imprimare \u00cen\u0103l\u021bime maxim\u0103 implicit\u0103 (MM)<\/strong>: 140<\/li>\n<li><strong>Tehnica de imprimare Dimensiune maxim\u0103 implicit\u0103 (MM)<\/strong>: 220&#215;140<\/li>\n<\/ul>\n<h2>Beneficii pentru Utilizator<\/h2>\n<p>Aleg\u00e2nd Prince Umbrella, te bucuri de urm\u0103toarele beneficii:<\/p>\n<ul>\n<li>Protec\u021bie excelent\u0103 \u00eempotriva intemperiilor datorit\u0103 structurii rezistente.<\/li>\n<li>Confort sporit datorit\u0103 m\u00e2nerului ergonomic, care \u00ee\u021bi permite o utilizare facil\u0103 pe \u00eentreaga durat\u0103 a zilei.<\/li>\n<li>Ambalajul ecologic \u00ee\u021bi ofer\u0103 satisfac\u021bia de a contribui la protec\u021bia mediului.<\/li>\n<li>Personalizarea umbrelei cu sigla ta \u00ee\u021bi permite s\u0103 te eviden\u021biezi \u0219i s\u0103 creezi un obiect cu stil.<\/li>\n<\/ul>\n<h2>De ce s\u0103 Alegi Prince Umbrella<\/h2>\n<p>\u00cen compara\u021bie cu alte umbrele, Prince Umbrella se remarc\u0103 prin durabilitate \u0219i design adaptat nevoilor moderne. Aceasta nu este doar o umbrel\u0103, ci un instrument de marketing personalizat, care \u00ee\u021bi va oferi vizibilitate. De asemenea, cu un procent semnificativ de materiale reciclate, este alegerea perfect\u0103 pentru cei care doresc s\u0103 protejeze natura. Alege Prince Umbrella \u0219i fii parte a solu\u021biei!<\/p>\n","protected":false},"excerpt":{"rendered":"<p>Descoper\u0103 Prince Umbrella, umbrel\u0103 ecologic\u0103 din rPET, rezistent\u0103 \u0219i automat\u0103. Gr\u0103be\u0219te-te, stocuri limitate! R\u0103m\u00e2i uscat \u0219i elegant!<\/p>\n","protected":false},"featured_media":443645,"comment_status":"closed","ping_status":"open","template":"","meta":{"_joinchat":[]},"product_brand":[2433],"product_cat":[525,2708,732],"product_tag":[],"class_list":{"0":"post-521234","1":"product","2":"type-product","3":"status-publish","4":"has-post-thumbnail","6":"product_brand-aodaci","7":"product_cat-soare-si-ploaie","8":"product_cat-sustenabilitate","9":"product_cat-umbrele","11":"first","12":"instock","13":"taxable","14":"shipping-taxable","15":"purchasable","16":"product-type-variable"},"_links":{"self":[{"href":"https:\/\/web2print.ro\/shop\/wp-json\/wp\/v2\/product\/521234","targetHints":{"allow":["GET"]}}],"collection":[{"href":"https:\/\/web2print.ro\/shop\/wp-json\/wp\/v2\/product"}],"about":[{"href":"https:\/\/web2print.ro\/shop\/wp-json\/wp\/v2\/types\/product"}],"replies":[{"embeddable":true,"href":"https:\/\/web2print.ro\/shop\/wp-json\/wp\/v2\/comments?post=521234"}],"wp:featuredmedia":[{"embeddable":true,"href":"https:\/\/web2print.ro\/shop\/wp-json\/wp\/v2\/media\/443645"}],"wp:attachment":[{"href":"https:\/\/web2print.ro\/shop\/wp-json\/wp\/v2\/media?parent=521234"}],"wp:term":[{"taxonomy":"product_brand","embeddable":true,"href":"https:\/\/web2print.ro\/shop\/wp-json\/wp\/v2\/product_brand?post=521234"},{"taxonomy":"product_cat","embeddable":true,"href":"https:\/\/web2print.ro\/shop\/wp-json\/wp\/v2\/product_cat?post=521234"},{"taxonomy":"product_tag","embeddable":true,"href":"https:\/\/web2print.ro\/shop\/wp-json\/wp\/v2\/product_tag?post=521234"}],"curies":[{"name":"wp","href":"https:\/\/api.w.org\/{rel}","templated":true}]}}