{"id":523293,"date":"2025-06-06T12:48:00","date_gmt":"2025-06-06T09:48:00","guid":{"rendered":"https:\/\/web2print.ro\/shop\/product\/cana-metalica-220ml-cu-carabina\/"},"modified":"2025-12-10T10:29:49","modified_gmt":"2025-12-10T08:29:49","slug":"cana-metalica-220ml-cu-carlig","status":"publish","type":"product","link":"https:\/\/web2print.ro\/shop\/cana-metalica-220ml-cu-carlig\/","title":{"rendered":"Can\u0103 metalic\u0103 220ml cu c\u00e2rlig personalizat\u0103"},"content":{"rendered":"<p>Can\u0103 din o\u0163el inoxidabil, cu perete dublu, cu m\u00e2nerul-c\u00e2rlig colorat\u0103, capacitate de 220ml.<\/p>\n<p>Dimensiune: \u00f8 6,8 \u00d7 7,8 cm<\/p>\n<p>Greutate:\u00a00.117<\/p>\n<p>Origine: CN<\/p>\n<p>Tariff:\u00a073239300<\/p>\n","protected":false},"excerpt":{"rendered":"<p>Can\u0103 din o\u0163el inoxidabil, cu perete dublu, cu m\u00e2nerul-c\u00e2rlig colorat\u0103, capacitate de 220ml.<\/p>\n","protected":false},"featured_media":408789,"comment_status":"closed","ping_status":"open","template":"","meta":{"_joinchat":[]},"product_brand":[2754],"product_cat":[447,2540,2656],"product_tag":[],"class_list":{"0":"post-523293","1":"product","2":"type-product","3":"status-publish","4":"has-post-thumbnail","6":"product_brand-m-collection-ro","7":"product_cat-cani","8":"product_cat-casa-lifestyle","9":"product_cat-articole-pentru-bauturi","11":"first","12":"instock","13":"taxable","14":"shipping-taxable","15":"purchasable","16":"product-type-variable"},"_links":{"self":[{"href":"https:\/\/web2print.ro\/shop\/wp-json\/wp\/v2\/product\/523293","targetHints":{"allow":["GET"]}}],"collection":[{"href":"https:\/\/web2print.ro\/shop\/wp-json\/wp\/v2\/product"}],"about":[{"href":"https:\/\/web2print.ro\/shop\/wp-json\/wp\/v2\/types\/product"}],"replies":[{"embeddable":true,"href":"https:\/\/web2print.ro\/shop\/wp-json\/wp\/v2\/comments?post=523293"}],"wp:featuredmedia":[{"embeddable":true,"href":"https:\/\/web2print.ro\/shop\/wp-json\/wp\/v2\/media\/408789"}],"wp:attachment":[{"href":"https:\/\/web2print.ro\/shop\/wp-json\/wp\/v2\/media?parent=523293"}],"wp:term":[{"taxonomy":"product_brand","embeddable":true,"href":"https:\/\/web2print.ro\/shop\/wp-json\/wp\/v2\/product_brand?post=523293"},{"taxonomy":"product_cat","embeddable":true,"href":"https:\/\/web2print.ro\/shop\/wp-json\/wp\/v2\/product_cat?post=523293"},{"taxonomy":"product_tag","embeddable":true,"href":"https:\/\/web2print.ro\/shop\/wp-json\/wp\/v2\/product_tag?post=523293"}],"curies":[{"name":"wp","href":"https:\/\/api.w.org\/{rel}","templated":true}]}}