{"id":524052,"date":"2025-06-06T12:26:45","date_gmt":"2025-06-06T09:26:45","guid":{"rendered":"https:\/\/web2print.ro\/shop\/product\/sticla-din-aluminiu-cu-carabina-500ml\/"},"modified":"2025-12-10T10:26:23","modified_gmt":"2025-12-10T08:26:23","slug":"sticla-din-aluminiu-cu-carlig-500ml","status":"publish","type":"product","link":"https:\/\/web2print.ro\/shop\/sticla-din-aluminiu-cu-carlig-500ml\/","title":{"rendered":"Sticl\u0103 din aluminiu cu c\u00e2rlig, 500ml personalizat\u0103"},"content":{"rendered":"<p>Recipient din aluminiu, cu capacitatea de 500ml, cu c\u00e2rlig.<\/p>\n<p>Dimensiune: 19 \u00d7 \u00f8 7,3 cm<\/p>\n<p>Greutate:\u00a00.104<\/p>\n<p>Origine: CN<\/p>\n<p>Tariff:\u00a076151080<\/p>\n","protected":false},"excerpt":{"rendered":"<p>Recipient din aluminiu, cu capacitatea de 500ml, cu c\u00e2rlig.<\/p>\n","protected":false},"featured_media":408193,"comment_status":"closed","ping_status":"open","template":"","meta":{"_joinchat":[]},"product_brand":[2754],"product_cat":[2540,2656,2863],"product_tag":[],"class_list":{"0":"post-524052","1":"product","2":"type-product","3":"status-publish","4":"has-post-thumbnail","6":"product_brand-m-collection-ro","7":"product_cat-casa-lifestyle","8":"product_cat-articole-pentru-bauturi","9":"product_cat-sticle-de-apa","11":"first","12":"instock","13":"taxable","14":"shipping-taxable","15":"purchasable","16":"product-type-variable"},"_links":{"self":[{"href":"https:\/\/web2print.ro\/shop\/wp-json\/wp\/v2\/product\/524052","targetHints":{"allow":["GET"]}}],"collection":[{"href":"https:\/\/web2print.ro\/shop\/wp-json\/wp\/v2\/product"}],"about":[{"href":"https:\/\/web2print.ro\/shop\/wp-json\/wp\/v2\/types\/product"}],"replies":[{"embeddable":true,"href":"https:\/\/web2print.ro\/shop\/wp-json\/wp\/v2\/comments?post=524052"}],"wp:featuredmedia":[{"embeddable":true,"href":"https:\/\/web2print.ro\/shop\/wp-json\/wp\/v2\/media\/408193"}],"wp:attachment":[{"href":"https:\/\/web2print.ro\/shop\/wp-json\/wp\/v2\/media?parent=524052"}],"wp:term":[{"taxonomy":"product_brand","embeddable":true,"href":"https:\/\/web2print.ro\/shop\/wp-json\/wp\/v2\/product_brand?post=524052"},{"taxonomy":"product_cat","embeddable":true,"href":"https:\/\/web2print.ro\/shop\/wp-json\/wp\/v2\/product_cat?post=524052"},{"taxonomy":"product_tag","embeddable":true,"href":"https:\/\/web2print.ro\/shop\/wp-json\/wp\/v2\/product_tag?post=524052"}],"curies":[{"name":"wp","href":"https:\/\/api.w.org\/{rel}","templated":true}]}}