{"id":636182,"date":"2025-11-27T18:04:14","date_gmt":"2025-11-27T16:04:14","guid":{"rendered":"https:\/\/web2print.ro\/shop\/?post_type=product&#038;p=636182"},"modified":"2025-12-10T10:51:12","modified_gmt":"2025-12-10T08:51:12","slug":"geanta-cosmetica-din-bumbac-reciclat-cu-fermoar","status":"publish","type":"product","link":"https:\/\/web2print.ro\/shop\/geanta-cosmetica-din-bumbac-reciclat-cu-fermoar\/","title":{"rendered":"Geant\u0103 cosmetic\u0103 din bumbac reciclat cu fermoar personalizat\u0103"},"content":{"rendered":"<p>Etui din bumbac reciclat (180 gsm) cu fermoar pentru depozitarea pixurilor, cosmeticelor \u0219i pentru multe alte lucruri mici.<\/p>\n","protected":false},"excerpt":{"rendered":"<p>Etui din bumbac reciclat (180 gsm) cu fermoar pentru depozitarea pixurilor, cosmeticelor \u0219i pentru multe alte lucruri mici.<\/p>\n","protected":false},"featured_media":636184,"comment_status":"open","ping_status":"closed","template":"","meta":{"_joinchat":[]},"product_brand":[],"product_cat":[3120,3084],"product_tag":[],"class_list":{"0":"post-636182","1":"product","2":"type-product","3":"status-publish","4":"has-post-thumbnail","6":"product_cat-accesorii-cosmetice","7":"product_cat-genti-eco","9":"first","10":"instock","11":"taxable","12":"shipping-taxable","13":"product-type-variable"},"_links":{"self":[{"href":"https:\/\/web2print.ro\/shop\/wp-json\/wp\/v2\/product\/636182","targetHints":{"allow":["GET"]}}],"collection":[{"href":"https:\/\/web2print.ro\/shop\/wp-json\/wp\/v2\/product"}],"about":[{"href":"https:\/\/web2print.ro\/shop\/wp-json\/wp\/v2\/types\/product"}],"replies":[{"embeddable":true,"href":"https:\/\/web2print.ro\/shop\/wp-json\/wp\/v2\/comments?post=636182"}],"wp:featuredmedia":[{"embeddable":true,"href":"https:\/\/web2print.ro\/shop\/wp-json\/wp\/v2\/media\/636184"}],"wp:attachment":[{"href":"https:\/\/web2print.ro\/shop\/wp-json\/wp\/v2\/media?parent=636182"}],"wp:term":[{"taxonomy":"product_brand","embeddable":true,"href":"https:\/\/web2print.ro\/shop\/wp-json\/wp\/v2\/product_brand?post=636182"},{"taxonomy":"product_cat","embeddable":true,"href":"https:\/\/web2print.ro\/shop\/wp-json\/wp\/v2\/product_cat?post=636182"},{"taxonomy":"product_tag","embeddable":true,"href":"https:\/\/web2print.ro\/shop\/wp-json\/wp\/v2\/product_tag?post=636182"}],"curies":[{"name":"wp","href":"https:\/\/api.w.org\/{rel}","templated":true}]}}