{"id":636566,"date":"2025-11-27T18:03:24","date_gmt":"2025-11-27T16:03:24","guid":{"rendered":"https:\/\/web2print.ro\/shop\/?post_type=product&#038;p=636566"},"modified":"2025-12-10T10:51:04","modified_gmt":"2025-12-10T08:51:04","slug":"perne-de-craciun","status":"publish","type":"product","link":"https:\/\/web2print.ro\/shop\/perne-de-craciun\/","title":{"rendered":"Perne de Cr\u0103ciun personalizate"},"content":{"rendered":"<p>Perne din plu\u015f \u00een motive diferite de Cr\u0103ciun.<\/p>\n","protected":false},"excerpt":{"rendered":"<p>Perne din plu\u015f \u00een motive diferite de Cr\u0103ciun.<\/p>\n","protected":false},"featured_media":636568,"comment_status":"open","ping_status":"closed","template":"","meta":{"_joinchat":[]},"product_brand":[],"product_cat":[2789],"product_tag":[],"class_list":{"0":"post-636566","1":"product","2":"type-product","3":"status-publish","4":"has-post-thumbnail","6":"product_cat-fara-categorie","8":"first","9":"instock","10":"taxable","11":"shipping-taxable","12":"product-type-variable"},"_links":{"self":[{"href":"https:\/\/web2print.ro\/shop\/wp-json\/wp\/v2\/product\/636566","targetHints":{"allow":["GET"]}}],"collection":[{"href":"https:\/\/web2print.ro\/shop\/wp-json\/wp\/v2\/product"}],"about":[{"href":"https:\/\/web2print.ro\/shop\/wp-json\/wp\/v2\/types\/product"}],"replies":[{"embeddable":true,"href":"https:\/\/web2print.ro\/shop\/wp-json\/wp\/v2\/comments?post=636566"}],"wp:featuredmedia":[{"embeddable":true,"href":"https:\/\/web2print.ro\/shop\/wp-json\/wp\/v2\/media\/636568"}],"wp:attachment":[{"href":"https:\/\/web2print.ro\/shop\/wp-json\/wp\/v2\/media?parent=636566"}],"wp:term":[{"taxonomy":"product_brand","embeddable":true,"href":"https:\/\/web2print.ro\/shop\/wp-json\/wp\/v2\/product_brand?post=636566"},{"taxonomy":"product_cat","embeddable":true,"href":"https:\/\/web2print.ro\/shop\/wp-json\/wp\/v2\/product_cat?post=636566"},{"taxonomy":"product_tag","embeddable":true,"href":"https:\/\/web2print.ro\/shop\/wp-json\/wp\/v2\/product_tag?post=636566"}],"curies":[{"name":"wp","href":"https:\/\/api.w.org\/{rel}","templated":true}]}}