{"id":640097,"date":"2026-01-30T16:19:06","date_gmt":"2026-01-30T14:19:06","guid":{"rendered":"https:\/\/web2print.ro\/shop\/?post_type=product&#038;p=640097"},"modified":"2026-01-30T16:19:07","modified_gmt":"2026-01-30T14:19:07","slug":"pix-metalic-mark-twain","status":"publish","type":"product","link":"https:\/\/web2print.ro\/shop\/pix-metalic-mark-twain\/","title":{"rendered":"Pix metalic Mark Twain"},"content":{"rendered":"<p>Stilou cu bil\u0103 Mark Twain din metal cu logo discret Mark Twain pe clip \u0219i lungime de scriere de 800 m, min\u0103 albastr\u0103. Ambalat \u00eentr-o cutie pliabil\u0103 cu logo lucios Mark Twain.<\/p>\n","protected":false},"excerpt":{"rendered":"<p>Stilou cu bil\u0103 Mark Twain din metal cu logo discret Mark Twain pe clip \u0219i lungime de scriere de 800<\/p>\n","protected":false},"featured_media":640099,"comment_status":"open","ping_status":"closed","template":"","meta":{"_joinchat":[]},"product_brand":[],"product_cat":[3273],"product_tag":[],"class_list":{"0":"post-640097","1":"product","2":"type-product","3":"status-publish","4":"has-post-thumbnail","6":"product_cat-noutati-2026","8":"first","9":"instock","10":"taxable","11":"shipping-taxable","12":"product-type-variable"},"_links":{"self":[{"href":"https:\/\/web2print.ro\/shop\/wp-json\/wp\/v2\/product\/640097","targetHints":{"allow":["GET"]}}],"collection":[{"href":"https:\/\/web2print.ro\/shop\/wp-json\/wp\/v2\/product"}],"about":[{"href":"https:\/\/web2print.ro\/shop\/wp-json\/wp\/v2\/types\/product"}],"replies":[{"embeddable":true,"href":"https:\/\/web2print.ro\/shop\/wp-json\/wp\/v2\/comments?post=640097"}],"wp:featuredmedia":[{"embeddable":true,"href":"https:\/\/web2print.ro\/shop\/wp-json\/wp\/v2\/media\/640099"}],"wp:attachment":[{"href":"https:\/\/web2print.ro\/shop\/wp-json\/wp\/v2\/media?parent=640097"}],"wp:term":[{"taxonomy":"product_brand","embeddable":true,"href":"https:\/\/web2print.ro\/shop\/wp-json\/wp\/v2\/product_brand?post=640097"},{"taxonomy":"product_cat","embeddable":true,"href":"https:\/\/web2print.ro\/shop\/wp-json\/wp\/v2\/product_cat?post=640097"},{"taxonomy":"product_tag","embeddable":true,"href":"https:\/\/web2print.ro\/shop\/wp-json\/wp\/v2\/product_tag?post=640097"}],"curies":[{"name":"wp","href":"https:\/\/api.w.org\/{rel}","templated":true}]}}