{"id":640268,"date":"2026-01-30T16:19:15","date_gmt":"2026-01-30T14:19:15","guid":{"rendered":"https:\/\/web2print.ro\/shop\/?post_type=product&#038;p=640268"},"modified":"2026-01-30T16:19:16","modified_gmt":"2026-01-30T14:19:16","slug":"pix-crisma-cu-grip-striat","status":"publish","type":"product","link":"https:\/\/web2print.ro\/shop\/pix-crisma-cu-grip-striat\/","title":{"rendered":"Pix CrisMa cu grip striat"},"content":{"rendered":"<p>Pix CrisMa, cu grip striat, min\u0103 cu cerneal\u0103 albastr\u0103, lungime de scriere aprox. 1200 m. Cu logo mic CrisMa sub clip.<\/p>\n","protected":false},"excerpt":{"rendered":"<p>Pix CrisMa, cu grip striat, min\u0103 cu cerneal\u0103 albastr\u0103, lungime de scriere aprox. 1200 m. Cu logo mic CrisMa sub<\/p>\n","protected":false},"featured_media":640270,"comment_status":"open","ping_status":"closed","template":"","meta":{"_joinchat":[]},"product_brand":[],"product_cat":[3273],"product_tag":[],"class_list":{"0":"post-640268","1":"product","2":"type-product","3":"status-publish","4":"has-post-thumbnail","6":"product_cat-noutati-2026","8":"first","9":"instock","10":"taxable","11":"shipping-taxable","12":"product-type-variable"},"_links":{"self":[{"href":"https:\/\/web2print.ro\/shop\/wp-json\/wp\/v2\/product\/640268","targetHints":{"allow":["GET"]}}],"collection":[{"href":"https:\/\/web2print.ro\/shop\/wp-json\/wp\/v2\/product"}],"about":[{"href":"https:\/\/web2print.ro\/shop\/wp-json\/wp\/v2\/types\/product"}],"replies":[{"embeddable":true,"href":"https:\/\/web2print.ro\/shop\/wp-json\/wp\/v2\/comments?post=640268"}],"wp:featuredmedia":[{"embeddable":true,"href":"https:\/\/web2print.ro\/shop\/wp-json\/wp\/v2\/media\/640270"}],"wp:attachment":[{"href":"https:\/\/web2print.ro\/shop\/wp-json\/wp\/v2\/media?parent=640268"}],"wp:term":[{"taxonomy":"product_brand","embeddable":true,"href":"https:\/\/web2print.ro\/shop\/wp-json\/wp\/v2\/product_brand?post=640268"},{"taxonomy":"product_cat","embeddable":true,"href":"https:\/\/web2print.ro\/shop\/wp-json\/wp\/v2\/product_cat?post=640268"},{"taxonomy":"product_tag","embeddable":true,"href":"https:\/\/web2print.ro\/shop\/wp-json\/wp\/v2\/product_tag?post=640268"}],"curies":[{"name":"wp","href":"https:\/\/api.w.org\/{rel}","templated":true}]}}