{"id":640982,"date":"2026-01-30T16:19:55","date_gmt":"2026-01-30T14:19:55","guid":{"rendered":"https:\/\/web2print.ro\/shop\/?post_type=product&#038;p=640982"},"modified":"2026-01-30T16:19:57","modified_gmt":"2026-01-30T14:19:57","slug":"termos-vacuum-600-ml","status":"publish","type":"product","link":"https:\/\/web2print.ro\/shop\/termos-vacuum-600-ml\/","title":{"rendered":"Termos vacuum, 600 ml"},"content":{"rendered":"<p>Sticl\u0103 din o\u021bel inoxidabil cu perete dublu cu vacuum, capacitate 600 ml, cu band\u0103 PU ergonomic\u0103 pentru prindere confortabil\u0103.<\/p>\n","protected":false},"excerpt":{"rendered":"<p>Sticl\u0103 din o\u021bel inoxidabil cu perete dublu cu vacuum, capacitate 600 ml, cu band\u0103 PU ergonomic\u0103 pentru prindere confortabil\u0103.<\/p>\n","protected":false},"featured_media":640984,"comment_status":"open","ping_status":"closed","template":"","meta":{"_joinchat":[]},"product_brand":[],"product_cat":[3273],"product_tag":[],"class_list":{"0":"post-640982","1":"product","2":"type-product","3":"status-publish","4":"has-post-thumbnail","6":"product_cat-noutati-2026","8":"first","9":"instock","10":"taxable","11":"shipping-taxable","12":"product-type-variable"},"_links":{"self":[{"href":"https:\/\/web2print.ro\/shop\/wp-json\/wp\/v2\/product\/640982","targetHints":{"allow":["GET"]}}],"collection":[{"href":"https:\/\/web2print.ro\/shop\/wp-json\/wp\/v2\/product"}],"about":[{"href":"https:\/\/web2print.ro\/shop\/wp-json\/wp\/v2\/types\/product"}],"replies":[{"embeddable":true,"href":"https:\/\/web2print.ro\/shop\/wp-json\/wp\/v2\/comments?post=640982"}],"wp:featuredmedia":[{"embeddable":true,"href":"https:\/\/web2print.ro\/shop\/wp-json\/wp\/v2\/media\/640984"}],"wp:attachment":[{"href":"https:\/\/web2print.ro\/shop\/wp-json\/wp\/v2\/media?parent=640982"}],"wp:term":[{"taxonomy":"product_brand","embeddable":true,"href":"https:\/\/web2print.ro\/shop\/wp-json\/wp\/v2\/product_brand?post=640982"},{"taxonomy":"product_cat","embeddable":true,"href":"https:\/\/web2print.ro\/shop\/wp-json\/wp\/v2\/product_cat?post=640982"},{"taxonomy":"product_tag","embeddable":true,"href":"https:\/\/web2print.ro\/shop\/wp-json\/wp\/v2\/product_tag?post=640982"}],"curies":[{"name":"wp","href":"https:\/\/api.w.org\/{rel}","templated":true}]}}