{"id":641335,"date":"2026-01-30T16:32:10","date_gmt":"2026-01-30T14:32:10","guid":{"rendered":"https:\/\/web2print.ro\/shop\/?post_type=product&#038;p=641335"},"modified":"2026-01-30T16:32:11","modified_gmt":"2026-01-30T14:32:11","slug":"servetel-desene-animate","status":"publish","type":"product","link":"https:\/\/web2print.ro\/shop\/servetel-desene-animate\/","title":{"rendered":"\u0218erve\u021bel desene animate"},"content":{"rendered":"<p>Lavet\u0103 moale din microfibr\u0103 (20 x 20 cm), pliat\u0103 \u0219i ambalat\u0103 \u00een form\u0103 de c\u0103\u0163el.<\/p>\n","protected":false},"excerpt":{"rendered":"<p>Lavet\u0103 moale din microfibr\u0103 (20 x 20 cm), pliat\u0103 \u0219i ambalat\u0103 \u00een form\u0103 de c\u0103\u0163el.<\/p>\n","protected":false},"featured_media":641337,"comment_status":"open","ping_status":"closed","template":"","meta":{"_joinchat":[]},"product_brand":[],"product_cat":[520,3273],"product_tag":[],"class_list":{"0":"post-641335","1":"product","2":"type-product","3":"status-publish","4":"has-post-thumbnail","6":"product_cat-accesorii-birou","7":"product_cat-noutati-2026","9":"first","10":"instock","11":"taxable","12":"shipping-taxable","13":"product-type-variable"},"_links":{"self":[{"href":"https:\/\/web2print.ro\/shop\/wp-json\/wp\/v2\/product\/641335","targetHints":{"allow":["GET"]}}],"collection":[{"href":"https:\/\/web2print.ro\/shop\/wp-json\/wp\/v2\/product"}],"about":[{"href":"https:\/\/web2print.ro\/shop\/wp-json\/wp\/v2\/types\/product"}],"replies":[{"embeddable":true,"href":"https:\/\/web2print.ro\/shop\/wp-json\/wp\/v2\/comments?post=641335"}],"wp:featuredmedia":[{"embeddable":true,"href":"https:\/\/web2print.ro\/shop\/wp-json\/wp\/v2\/media\/641337"}],"wp:attachment":[{"href":"https:\/\/web2print.ro\/shop\/wp-json\/wp\/v2\/media?parent=641335"}],"wp:term":[{"taxonomy":"product_brand","embeddable":true,"href":"https:\/\/web2print.ro\/shop\/wp-json\/wp\/v2\/product_brand?post=641335"},{"taxonomy":"product_cat","embeddable":true,"href":"https:\/\/web2print.ro\/shop\/wp-json\/wp\/v2\/product_cat?post=641335"},{"taxonomy":"product_tag","embeddable":true,"href":"https:\/\/web2print.ro\/shop\/wp-json\/wp\/v2\/product_tag?post=641335"}],"curies":[{"name":"wp","href":"https:\/\/api.w.org\/{rel}","templated":true}]}}