{"id":642406,"date":"2026-03-20T07:55:22","date_gmt":"2026-03-20T05:55:22","guid":{"rendered":"https:\/\/web2print.ro\/shop\/thc-bern-ii-polo-maneca-lunga-barbati\/"},"modified":"2026-03-20T07:55:25","modified_gmt":"2026-03-20T05:55:25","slug":"thc-bern-ii-polo-maneca-lunga-barbati","status":"publish","type":"product","link":"https:\/\/web2print.ro\/shop\/thc-bern-ii-polo-maneca-lunga-barbati\/","title":{"rendered":"THC BERN II. Polo m\u00e2nec\u0103 lung\u0103 b\u0103rba\u021bi"},"content":{"rendered":"<p>Polo pentru b\u0103rba\u021bi cu maneca lunga din 100% bumbac pique (210 g\/m\u00b2). Culoarea 183: 85% bumbac\/15% viscoz\u0103. Guler \u0219i man\u0219ete striate, fenta cu 3 nasturi. Slituri laterale la terminatie. Nasture suplimentar pe cus\u0103tura interioar\u0103. Etichet\u0103 vizibil\u0103 deta\u0219abil\u0103. Marimi: S, M, L, XL, XXL<\/p>\n","protected":false},"excerpt":{"rendered":"<p>Polo pentru b\u0103rba\u021bi cu maneca lunga din 100% bumbac pique (210 g\/m\u00b2). Culoarea 183: 85% bumbac\/15% viscoz\u0103. Guler \u0219i man\u0219ete striate, fenta cu 3 nasturi. Slituri laterale la terminatie. Nasture suplimentar pe cus\u0103tura interioar\u0103. Etichet\u0103 vizibil\u0103 deta\u0219abil\u0103<\/p>\n","protected":false},"featured_media":642405,"comment_status":"open","ping_status":"closed","template":"","meta":{"_joinchat":[]},"product_brand":[],"product_cat":[3201,3312],"product_tag":[],"class_list":{"0":"post-642406","1":"product","2":"type-product","3":"status-publish","4":"has-post-thumbnail","6":"product_cat-textile-2","7":"product_cat-tricou-cu-guler","8":"pa_culoare-eclipse-albastru","9":"pa_culoare-gri","10":"pa_marime-m","11":"pa_marime-s","12":"pa_marime-xl","13":"pa_marime-xxl","15":"first","16":"instock","17":"taxable","18":"shipping-taxable","19":"purchasable","20":"product-type-variable"},"_links":{"self":[{"href":"https:\/\/web2print.ro\/shop\/wp-json\/wp\/v2\/product\/642406","targetHints":{"allow":["GET"]}}],"collection":[{"href":"https:\/\/web2print.ro\/shop\/wp-json\/wp\/v2\/product"}],"about":[{"href":"https:\/\/web2print.ro\/shop\/wp-json\/wp\/v2\/types\/product"}],"replies":[{"embeddable":true,"href":"https:\/\/web2print.ro\/shop\/wp-json\/wp\/v2\/comments?post=642406"}],"wp:featuredmedia":[{"embeddable":true,"href":"https:\/\/web2print.ro\/shop\/wp-json\/wp\/v2\/media\/642405"}],"wp:attachment":[{"href":"https:\/\/web2print.ro\/shop\/wp-json\/wp\/v2\/media?parent=642406"}],"wp:term":[{"taxonomy":"product_brand","embeddable":true,"href":"https:\/\/web2print.ro\/shop\/wp-json\/wp\/v2\/product_brand?post=642406"},{"taxonomy":"product_cat","embeddable":true,"href":"https:\/\/web2print.ro\/shop\/wp-json\/wp\/v2\/product_cat?post=642406"},{"taxonomy":"product_tag","embeddable":true,"href":"https:\/\/web2print.ro\/shop\/wp-json\/wp\/v2\/product_tag?post=642406"}],"curies":[{"name":"wp","href":"https:\/\/api.w.org\/{rel}","templated":true}]}}