{"id":642421,"date":"2026-03-20T07:55:29","date_gmt":"2026-03-20T05:55:29","guid":{"rendered":"https:\/\/web2print.ro\/shop\/thc-bern-3xl-ii-polo-maneca-lunga-barbati\/"},"modified":"2026-04-14T15:56:04","modified_gmt":"2026-04-14T12:56:04","slug":"thc-bern-3xl-ii-polo-maneca-lunga-barbati","status":"publish","type":"product","link":"https:\/\/web2print.ro\/shop\/thc-bern-3xl-ii-polo-maneca-lunga-barbati\/","title":{"rendered":"THC BERN 3XL II. Polo m\u00e2nec\u0103 lung\u0103 b\u0103rba\u021bi"},"content":{"rendered":"<p>Polo cu maneca lunga pentru b\u0103rba\u021bi din 100% bumbac pique (210 g\/m\u00b2). Culoarea 183: 85% bumbac\/15% viscoz\u0103. Guler \u0219i man\u0219ete striate, fenta cu 3 nasturi. Slituri laterale la terminatie. Nasture suplimentar pe cus\u0103tura interioar\u0103. Marime: 3XL<\/p>\n","protected":false},"excerpt":{"rendered":"<p>Polo cu maneca lunga pentru b\u0103rba\u021bi din 100% bumbac pique (210 g\/m\u00b2). Culoarea 183: 85% bumbac\/15% viscoz\u0103. Guler \u0219i man\u0219ete striate, fenta cu 3 nasturi. Slituri laterale la terminatie. Nasture suplimentar pe cus\u0103tura interioar\u0103<\/p>\n","protected":false},"featured_media":642420,"comment_status":"open","ping_status":"closed","template":"","meta":{"_joinchat":[]},"product_brand":[],"product_cat":[3201,3312],"product_tag":[],"class_list":{"0":"post-642421","1":"product","2":"type-product","3":"status-publish","4":"has-post-thumbnail","6":"product_cat-textile-2","7":"product_cat-tricou-cu-guler","8":"pa_culoare-eclipse-albastru","9":"pa_culoare-gri-melange-deschis","10":"pa_culoare-negru","12":"first","13":"instock","14":"taxable","15":"shipping-taxable","16":"purchasable","17":"product-type-variable"},"_links":{"self":[{"href":"https:\/\/web2print.ro\/shop\/wp-json\/wp\/v2\/product\/642421","targetHints":{"allow":["GET"]}}],"collection":[{"href":"https:\/\/web2print.ro\/shop\/wp-json\/wp\/v2\/product"}],"about":[{"href":"https:\/\/web2print.ro\/shop\/wp-json\/wp\/v2\/types\/product"}],"replies":[{"embeddable":true,"href":"https:\/\/web2print.ro\/shop\/wp-json\/wp\/v2\/comments?post=642421"}],"wp:featuredmedia":[{"embeddable":true,"href":"https:\/\/web2print.ro\/shop\/wp-json\/wp\/v2\/media\/642420"}],"wp:attachment":[{"href":"https:\/\/web2print.ro\/shop\/wp-json\/wp\/v2\/media?parent=642421"}],"wp:term":[{"taxonomy":"product_brand","embeddable":true,"href":"https:\/\/web2print.ro\/shop\/wp-json\/wp\/v2\/product_brand?post=642421"},{"taxonomy":"product_cat","embeddable":true,"href":"https:\/\/web2print.ro\/shop\/wp-json\/wp\/v2\/product_cat?post=642421"},{"taxonomy":"product_tag","embeddable":true,"href":"https:\/\/web2print.ro\/shop\/wp-json\/wp\/v2\/product_tag?post=642421"}],"curies":[{"name":"wp","href":"https:\/\/api.w.org\/{rel}","templated":true}]}}