{"id":642529,"date":"2026-03-20T07:56:32","date_gmt":"2026-03-20T05:56:32","guid":{"rendered":"https:\/\/web2print.ro\/shop\/pouchy-husa-fabricata-din-hartie-100-reciclata\/"},"modified":"2026-04-30T21:56:18","modified_gmt":"2026-04-30T18:56:18","slug":"pouchy-husa-fabricata-din-hartie-100-reciclata","status":"publish","type":"product","link":"https:\/\/web2print.ro\/shop\/pouchy-husa-fabricata-din-hartie-100-reciclata\/","title":{"rendered":"POUCHY. Hus\u0103 fabricat\u0103 din h\u00e2rtie 100% reciclat\u0103"},"content":{"rendered":"<p>Hus\u0103 fabricat\u0103 din h\u00e2rtie 100% reciclat\u0103, ideal\u0103 pentru depozitarea obiectelor esen\u021biale de birou, cum ar fi creioane, rigle, radiere, ascu\u021bitoare \u0219i multe altele. 209 x 44 x 20 mm<\/p>\n","protected":false},"excerpt":{"rendered":"<p>Hus\u0103 fabricat\u0103 din h\u00e2rtie 100% reciclat\u0103, ideal\u0103 pentru depozitarea obiectelor esen\u021biale de birou, cum ar fi creioane, rigle, radiere, ascu\u021bitoare \u0219i multe altele<\/p>\n","protected":false},"featured_media":642527,"comment_status":"open","ping_status":"closed","template":"","meta":{"_joinchat":[]},"product_brand":[],"product_cat":[3212,3217],"product_tag":[],"class_list":{"0":"post-642529","1":"product","2":"type-product","3":"status-publish","4":"has-post-thumbnail","6":"product_cat-instrumente-de-scris","7":"product_cat-seturi-de-scris","9":"first","10":"instock","11":"taxable","12":"shipping-taxable","13":"purchasable","14":"product-type-simple"},"_links":{"self":[{"href":"https:\/\/web2print.ro\/shop\/wp-json\/wp\/v2\/product\/642529","targetHints":{"allow":["GET"]}}],"collection":[{"href":"https:\/\/web2print.ro\/shop\/wp-json\/wp\/v2\/product"}],"about":[{"href":"https:\/\/web2print.ro\/shop\/wp-json\/wp\/v2\/types\/product"}],"replies":[{"embeddable":true,"href":"https:\/\/web2print.ro\/shop\/wp-json\/wp\/v2\/comments?post=642529"}],"wp:featuredmedia":[{"embeddable":true,"href":"https:\/\/web2print.ro\/shop\/wp-json\/wp\/v2\/media\/642527"}],"wp:attachment":[{"href":"https:\/\/web2print.ro\/shop\/wp-json\/wp\/v2\/media?parent=642529"}],"wp:term":[{"taxonomy":"product_brand","embeddable":true,"href":"https:\/\/web2print.ro\/shop\/wp-json\/wp\/v2\/product_brand?post=642529"},{"taxonomy":"product_cat","embeddable":true,"href":"https:\/\/web2print.ro\/shop\/wp-json\/wp\/v2\/product_cat?post=642529"},{"taxonomy":"product_tag","embeddable":true,"href":"https:\/\/web2print.ro\/shop\/wp-json\/wp\/v2\/product_tag?post=642529"}],"curies":[{"name":"wp","href":"https:\/\/api.w.org\/{rel}","templated":true}]}}